{"id":8516,"date":"2021-12-11T10:13:29","date_gmt":"2021-12-11T09:13:29","guid":{"rendered":"http:\/\/audi-klaus.at.server171-han.server-routing.com\/shop\/?post_type=product&#038;p=8516"},"modified":"2026-01-07T20:59:20","modified_gmt":"2026-01-07T19:59:20","slug":"audi-a3-8v1-sportback-ruecklicht-magneti-marelli-rechts-aussen-neu-13176413-714081080801","status":"publish","type":"product","link":"https:\/\/audi-klaus.at\/shop\/produkt\/audi-a3-8v1-sportback-ruecklicht-magneti-marelli-rechts-aussen-neu-13176413-714081080801\/","title":{"rendered":"Audi A3\/8V1 Sportback R\u00fccklicht Magneti Marelli Rechts Au\u00dfen NEU 13176413\/714081080801 Vergleichsnr.: 8V4945096"},"content":{"rendered":"<h5 class=\"western\"><span style=\"color: #060606;\"><span style=\"font-family: Verdana, serif;\"><span style=\"font-size: small;\"><b>VAG Teilenummer<\/b><\/span><\/span><\/span><span style=\"color: #060606;\"><span style=\"font-family: Verdana, serif;\"><span style=\"font-size: small;\">: 8V4 945 096<\/span><\/span><\/span><\/h5>\n<h5 class=\"western\"><span style=\"color: #060606;\"><span style=\"font-family: Verdana, serif;\"><span style=\"font-size: small;\"><b>Zustand:<\/b><\/span><\/span><\/span><span style=\"color: #060606;\"><span style=\"font-family: Verdana, serif;\"><span style=\"font-size: small;\">\u00a0 <\/span><\/span><\/span><span style=\"color: #060606;\"><span style=\"font-family: Verdana, serif;\"><span style=\"font-size: small;\"><span lang=\"de-DE\">NEU<\/span><\/span><\/span><\/span><\/h5>\n<h5 class=\"western\"><span style=\"color: #060606;\"><span style=\"font-family: Verdana, serif;\"><span style=\"font-size: small;\"><b>Lieferumfang:<\/b><\/span><\/span><\/span><span style=\"color: #060606;\"><span style=\"font-family: Verdana, serif;\"><span style=\"font-size: small;\">\u00a0wie in den Original-Abbildungen angegeben<\/span><\/span><\/span><\/h5>\n<h5 class=\"western\"><span style=\"color: #060606;\"><span style=\"font-family: Verdana, serif;\"><span style=\"font-size: small;\"><b>Hinweis:<\/b><\/span><\/span><\/span><span style=\"color: #060606;\"><span style=\"font-family: Verdana, serif;\"><span style=\"font-size: small;\">\u00a0Bitte \u00fcberpr\u00fcfen Sie vor dem Kauf anhand der eindeutigen Teilenummern, ob der Artikel zum Fahrzeug passt, um R\u00fccksendungen zu vermeiden! Trotz Angabe der entsprechenden Fahrzeugdaten ist eine eindeutige Zuordnung nur \u00fcber die Teilenummer m\u00f6glich! Die abgelesene Teilenummer ist die Teilenummer des Teils, welches geliefert wird. Die Originalteilnummer ist diejenige, die bei Neubestellung f\u00fcr dieses Teil gilt und der m\u00f6glicherweise abweichenden, gelieferten Teilenummer entspricht. <\/span><\/span><\/span><\/h5>\n<h5 class=\"western\"><span style=\"color: #060606;\"><span style=\"font-family: Verdana, serif;\"><span style=\"font-size: small;\"><span lang=\"de-DE\">Neu<\/span><\/span><\/span><\/span><span style=\"color: #060606;\"><span style=\"font-family: Verdana, serif;\"><span style=\"font-size: small;\"> mit Gebrauchsspuren in Form von Verunreinigungen\/ kleinen Kratzern m\u00f6glich.<br \/>\nDie Ware wird ungereinigt geliefert.<\/span><\/span><\/span><\/h5>\n<h5 class=\"western\"><span style=\"color: #060606;\"><span style=\"font-family: Verdana, serif;\"><span style=\"font-size: small;\">Sollten weitere Fragen offen sein, kontaktieren Sie uns bitte unter\u00a0<\/span><\/span><\/span><span style=\"color: #0000ff;\"><u><span style=\"font-family: Verdana, serif;\"><span style=\"font-size: small;\">office@audi-klaus.at<\/span><\/span><\/u><\/span><\/h5>\n","protected":false},"excerpt":{"rendered":"<h5><strong><span style=\"font-size: 18pt;\">Marke: Audi\u00a0<\/span><\/strong><\/h5>\n<h5><strong><span style=\"font-size: 18pt;\">Modell: A3\/Sportback<\/span><\/strong><\/h5>\n<h5><strong><span style=\"font-size: 18pt;\">Typ:8V<\/span><\/strong><\/h5>\n","protected":false},"featured_media":7141,"template":"","meta":[],"product_brand":[],"product_cat":[32,369,455,483,2500],"product_tag":[4825,4826,31898],"class_list":{"0":"post-8516","1":"product","2":"type-product","3":"status-publish","4":"has-post-thumbnail","6":"product_cat-audi","7":"product_cat-a3","8":"product_cat-8v-2012-2020","9":"product_cat-beleuchtung-8v-2012-2020","10":"product_cat-aktion","11":"product_tag-4825","12":"product_tag-4826","13":"product_tag-8v4945096","15":"first","16":"instock","17":"sale","18":"taxable","19":"shipping-taxable","20":"purchasable","21":"product-type-simple"},"yoast_head":"<!-- This site is optimized with the Yoast SEO plugin v27.4 - https:\/\/yoast.com\/product\/yoast-seo-wordpress\/ -->\n<title>Audi A3\/8V1 Sportback R\u00fccklicht Magneti Marelli Rechts Au\u00dfen NEU 13176413\/714081080801 Vergleichsnr.: 8V4945096 - Audi-Klaus<\/title>\n<meta name=\"description\" content=\"Audi A3\/8V1 Sportback R\u00fccklicht Magneti Marelli Rechts Au\u00dfen NEU 13176413\/714081080801 Vergleichsnr.: 8V4945096 Audi A3\/8V1 Sportback R\u00fccklicht Magneti Marelli Rechts Au\u00dfen NEU 13176413\/714081080801 Vergleichsnr.: 8V4945096 Audi-Klaus\" \/>\n<meta name=\"robots\" content=\"index, follow, max-snippet:-1, max-image-preview:large, max-video-preview:-1\" \/>\n<link rel=\"canonical\" href=\"https:\/\/audi-klaus.at\/shop\/produkt\/audi-a3-8v1-sportback-ruecklicht-magneti-marelli-rechts-aussen-neu-13176413-714081080801\/\" \/>\n<meta property=\"og:locale\" content=\"de_DE\" \/>\n<meta property=\"og:type\" content=\"article\" \/>\n<meta property=\"og:title\" content=\"Audi A3\/8V1 Sportback R\u00fccklicht Magneti Marelli Rechts Au\u00dfen NEU 13176413\/714081080801 Vergleichsnr.: 8V4945096 - Audi-Klaus\" \/>\n<meta property=\"og:description\" content=\"Audi A3\/8V1 Sportback R\u00fccklicht Magneti Marelli Rechts Au\u00dfen NEU 13176413\/714081080801 Vergleichsnr.: 8V4945096 Audi A3\/8V1 Sportback R\u00fccklicht Magneti Marelli Rechts Au\u00dfen NEU 13176413\/714081080801 Vergleichsnr.: 8V4945096 Audi-Klaus\" \/>\n<meta property=\"og:url\" content=\"https:\/\/audi-klaus.at\/shop\/produkt\/audi-a3-8v1-sportback-ruecklicht-magneti-marelli-rechts-aussen-neu-13176413-714081080801\/\" \/>\n<meta property=\"og:site_name\" content=\"Audi-Klaus\" \/>\n<meta property=\"article:publisher\" content=\"https:\/\/www.facebook.com\/audi.klaus.1312\/\" \/>\n<meta property=\"article:modified_time\" content=\"2026-01-07T19:59:20+00:00\" \/>\n<meta property=\"og:image\" content=\"https:\/\/audi-klaus.at\/shop\/wp-content\/uploads\/2021\/11\/BL664-1.jpg\" \/>\n\t<meta property=\"og:image:width\" content=\"430\" \/>\n\t<meta property=\"og:image:height\" content=\"430\" \/>\n\t<meta property=\"og:image:type\" content=\"image\/jpeg\" \/>\n<meta name=\"twitter:card\" content=\"summary_large_image\" \/>\n<meta name=\"twitter:label1\" content=\"Gesch\u00e4tzte Lesezeit\" \/>\n\t<meta name=\"twitter:data1\" content=\"1 Minute\" \/>\n<script type=\"application\/ld+json\" class=\"yoast-schema-graph\">{\"@context\":\"https:\\\/\\\/schema.org\",\"@graph\":[{\"@type\":\"WebPage\",\"@id\":\"https:\\\/\\\/audi-klaus.at\\\/shop\\\/produkt\\\/audi-a3-8v1-sportback-ruecklicht-magneti-marelli-rechts-aussen-neu-13176413-714081080801\\\/\",\"url\":\"https:\\\/\\\/audi-klaus.at\\\/shop\\\/produkt\\\/audi-a3-8v1-sportback-ruecklicht-magneti-marelli-rechts-aussen-neu-13176413-714081080801\\\/\",\"name\":\"Audi A3\\\/8V1 Sportback R\u00fccklicht Magneti Marelli Rechts Au\u00dfen NEU 13176413\\\/714081080801 Vergleichsnr.: 8V4945096 - Audi-Klaus\",\"isPartOf\":{\"@id\":\"https:\\\/\\\/audi-klaus.at\\\/shop\\\/#website\"},\"primaryImageOfPage\":{\"@id\":\"https:\\\/\\\/audi-klaus.at\\\/shop\\\/produkt\\\/audi-a3-8v1-sportback-ruecklicht-magneti-marelli-rechts-aussen-neu-13176413-714081080801\\\/#primaryimage\"},\"image\":{\"@id\":\"https:\\\/\\\/audi-klaus.at\\\/shop\\\/produkt\\\/audi-a3-8v1-sportback-ruecklicht-magneti-marelli-rechts-aussen-neu-13176413-714081080801\\\/#primaryimage\"},\"thumbnailUrl\":\"https:\\\/\\\/audi-klaus.at\\\/shop\\\/wp-content\\\/uploads\\\/2021\\\/11\\\/BL664-1.jpg\",\"datePublished\":\"2021-12-11T09:13:29+00:00\",\"dateModified\":\"2026-01-07T19:59:20+00:00\",\"description\":\"Audi A3\\\/8V1 Sportback R\u00fccklicht Magneti Marelli Rechts Au\u00dfen NEU 13176413\\\/714081080801 Vergleichsnr.: 8V4945096 Audi A3\\\/8V1 Sportback R\u00fccklicht Magneti Marelli Rechts Au\u00dfen NEU 13176413\\\/714081080801 Vergleichsnr.: 8V4945096 Audi-Klaus\",\"breadcrumb\":{\"@id\":\"https:\\\/\\\/audi-klaus.at\\\/shop\\\/produkt\\\/audi-a3-8v1-sportback-ruecklicht-magneti-marelli-rechts-aussen-neu-13176413-714081080801\\\/#breadcrumb\"},\"inLanguage\":\"de-AT\",\"potentialAction\":[{\"@type\":\"ReadAction\",\"target\":[\"https:\\\/\\\/audi-klaus.at\\\/shop\\\/produkt\\\/audi-a3-8v1-sportback-ruecklicht-magneti-marelli-rechts-aussen-neu-13176413-714081080801\\\/\"]}]},{\"@type\":\"ImageObject\",\"inLanguage\":\"de-AT\",\"@id\":\"https:\\\/\\\/audi-klaus.at\\\/shop\\\/produkt\\\/audi-a3-8v1-sportback-ruecklicht-magneti-marelli-rechts-aussen-neu-13176413-714081080801\\\/#primaryimage\",\"url\":\"https:\\\/\\\/audi-klaus.at\\\/shop\\\/wp-content\\\/uploads\\\/2021\\\/11\\\/BL664-1.jpg\",\"contentUrl\":\"https:\\\/\\\/audi-klaus.at\\\/shop\\\/wp-content\\\/uploads\\\/2021\\\/11\\\/BL664-1.jpg\",\"width\":430,\"height\":430},{\"@type\":\"BreadcrumbList\",\"@id\":\"https:\\\/\\\/audi-klaus.at\\\/shop\\\/produkt\\\/audi-a3-8v1-sportback-ruecklicht-magneti-marelli-rechts-aussen-neu-13176413-714081080801\\\/#breadcrumb\",\"itemListElement\":[{\"@type\":\"ListItem\",\"position\":1,\"name\":\"Startseite\",\"item\":\"https:\\\/\\\/audi-klaus.at\\\/shop\\\/\"},{\"@type\":\"ListItem\",\"position\":2,\"name\":\"Shop\",\"item\":\"https:\\\/\\\/audi-klaus.at\\\/shop\\\/\"},{\"@type\":\"ListItem\",\"position\":3,\"name\":\"Audi A3\\\/8V1 Sportback R\u00fccklicht Magneti Marelli Rechts Au\u00dfen NEU 13176413\\\/714081080801 Vergleichsnr.: 8V4945096\"}]},{\"@type\":\"WebSite\",\"@id\":\"https:\\\/\\\/audi-klaus.at\\\/shop\\\/#website\",\"url\":\"https:\\\/\\\/audi-klaus.at\\\/shop\\\/\",\"name\":\"Audi-Klaus\",\"description\":\"Ihr Gebrauchtteile Spezialist f\u00fcr die Marken Audi, VW (VAG)\",\"publisher\":{\"@id\":\"https:\\\/\\\/audi-klaus.at\\\/shop\\\/#organization\"},\"potentialAction\":[{\"@type\":\"SearchAction\",\"target\":{\"@type\":\"EntryPoint\",\"urlTemplate\":\"https:\\\/\\\/audi-klaus.at\\\/shop\\\/?s={search_term_string}\"},\"query-input\":{\"@type\":\"PropertyValueSpecification\",\"valueRequired\":true,\"valueName\":\"search_term_string\"}}],\"inLanguage\":\"de-AT\"},{\"@type\":\"Organization\",\"@id\":\"https:\\\/\\\/audi-klaus.at\\\/shop\\\/#organization\",\"name\":\"Audi-Klaus\",\"url\":\"https:\\\/\\\/audi-klaus.at\\\/shop\\\/\",\"logo\":{\"@type\":\"ImageObject\",\"inLanguage\":\"de-AT\",\"@id\":\"https:\\\/\\\/audi-klaus.at\\\/shop\\\/#\\\/schema\\\/logo\\\/image\\\/\",\"url\":\"https:\\\/\\\/audi-klaus.at\\\/shop\\\/wp-content\\\/uploads\\\/2024\\\/10\\\/Logo-Shop.webp\",\"contentUrl\":\"https:\\\/\\\/audi-klaus.at\\\/shop\\\/wp-content\\\/uploads\\\/2024\\\/10\\\/Logo-Shop.webp\",\"width\":470,\"height\":164,\"caption\":\"Audi-Klaus\"},\"image\":{\"@id\":\"https:\\\/\\\/audi-klaus.at\\\/shop\\\/#\\\/schema\\\/logo\\\/image\\\/\"},\"sameAs\":[\"https:\\\/\\\/www.facebook.com\\\/audi.klaus.1312\\\/\",\"https:\\\/\\\/www.instagram.com\\\/audi_klaus\\\/?igshid=1eca3qu2mdayg\"]}]}<\/script>\n<!-- \/ Yoast SEO plugin. -->","yoast_head_json":{"title":"Audi A3\/8V1 Sportback R\u00fccklicht Magneti Marelli Rechts Au\u00dfen NEU 13176413\/714081080801 Vergleichsnr.: 8V4945096 - Audi-Klaus","description":"Audi A3\/8V1 Sportback R\u00fccklicht Magneti Marelli Rechts Au\u00dfen NEU 13176413\/714081080801 Vergleichsnr.: 8V4945096 Audi A3\/8V1 Sportback R\u00fccklicht Magneti Marelli Rechts Au\u00dfen NEU 13176413\/714081080801 Vergleichsnr.: 8V4945096 Audi-Klaus","robots":{"index":"index","follow":"follow","max-snippet":"max-snippet:-1","max-image-preview":"max-image-preview:large","max-video-preview":"max-video-preview:-1"},"canonical":"https:\/\/audi-klaus.at\/shop\/produkt\/audi-a3-8v1-sportback-ruecklicht-magneti-marelli-rechts-aussen-neu-13176413-714081080801\/","og_locale":"de_DE","og_type":"article","og_title":"Audi A3\/8V1 Sportback R\u00fccklicht Magneti Marelli Rechts Au\u00dfen NEU 13176413\/714081080801 Vergleichsnr.: 8V4945096 - Audi-Klaus","og_description":"Audi A3\/8V1 Sportback R\u00fccklicht Magneti Marelli Rechts Au\u00dfen NEU 13176413\/714081080801 Vergleichsnr.: 8V4945096 Audi A3\/8V1 Sportback R\u00fccklicht Magneti Marelli Rechts Au\u00dfen NEU 13176413\/714081080801 Vergleichsnr.: 8V4945096 Audi-Klaus","og_url":"https:\/\/audi-klaus.at\/shop\/produkt\/audi-a3-8v1-sportback-ruecklicht-magneti-marelli-rechts-aussen-neu-13176413-714081080801\/","og_site_name":"Audi-Klaus","article_publisher":"https:\/\/www.facebook.com\/audi.klaus.1312\/","article_modified_time":"2026-01-07T19:59:20+00:00","og_image":[{"width":430,"height":430,"url":"https:\/\/audi-klaus.at\/shop\/wp-content\/uploads\/2021\/11\/BL664-1.jpg","type":"image\/jpeg"}],"twitter_card":"summary_large_image","twitter_misc":{"Gesch\u00e4tzte Lesezeit":"1 Minute"},"schema":{"@context":"https:\/\/schema.org","@graph":[{"@type":"WebPage","@id":"https:\/\/audi-klaus.at\/shop\/produkt\/audi-a3-8v1-sportback-ruecklicht-magneti-marelli-rechts-aussen-neu-13176413-714081080801\/","url":"https:\/\/audi-klaus.at\/shop\/produkt\/audi-a3-8v1-sportback-ruecklicht-magneti-marelli-rechts-aussen-neu-13176413-714081080801\/","name":"Audi A3\/8V1 Sportback R\u00fccklicht Magneti Marelli Rechts Au\u00dfen NEU 13176413\/714081080801 Vergleichsnr.: 8V4945096 - Audi-Klaus","isPartOf":{"@id":"https:\/\/audi-klaus.at\/shop\/#website"},"primaryImageOfPage":{"@id":"https:\/\/audi-klaus.at\/shop\/produkt\/audi-a3-8v1-sportback-ruecklicht-magneti-marelli-rechts-aussen-neu-13176413-714081080801\/#primaryimage"},"image":{"@id":"https:\/\/audi-klaus.at\/shop\/produkt\/audi-a3-8v1-sportback-ruecklicht-magneti-marelli-rechts-aussen-neu-13176413-714081080801\/#primaryimage"},"thumbnailUrl":"https:\/\/audi-klaus.at\/shop\/wp-content\/uploads\/2021\/11\/BL664-1.jpg","datePublished":"2021-12-11T09:13:29+00:00","dateModified":"2026-01-07T19:59:20+00:00","description":"Audi A3\/8V1 Sportback R\u00fccklicht Magneti Marelli Rechts Au\u00dfen NEU 13176413\/714081080801 Vergleichsnr.: 8V4945096 Audi A3\/8V1 Sportback R\u00fccklicht Magneti Marelli Rechts Au\u00dfen NEU 13176413\/714081080801 Vergleichsnr.: 8V4945096 Audi-Klaus","breadcrumb":{"@id":"https:\/\/audi-klaus.at\/shop\/produkt\/audi-a3-8v1-sportback-ruecklicht-magneti-marelli-rechts-aussen-neu-13176413-714081080801\/#breadcrumb"},"inLanguage":"de-AT","potentialAction":[{"@type":"ReadAction","target":["https:\/\/audi-klaus.at\/shop\/produkt\/audi-a3-8v1-sportback-ruecklicht-magneti-marelli-rechts-aussen-neu-13176413-714081080801\/"]}]},{"@type":"ImageObject","inLanguage":"de-AT","@id":"https:\/\/audi-klaus.at\/shop\/produkt\/audi-a3-8v1-sportback-ruecklicht-magneti-marelli-rechts-aussen-neu-13176413-714081080801\/#primaryimage","url":"https:\/\/audi-klaus.at\/shop\/wp-content\/uploads\/2021\/11\/BL664-1.jpg","contentUrl":"https:\/\/audi-klaus.at\/shop\/wp-content\/uploads\/2021\/11\/BL664-1.jpg","width":430,"height":430},{"@type":"BreadcrumbList","@id":"https:\/\/audi-klaus.at\/shop\/produkt\/audi-a3-8v1-sportback-ruecklicht-magneti-marelli-rechts-aussen-neu-13176413-714081080801\/#breadcrumb","itemListElement":[{"@type":"ListItem","position":1,"name":"Startseite","item":"https:\/\/audi-klaus.at\/shop\/"},{"@type":"ListItem","position":2,"name":"Shop","item":"https:\/\/audi-klaus.at\/shop\/"},{"@type":"ListItem","position":3,"name":"Audi A3\/8V1 Sportback R\u00fccklicht Magneti Marelli Rechts Au\u00dfen NEU 13176413\/714081080801 Vergleichsnr.: 8V4945096"}]},{"@type":"WebSite","@id":"https:\/\/audi-klaus.at\/shop\/#website","url":"https:\/\/audi-klaus.at\/shop\/","name":"Audi-Klaus","description":"Ihr Gebrauchtteile Spezialist f\u00fcr die Marken Audi, VW (VAG)","publisher":{"@id":"https:\/\/audi-klaus.at\/shop\/#organization"},"potentialAction":[{"@type":"SearchAction","target":{"@type":"EntryPoint","urlTemplate":"https:\/\/audi-klaus.at\/shop\/?s={search_term_string}"},"query-input":{"@type":"PropertyValueSpecification","valueRequired":true,"valueName":"search_term_string"}}],"inLanguage":"de-AT"},{"@type":"Organization","@id":"https:\/\/audi-klaus.at\/shop\/#organization","name":"Audi-Klaus","url":"https:\/\/audi-klaus.at\/shop\/","logo":{"@type":"ImageObject","inLanguage":"de-AT","@id":"https:\/\/audi-klaus.at\/shop\/#\/schema\/logo\/image\/","url":"https:\/\/audi-klaus.at\/shop\/wp-content\/uploads\/2024\/10\/Logo-Shop.webp","contentUrl":"https:\/\/audi-klaus.at\/shop\/wp-content\/uploads\/2024\/10\/Logo-Shop.webp","width":470,"height":164,"caption":"Audi-Klaus"},"image":{"@id":"https:\/\/audi-klaus.at\/shop\/#\/schema\/logo\/image\/"},"sameAs":["https:\/\/www.facebook.com\/audi.klaus.1312\/","https:\/\/www.instagram.com\/audi_klaus\/?igshid=1eca3qu2mdayg"]}]}},"_links":{"self":[{"href":"https:\/\/audi-klaus.at\/shop\/wp-json\/wp\/v2\/product\/8516","targetHints":{"allow":["GET"]}}],"collection":[{"href":"https:\/\/audi-klaus.at\/shop\/wp-json\/wp\/v2\/product"}],"about":[{"href":"https:\/\/audi-klaus.at\/shop\/wp-json\/wp\/v2\/types\/product"}],"wp:featuredmedia":[{"embeddable":true,"href":"https:\/\/audi-klaus.at\/shop\/wp-json\/wp\/v2\/media\/7141"}],"wp:attachment":[{"href":"https:\/\/audi-klaus.at\/shop\/wp-json\/wp\/v2\/media?parent=8516"}],"wp:term":[{"taxonomy":"product_brand","embeddable":true,"href":"https:\/\/audi-klaus.at\/shop\/wp-json\/wp\/v2\/product_brand?post=8516"},{"taxonomy":"product_cat","embeddable":true,"href":"https:\/\/audi-klaus.at\/shop\/wp-json\/wp\/v2\/product_cat?post=8516"},{"taxonomy":"product_tag","embeddable":true,"href":"https:\/\/audi-klaus.at\/shop\/wp-json\/wp\/v2\/product_tag?post=8516"}],"curies":[{"name":"wp","href":"https:\/\/api.w.org\/{rel}","templated":true}]}}