{"id":83768,"date":"2024-12-09T13:55:36","date_gmt":"2024-12-09T12:55:36","guid":{"rendered":"https:\/\/audi-klaus.at\/shop\/?post_type=product&#038;p=83768"},"modified":"2026-01-07T22:55:13","modified_gmt":"2026-01-07T21:55:13","slug":"seat-cordoba-1-ibiza-2-vw-polo-3-classic-drosselklappenstutzen-neu-siemens-vdo-408-237-111-019z-vergleichsnr-037133064k","status":"publish","type":"product","link":"https:\/\/audi-klaus.at\/shop\/produkt\/seat-cordoba-1-ibiza-2-vw-polo-3-classic-drosselklappenstutzen-neu-siemens-vdo-408-237-111-019z-vergleichsnr-037133064k\/","title":{"rendered":"Seat Cordoba\/1\/Ibiza\/2\/Vw Polo\/3\/Classic Drosselklappenstutzen NEU Siemens VDO 408-237-111-019Z\/Vergleichsnr.: 037133064K"},"content":{"rendered":"<h5 class=\"western\"><span style=\"color: #060606;\"><span style=\"font-family: Verdana, serif;\"><span style=\"font-size: small;\"><b>VAG Teilenummer<\/b><\/span><\/span><\/span><span style=\"color: #060606;\"><span style=\"font-family: Verdana, serif;\"><span style=\"font-size: small;\">: VDO 408-237-111-019Z, Vergleichsnr.: 037 133 064K<\/span><\/span><\/span><\/h5>\n<h5 class=\"western\"><span style=\"color: #060606;\"><span style=\"font-family: Verdana, serif;\"><span style=\"font-size: small;\"><b>Zustand: <\/b><\/span><\/span><\/span><span style=\"color: #060606;\"><span style=\"font-family: Verdana, serif;\"><span style=\"font-size: small;\"><span lang=\"de-DE\">NEU<\/span><\/span><\/span><\/span><\/h5>\n<h5 class=\"western\"><span style=\"color: #060606;\"><span style=\"font-family: Verdana, serif;\"><span style=\"font-size: small;\"><b>Lieferumfang:<\/b><\/span><\/span><\/span><span style=\"color: #060606;\"><span style=\"font-family: Verdana, serif;\"><span style=\"font-size: small;\">\u00a0wie in den Original-Abbildungen angegeben<\/span><\/span><\/span><\/h5>\n<h5 class=\"western\"><span style=\"color: #060606;\"><span style=\"font-family: Verdana, serif;\"><span style=\"font-size: small;\"><b>Hinweis:<\/b><\/span><\/span><\/span><span style=\"color: #060606;\"><span style=\"font-family: Verdana, serif;\"><span style=\"font-size: small;\">\u00a0Bitte \u00fcberpr\u00fcfen Sie vor dem Kauf anhand der eindeutigen Teilenummern, ob der Artikel zum Fahrzeug passt, um R\u00fccksendungen zu vermeiden! Trotz Angabe der entsprechenden Fahrzeugdaten ist eine eindeutige Zuordnung nur \u00fcber die Teilenummer m\u00f6glich! Die abgelesene Teilenummer ist die Teilenummer des Teils, welches geliefert wird. Die Originalteilnummer ist diejenige, die bei Neubestellung f\u00fcr dieses Teil gilt und der m\u00f6glicherweise abweichenden, gelieferten Teilenummer entspricht. <\/span><\/span><\/span><\/h5>\n<h5 class=\"western\"><span style=\"color: #060606;\"><span style=\"font-family: Verdana, serif;\"><span style=\"font-size: small;\"><span lang=\"de-DE\">Neu<\/span><\/span><\/span><\/span><span style=\"color: #060606;\"><span style=\"font-family: Verdana, serif;\"><span style=\"font-size: small;\"> mit Gebrauchsspuren in Form von Verunreinigungen\/ kleinen Kratzern m\u00f6glich. Die Ware wird ungereinigt geliefert.<\/span><\/span><\/span><\/h5>\n<h5 class=\"western\"><span style=\"color: #060606;\"><span style=\"font-family: Verdana, serif;\"><span style=\"font-size: small;\">Sollten weitere Fragen offen sein, kontaktieren Sie uns bitte unter\u00a0<\/span><\/span><\/span><a href=\"mailto:office@audi-klaus.at\"><span style=\"color: #0000ff;\"><span style=\"font-family: Verdana, serif;\"><span style=\"font-size: small;\"><u>office@audi-klaus.at<\/u><\/span><\/span><\/span><\/a><\/h5>\n","protected":false},"excerpt":{"rendered":"<p class=\"western\"><strong><span style=\"color: #000000;\"><span style=\"font-family: Source Sans Pro, serif;\"><span style=\"font-size: x-large;\">Marke: Seat\/Vw<br \/>\nModell: Cordoba\/Ibiza\/Polo<br \/>\nTyp: 1\/2\/3 <\/span><\/span><\/span><\/strong><\/p>\n<p class=\"western\"><strong><span style=\"color: #000000;\"><span style=\"font-family: Source Sans Pro, serif;\"><span style=\"font-size: x-large;\">Motor: 1,6l<\/span><\/span><\/span><\/strong><\/p>\n","protected":false},"featured_media":83743,"template":"","meta":[],"product_brand":[],"product_cat":[2232,2241,2258,2338,1164,2500,1172,1218,1378,1521,2224,2225],"product_tag":[30287,30288,30289],"class_list":{"0":"post-83768","1":"product","2":"type-product","3":"status-publish","4":"has-post-thumbnail","6":"product_cat-2-6k-1993-1999","7":"product_cat-1-6k-1993-1999","8":"product_cat-motor-getriebe-2-6k-1993-1999","9":"product_cat-motor-getriebe-1-6k-1993-1999","10":"product_cat-vw","11":"product_cat-aktion","12":"product_cat-polo","13":"product_cat-3-6n-1994-1999","14":"product_cat-seat","15":"product_cat-motor-getriebe-3-6n-1994-1999","16":"product_cat-ibiza","17":"product_cat-cordoba","18":"product_tag-vdo-408-237-111-019z","19":"product_tag-037133064k","20":"product_tag-m2156","22":"first","23":"instock","24":"sale","25":"taxable","26":"shipping-taxable","27":"purchasable","28":"product-type-simple"},"yoast_head":"<!-- This site is optimized with the Yoast SEO plugin v27.4 - https:\/\/yoast.com\/product\/yoast-seo-wordpress\/ -->\n<title>Seat Cordoba\/1\/Ibiza\/2\/Vw Polo\/3\/Classic Drosselklappenstutzen NEU Siemens VDO 408-237-111-019Z\/Vergleichsnr.: 037133064K - Audi-Klaus<\/title>\n<meta name=\"description\" content=\"Audi-Klaus Seat Cordoba\/1\/Ibiza\/2\/Vw Polo\/3\/Classic Drosselklappenstutzen NEU Siemens VDO 408-237-111-019Z\/Vergleichsnr.: 037133064K Seat Cordoba\/1\/Ibiza\/2\/Vw Polo\/3\/Classic Drosselklappenstutzen NEU Siemens VDO 408-237-111-019Z\/Vergleichsnr.: 037133064K\" \/>\n<meta name=\"robots\" content=\"index, follow, max-snippet:-1, max-image-preview:large, max-video-preview:-1\" \/>\n<link rel=\"canonical\" href=\"https:\/\/audi-klaus.at\/shop\/produkt\/seat-cordoba-1-ibiza-2-vw-polo-3-classic-drosselklappenstutzen-neu-siemens-vdo-408-237-111-019z-vergleichsnr-037133064k\/\" \/>\n<meta property=\"og:locale\" content=\"de_DE\" \/>\n<meta property=\"og:type\" content=\"article\" \/>\n<meta property=\"og:title\" content=\"Seat Cordoba\/1\/Ibiza\/2\/Vw Polo\/3\/Classic Drosselklappenstutzen NEU Siemens VDO 408-237-111-019Z\/Vergleichsnr.: 037133064K - Audi-Klaus\" \/>\n<meta property=\"og:description\" content=\"Audi-Klaus Seat Cordoba\/1\/Ibiza\/2\/Vw Polo\/3\/Classic Drosselklappenstutzen NEU Siemens VDO 408-237-111-019Z\/Vergleichsnr.: 037133064K Seat Cordoba\/1\/Ibiza\/2\/Vw Polo\/3\/Classic Drosselklappenstutzen NEU Siemens VDO 408-237-111-019Z\/Vergleichsnr.: 037133064K\" \/>\n<meta property=\"og:url\" content=\"https:\/\/audi-klaus.at\/shop\/produkt\/seat-cordoba-1-ibiza-2-vw-polo-3-classic-drosselklappenstutzen-neu-siemens-vdo-408-237-111-019z-vergleichsnr-037133064k\/\" \/>\n<meta property=\"og:site_name\" content=\"Audi-Klaus\" \/>\n<meta property=\"article:publisher\" content=\"https:\/\/www.facebook.com\/audi.klaus.1312\/\" \/>\n<meta property=\"article:modified_time\" content=\"2026-01-07T21:55:13+00:00\" \/>\n<meta property=\"og:image\" content=\"https:\/\/audi-klaus.at\/shop\/wp-content\/uploads\/2024\/12\/M2156-1.jpeg\" \/>\n\t<meta property=\"og:image:width\" content=\"480\" \/>\n\t<meta property=\"og:image:height\" content=\"480\" \/>\n\t<meta property=\"og:image:type\" content=\"image\/jpeg\" \/>\n<meta name=\"twitter:card\" content=\"summary_large_image\" \/>\n<meta name=\"twitter:label1\" content=\"Gesch\u00e4tzte Lesezeit\" \/>\n\t<meta name=\"twitter:data1\" content=\"1 Minute\" \/>\n<script type=\"application\/ld+json\" class=\"yoast-schema-graph\">{\"@context\":\"https:\\\/\\\/schema.org\",\"@graph\":[{\"@type\":\"WebPage\",\"@id\":\"https:\\\/\\\/audi-klaus.at\\\/shop\\\/produkt\\\/seat-cordoba-1-ibiza-2-vw-polo-3-classic-drosselklappenstutzen-neu-siemens-vdo-408-237-111-019z-vergleichsnr-037133064k\\\/\",\"url\":\"https:\\\/\\\/audi-klaus.at\\\/shop\\\/produkt\\\/seat-cordoba-1-ibiza-2-vw-polo-3-classic-drosselklappenstutzen-neu-siemens-vdo-408-237-111-019z-vergleichsnr-037133064k\\\/\",\"name\":\"Seat Cordoba\\\/1\\\/Ibiza\\\/2\\\/Vw Polo\\\/3\\\/Classic Drosselklappenstutzen NEU Siemens VDO 408-237-111-019Z\\\/Vergleichsnr.: 037133064K - Audi-Klaus\",\"isPartOf\":{\"@id\":\"https:\\\/\\\/audi-klaus.at\\\/shop\\\/#website\"},\"primaryImageOfPage\":{\"@id\":\"https:\\\/\\\/audi-klaus.at\\\/shop\\\/produkt\\\/seat-cordoba-1-ibiza-2-vw-polo-3-classic-drosselklappenstutzen-neu-siemens-vdo-408-237-111-019z-vergleichsnr-037133064k\\\/#primaryimage\"},\"image\":{\"@id\":\"https:\\\/\\\/audi-klaus.at\\\/shop\\\/produkt\\\/seat-cordoba-1-ibiza-2-vw-polo-3-classic-drosselklappenstutzen-neu-siemens-vdo-408-237-111-019z-vergleichsnr-037133064k\\\/#primaryimage\"},\"thumbnailUrl\":\"https:\\\/\\\/audi-klaus.at\\\/shop\\\/wp-content\\\/uploads\\\/2024\\\/12\\\/M2156-1.jpeg\",\"datePublished\":\"2024-12-09T12:55:36+00:00\",\"dateModified\":\"2026-01-07T21:55:13+00:00\",\"description\":\"Audi-Klaus Seat Cordoba\\\/1\\\/Ibiza\\\/2\\\/Vw Polo\\\/3\\\/Classic Drosselklappenstutzen NEU Siemens VDO 408-237-111-019Z\\\/Vergleichsnr.: 037133064K Seat Cordoba\\\/1\\\/Ibiza\\\/2\\\/Vw Polo\\\/3\\\/Classic Drosselklappenstutzen NEU Siemens VDO 408-237-111-019Z\\\/Vergleichsnr.: 037133064K\",\"breadcrumb\":{\"@id\":\"https:\\\/\\\/audi-klaus.at\\\/shop\\\/produkt\\\/seat-cordoba-1-ibiza-2-vw-polo-3-classic-drosselklappenstutzen-neu-siemens-vdo-408-237-111-019z-vergleichsnr-037133064k\\\/#breadcrumb\"},\"inLanguage\":\"de-AT\",\"potentialAction\":[{\"@type\":\"ReadAction\",\"target\":[\"https:\\\/\\\/audi-klaus.at\\\/shop\\\/produkt\\\/seat-cordoba-1-ibiza-2-vw-polo-3-classic-drosselklappenstutzen-neu-siemens-vdo-408-237-111-019z-vergleichsnr-037133064k\\\/\"]}]},{\"@type\":\"ImageObject\",\"inLanguage\":\"de-AT\",\"@id\":\"https:\\\/\\\/audi-klaus.at\\\/shop\\\/produkt\\\/seat-cordoba-1-ibiza-2-vw-polo-3-classic-drosselklappenstutzen-neu-siemens-vdo-408-237-111-019z-vergleichsnr-037133064k\\\/#primaryimage\",\"url\":\"https:\\\/\\\/audi-klaus.at\\\/shop\\\/wp-content\\\/uploads\\\/2024\\\/12\\\/M2156-1.jpeg\",\"contentUrl\":\"https:\\\/\\\/audi-klaus.at\\\/shop\\\/wp-content\\\/uploads\\\/2024\\\/12\\\/M2156-1.jpeg\",\"width\":480,\"height\":480},{\"@type\":\"BreadcrumbList\",\"@id\":\"https:\\\/\\\/audi-klaus.at\\\/shop\\\/produkt\\\/seat-cordoba-1-ibiza-2-vw-polo-3-classic-drosselklappenstutzen-neu-siemens-vdo-408-237-111-019z-vergleichsnr-037133064k\\\/#breadcrumb\",\"itemListElement\":[{\"@type\":\"ListItem\",\"position\":1,\"name\":\"Startseite\",\"item\":\"https:\\\/\\\/audi-klaus.at\\\/shop\\\/\"},{\"@type\":\"ListItem\",\"position\":2,\"name\":\"Shop\",\"item\":\"https:\\\/\\\/audi-klaus.at\\\/shop\\\/\"},{\"@type\":\"ListItem\",\"position\":3,\"name\":\"Seat Cordoba\\\/1\\\/Ibiza\\\/2\\\/Vw Polo\\\/3\\\/Classic Drosselklappenstutzen NEU Siemens VDO 408-237-111-019Z\\\/Vergleichsnr.: 037133064K\"}]},{\"@type\":\"WebSite\",\"@id\":\"https:\\\/\\\/audi-klaus.at\\\/shop\\\/#website\",\"url\":\"https:\\\/\\\/audi-klaus.at\\\/shop\\\/\",\"name\":\"Audi-Klaus\",\"description\":\"Ihr Gebrauchtteile Spezialist f\u00fcr die Marken Audi, VW (VAG)\",\"publisher\":{\"@id\":\"https:\\\/\\\/audi-klaus.at\\\/shop\\\/#organization\"},\"potentialAction\":[{\"@type\":\"SearchAction\",\"target\":{\"@type\":\"EntryPoint\",\"urlTemplate\":\"https:\\\/\\\/audi-klaus.at\\\/shop\\\/?s={search_term_string}\"},\"query-input\":{\"@type\":\"PropertyValueSpecification\",\"valueRequired\":true,\"valueName\":\"search_term_string\"}}],\"inLanguage\":\"de-AT\"},{\"@type\":\"Organization\",\"@id\":\"https:\\\/\\\/audi-klaus.at\\\/shop\\\/#organization\",\"name\":\"Audi-Klaus\",\"url\":\"https:\\\/\\\/audi-klaus.at\\\/shop\\\/\",\"logo\":{\"@type\":\"ImageObject\",\"inLanguage\":\"de-AT\",\"@id\":\"https:\\\/\\\/audi-klaus.at\\\/shop\\\/#\\\/schema\\\/logo\\\/image\\\/\",\"url\":\"https:\\\/\\\/audi-klaus.at\\\/shop\\\/wp-content\\\/uploads\\\/2024\\\/10\\\/Logo-Shop.webp\",\"contentUrl\":\"https:\\\/\\\/audi-klaus.at\\\/shop\\\/wp-content\\\/uploads\\\/2024\\\/10\\\/Logo-Shop.webp\",\"width\":470,\"height\":164,\"caption\":\"Audi-Klaus\"},\"image\":{\"@id\":\"https:\\\/\\\/audi-klaus.at\\\/shop\\\/#\\\/schema\\\/logo\\\/image\\\/\"},\"sameAs\":[\"https:\\\/\\\/www.facebook.com\\\/audi.klaus.1312\\\/\",\"https:\\\/\\\/www.instagram.com\\\/audi_klaus\\\/?igshid=1eca3qu2mdayg\"]}]}<\/script>\n<!-- \/ Yoast SEO plugin. -->","yoast_head_json":{"title":"Seat Cordoba\/1\/Ibiza\/2\/Vw Polo\/3\/Classic Drosselklappenstutzen NEU Siemens VDO 408-237-111-019Z\/Vergleichsnr.: 037133064K - Audi-Klaus","description":"Audi-Klaus Seat Cordoba\/1\/Ibiza\/2\/Vw Polo\/3\/Classic Drosselklappenstutzen NEU Siemens VDO 408-237-111-019Z\/Vergleichsnr.: 037133064K Seat Cordoba\/1\/Ibiza\/2\/Vw Polo\/3\/Classic Drosselklappenstutzen NEU Siemens VDO 408-237-111-019Z\/Vergleichsnr.: 037133064K","robots":{"index":"index","follow":"follow","max-snippet":"max-snippet:-1","max-image-preview":"max-image-preview:large","max-video-preview":"max-video-preview:-1"},"canonical":"https:\/\/audi-klaus.at\/shop\/produkt\/seat-cordoba-1-ibiza-2-vw-polo-3-classic-drosselklappenstutzen-neu-siemens-vdo-408-237-111-019z-vergleichsnr-037133064k\/","og_locale":"de_DE","og_type":"article","og_title":"Seat Cordoba\/1\/Ibiza\/2\/Vw Polo\/3\/Classic Drosselklappenstutzen NEU Siemens VDO 408-237-111-019Z\/Vergleichsnr.: 037133064K - Audi-Klaus","og_description":"Audi-Klaus Seat Cordoba\/1\/Ibiza\/2\/Vw Polo\/3\/Classic Drosselklappenstutzen NEU Siemens VDO 408-237-111-019Z\/Vergleichsnr.: 037133064K Seat Cordoba\/1\/Ibiza\/2\/Vw Polo\/3\/Classic Drosselklappenstutzen NEU Siemens VDO 408-237-111-019Z\/Vergleichsnr.: 037133064K","og_url":"https:\/\/audi-klaus.at\/shop\/produkt\/seat-cordoba-1-ibiza-2-vw-polo-3-classic-drosselklappenstutzen-neu-siemens-vdo-408-237-111-019z-vergleichsnr-037133064k\/","og_site_name":"Audi-Klaus","article_publisher":"https:\/\/www.facebook.com\/audi.klaus.1312\/","article_modified_time":"2026-01-07T21:55:13+00:00","og_image":[{"width":480,"height":480,"url":"https:\/\/audi-klaus.at\/shop\/wp-content\/uploads\/2024\/12\/M2156-1.jpeg","type":"image\/jpeg"}],"twitter_card":"summary_large_image","twitter_misc":{"Gesch\u00e4tzte Lesezeit":"1 Minute"},"schema":{"@context":"https:\/\/schema.org","@graph":[{"@type":"WebPage","@id":"https:\/\/audi-klaus.at\/shop\/produkt\/seat-cordoba-1-ibiza-2-vw-polo-3-classic-drosselklappenstutzen-neu-siemens-vdo-408-237-111-019z-vergleichsnr-037133064k\/","url":"https:\/\/audi-klaus.at\/shop\/produkt\/seat-cordoba-1-ibiza-2-vw-polo-3-classic-drosselklappenstutzen-neu-siemens-vdo-408-237-111-019z-vergleichsnr-037133064k\/","name":"Seat Cordoba\/1\/Ibiza\/2\/Vw Polo\/3\/Classic Drosselklappenstutzen NEU Siemens VDO 408-237-111-019Z\/Vergleichsnr.: 037133064K - Audi-Klaus","isPartOf":{"@id":"https:\/\/audi-klaus.at\/shop\/#website"},"primaryImageOfPage":{"@id":"https:\/\/audi-klaus.at\/shop\/produkt\/seat-cordoba-1-ibiza-2-vw-polo-3-classic-drosselklappenstutzen-neu-siemens-vdo-408-237-111-019z-vergleichsnr-037133064k\/#primaryimage"},"image":{"@id":"https:\/\/audi-klaus.at\/shop\/produkt\/seat-cordoba-1-ibiza-2-vw-polo-3-classic-drosselklappenstutzen-neu-siemens-vdo-408-237-111-019z-vergleichsnr-037133064k\/#primaryimage"},"thumbnailUrl":"https:\/\/audi-klaus.at\/shop\/wp-content\/uploads\/2024\/12\/M2156-1.jpeg","datePublished":"2024-12-09T12:55:36+00:00","dateModified":"2026-01-07T21:55:13+00:00","description":"Audi-Klaus Seat Cordoba\/1\/Ibiza\/2\/Vw Polo\/3\/Classic Drosselklappenstutzen NEU Siemens VDO 408-237-111-019Z\/Vergleichsnr.: 037133064K Seat Cordoba\/1\/Ibiza\/2\/Vw Polo\/3\/Classic Drosselklappenstutzen NEU Siemens VDO 408-237-111-019Z\/Vergleichsnr.: 037133064K","breadcrumb":{"@id":"https:\/\/audi-klaus.at\/shop\/produkt\/seat-cordoba-1-ibiza-2-vw-polo-3-classic-drosselklappenstutzen-neu-siemens-vdo-408-237-111-019z-vergleichsnr-037133064k\/#breadcrumb"},"inLanguage":"de-AT","potentialAction":[{"@type":"ReadAction","target":["https:\/\/audi-klaus.at\/shop\/produkt\/seat-cordoba-1-ibiza-2-vw-polo-3-classic-drosselklappenstutzen-neu-siemens-vdo-408-237-111-019z-vergleichsnr-037133064k\/"]}]},{"@type":"ImageObject","inLanguage":"de-AT","@id":"https:\/\/audi-klaus.at\/shop\/produkt\/seat-cordoba-1-ibiza-2-vw-polo-3-classic-drosselklappenstutzen-neu-siemens-vdo-408-237-111-019z-vergleichsnr-037133064k\/#primaryimage","url":"https:\/\/audi-klaus.at\/shop\/wp-content\/uploads\/2024\/12\/M2156-1.jpeg","contentUrl":"https:\/\/audi-klaus.at\/shop\/wp-content\/uploads\/2024\/12\/M2156-1.jpeg","width":480,"height":480},{"@type":"BreadcrumbList","@id":"https:\/\/audi-klaus.at\/shop\/produkt\/seat-cordoba-1-ibiza-2-vw-polo-3-classic-drosselklappenstutzen-neu-siemens-vdo-408-237-111-019z-vergleichsnr-037133064k\/#breadcrumb","itemListElement":[{"@type":"ListItem","position":1,"name":"Startseite","item":"https:\/\/audi-klaus.at\/shop\/"},{"@type":"ListItem","position":2,"name":"Shop","item":"https:\/\/audi-klaus.at\/shop\/"},{"@type":"ListItem","position":3,"name":"Seat Cordoba\/1\/Ibiza\/2\/Vw Polo\/3\/Classic Drosselklappenstutzen NEU Siemens VDO 408-237-111-019Z\/Vergleichsnr.: 037133064K"}]},{"@type":"WebSite","@id":"https:\/\/audi-klaus.at\/shop\/#website","url":"https:\/\/audi-klaus.at\/shop\/","name":"Audi-Klaus","description":"Ihr Gebrauchtteile Spezialist f\u00fcr die Marken Audi, VW (VAG)","publisher":{"@id":"https:\/\/audi-klaus.at\/shop\/#organization"},"potentialAction":[{"@type":"SearchAction","target":{"@type":"EntryPoint","urlTemplate":"https:\/\/audi-klaus.at\/shop\/?s={search_term_string}"},"query-input":{"@type":"PropertyValueSpecification","valueRequired":true,"valueName":"search_term_string"}}],"inLanguage":"de-AT"},{"@type":"Organization","@id":"https:\/\/audi-klaus.at\/shop\/#organization","name":"Audi-Klaus","url":"https:\/\/audi-klaus.at\/shop\/","logo":{"@type":"ImageObject","inLanguage":"de-AT","@id":"https:\/\/audi-klaus.at\/shop\/#\/schema\/logo\/image\/","url":"https:\/\/audi-klaus.at\/shop\/wp-content\/uploads\/2024\/10\/Logo-Shop.webp","contentUrl":"https:\/\/audi-klaus.at\/shop\/wp-content\/uploads\/2024\/10\/Logo-Shop.webp","width":470,"height":164,"caption":"Audi-Klaus"},"image":{"@id":"https:\/\/audi-klaus.at\/shop\/#\/schema\/logo\/image\/"},"sameAs":["https:\/\/www.facebook.com\/audi.klaus.1312\/","https:\/\/www.instagram.com\/audi_klaus\/?igshid=1eca3qu2mdayg"]}]}},"_links":{"self":[{"href":"https:\/\/audi-klaus.at\/shop\/wp-json\/wp\/v2\/product\/83768","targetHints":{"allow":["GET"]}}],"collection":[{"href":"https:\/\/audi-klaus.at\/shop\/wp-json\/wp\/v2\/product"}],"about":[{"href":"https:\/\/audi-klaus.at\/shop\/wp-json\/wp\/v2\/types\/product"}],"wp:featuredmedia":[{"embeddable":true,"href":"https:\/\/audi-klaus.at\/shop\/wp-json\/wp\/v2\/media\/83743"}],"wp:attachment":[{"href":"https:\/\/audi-klaus.at\/shop\/wp-json\/wp\/v2\/media?parent=83768"}],"wp:term":[{"taxonomy":"product_brand","embeddable":true,"href":"https:\/\/audi-klaus.at\/shop\/wp-json\/wp\/v2\/product_brand?post=83768"},{"taxonomy":"product_cat","embeddable":true,"href":"https:\/\/audi-klaus.at\/shop\/wp-json\/wp\/v2\/product_cat?post=83768"},{"taxonomy":"product_tag","embeddable":true,"href":"https:\/\/audi-klaus.at\/shop\/wp-json\/wp\/v2\/product_tag?post=83768"}],"curies":[{"name":"wp","href":"https:\/\/api.w.org\/{rel}","templated":true}]}}