{"id":83729,"date":"2024-12-09T11:59:32","date_gmt":"2024-12-09T10:59:32","guid":{"rendered":"https:\/\/audi-klaus.at\/shop\/?post_type=product&#038;p=83729"},"modified":"2026-01-07T22:55:11","modified_gmt":"2026-01-07T21:55:11","slug":"audi-a6-a7-c7-kraftstoff-foerdereinheit-neu-continental-vdo-2910000196100-vergleichsnr-4g0919051c-4g0919051k","status":"publish","type":"product","link":"https:\/\/audi-klaus.at\/shop\/produkt\/audi-a6-a7-c7-kraftstoff-foerdereinheit-neu-continental-vdo-2910000196100-vergleichsnr-4g0919051c-4g0919051k\/","title":{"rendered":"Audi A6\/A7\/C7 Kraftstoff-F\u00f6rdereinheit NEU Continental VDO 2910000196100\/Vergleichsnr.: 4G0919051C\/4G0919051K"},"content":{"rendered":"<h5 class=\"western\"><span style=\"color: #060606;\"><span style=\"font-family: Verdana, serif;\"><span style=\"font-size: small;\"><b>VAG Teilenummer<\/b><\/span><\/span><\/span><span style=\"color: #060606;\"><span style=\"font-family: Verdana, serif;\"><span style=\"font-size: small;\">: VDO 291 000 019 6100, Vergleichsnr.:4G0 919 051C, 4G0 919 051K<\/span><\/span><\/span><\/h5>\n<h5 class=\"western\"><span style=\"color: #060606;\"><span style=\"font-family: Verdana, serif;\"><span style=\"font-size: small;\"><b>Zustand: <\/b><\/span><\/span><\/span><span style=\"color: #060606;\"><span style=\"font-family: Verdana, serif;\"><span style=\"font-size: small;\"><span lang=\"de-DE\">NEU<\/span><\/span><\/span><\/span><\/h5>\n<h5 class=\"western\"><span style=\"color: #060606;\"><span style=\"font-family: Verdana, serif;\"><span style=\"font-size: small;\"><b>Lieferumfang:<\/b><\/span><\/span><\/span><span style=\"color: #060606;\"><span style=\"font-family: Verdana, serif;\"><span style=\"font-size: small;\">\u00a0wie in den Original-Abbildungen angegeben<\/span><\/span><\/span><\/h5>\n<h5 class=\"western\"><span style=\"color: #060606;\"><span style=\"font-family: Verdana, serif;\"><span style=\"font-size: small;\"><b>Hinweis:<\/b><\/span><\/span><\/span><span style=\"color: #060606;\"><span style=\"font-family: Verdana, serif;\"><span style=\"font-size: small;\">\u00a0Bitte \u00fcberpr\u00fcfen Sie vor dem Kauf anhand der eindeutigen Teilenummern, ob der Artikel zum Fahrzeug passt, um R\u00fccksendungen zu vermeiden! Trotz Angabe der entsprechenden Fahrzeugdaten ist eine eindeutige Zuordnung nur \u00fcber die Teilenummer m\u00f6glich! Die abgelesene Teilenummer ist die Teilenummer des Teils, welches geliefert wird. Die Originalteilnummer ist diejenige, die bei Neubestellung f\u00fcr dieses Teil gilt und der m\u00f6glicherweise abweichenden, gelieferten Teilenummer entspricht. <\/span><\/span><\/span><\/h5>\n<h5 class=\"western\"><span style=\"color: #060606;\"><span style=\"font-family: Verdana, serif;\"><span style=\"font-size: small;\"><span lang=\"de-DE\">Neu<\/span><\/span><\/span><\/span><span style=\"color: #060606;\"><span style=\"font-family: Verdana, serif;\"><span style=\"font-size: small;\"> mit Gebrauchsspuren in Form von Verunreinigungen\/ kleinen Kratzern m\u00f6glich. Die Ware wird ungereinigt geliefert.<\/span><\/span><\/span><\/h5>\n<h5 class=\"western\"><span style=\"color: #060606;\"><span style=\"font-family: Verdana, serif;\"><span style=\"font-size: small;\">Sollten weitere Fragen offen sein, kontaktieren Sie uns bitte unter\u00a0<\/span><\/span><\/span><a href=\"mailto:office@audi-klaus.at\"><span style=\"color: #0000ff;\"><span style=\"font-family: Verdana, serif;\"><span style=\"font-size: small;\"><u>office@audi-klaus.at<\/u><\/span><\/span><\/span><\/a><\/h5>\n","protected":false},"excerpt":{"rendered":"<h5 class=\"western\"><strong><span style=\"color: #000000;\"><span style=\"font-family: Source Sans Pro, serif;\"><span style=\"font-size: x-large;\">Marke: Audi<br \/>\nModell: A6\/A7<br \/>\nTyp: C7<\/span><\/span><\/span><\/strong><\/h5>\n","protected":false},"featured_media":83735,"template":"","meta":[],"product_brand":[],"product_cat":[327,328,329,32,372,320,373,321,589,322,625,323,947,324,968,325,326],"product_tag":[30240,30241,30238,30239],"class_list":{"0":"post-83729","1":"product","2":"type-product","3":"status-publish","4":"has-post-thumbnail","6":"product_cat-klima-c2-1976-1982","7":"product_cat-kraftstoff-c2-1976-1982","8":"product_cat-vorder-hinterachse-c2-1976-1982","9":"product_cat-audi","10":"product_cat-a6","11":"product_cat-beleuchtung-c1-1969-1976","12":"product_cat-a7","13":"product_cat-elektrik-c1-1969-1976","14":"product_cat-c7-4g-2011-2018","15":"product_cat-karosserie-c1-1969-1976","16":"product_cat-kraftstoff-c7-2011-2018","17":"product_cat-zubehoer-c1-1969-1976","18":"product_cat-c7-4g-2010-2018","19":"product_cat-innenraum-c2-1976-1982","20":"product_cat-kraftstoff-c7-2010-2018","21":"product_cat-motor-getriebe-c2-1976-1982","22":"product_cat-abgas-c2-1976-1982","23":"product_tag-4g0919051k","24":"product_tag-t206","25":"product_tag-30238","26":"product_tag-4g0919051c","28":"first","29":"instock","30":"taxable","31":"shipping-taxable","32":"purchasable","33":"product-type-simple"},"yoast_head":"<!-- This site is optimized with the Yoast SEO plugin v27.5 - https:\/\/yoast.com\/product\/yoast-seo-wordpress\/ -->\n<title>Audi A6\/A7\/C7 Kraftstoff-F\u00f6rdereinheit NEU Continental VDO 2910000196100\/Vergleichsnr.: 4G0919051C\/4G0919051K - Audi-Klaus<\/title>\n<meta name=\"description\" content=\"Audi-Klaus Audi A6\/A7\/C7 Kraftstoff-F\u00f6rdereinheit NEU Continental VDO 2910000196100\/Vergleichsnr.: 4G0919051C\/4G0919051K Audi A6\/A7\/C7 Kraftstoff-F\u00f6rdereinheit NEU Continental VDO 2910000196100\/Vergleichsnr.: 4G0919051C\/4G0919051K\" \/>\n<meta name=\"robots\" content=\"index, follow, max-snippet:-1, max-image-preview:large, max-video-preview:-1\" \/>\n<link rel=\"canonical\" href=\"https:\/\/audi-klaus.at\/shop\/produkt\/audi-a6-a7-c7-kraftstoff-foerdereinheit-neu-continental-vdo-2910000196100-vergleichsnr-4g0919051c-4g0919051k\/\" \/>\n<meta property=\"og:locale\" content=\"de_DE\" \/>\n<meta property=\"og:type\" content=\"article\" \/>\n<meta property=\"og:title\" content=\"Audi A6\/A7\/C7 Kraftstoff-F\u00f6rdereinheit NEU Continental VDO 2910000196100\/Vergleichsnr.: 4G0919051C\/4G0919051K - Audi-Klaus\" \/>\n<meta property=\"og:description\" content=\"Audi-Klaus Audi A6\/A7\/C7 Kraftstoff-F\u00f6rdereinheit NEU Continental VDO 2910000196100\/Vergleichsnr.: 4G0919051C\/4G0919051K Audi A6\/A7\/C7 Kraftstoff-F\u00f6rdereinheit NEU Continental VDO 2910000196100\/Vergleichsnr.: 4G0919051C\/4G0919051K\" \/>\n<meta property=\"og:url\" content=\"https:\/\/audi-klaus.at\/shop\/produkt\/audi-a6-a7-c7-kraftstoff-foerdereinheit-neu-continental-vdo-2910000196100-vergleichsnr-4g0919051c-4g0919051k\/\" \/>\n<meta property=\"og:site_name\" content=\"Audi-Klaus\" \/>\n<meta property=\"article:publisher\" content=\"https:\/\/www.facebook.com\/audi.klaus.1312\/\" \/>\n<meta property=\"article:modified_time\" content=\"2026-01-07T21:55:11+00:00\" \/>\n<meta property=\"og:image\" content=\"https:\/\/audi-klaus.at\/shop\/wp-content\/uploads\/2024\/12\/T206-1.jpeg\" \/>\n\t<meta property=\"og:image:width\" content=\"480\" \/>\n\t<meta property=\"og:image:height\" content=\"480\" \/>\n\t<meta property=\"og:image:type\" content=\"image\/jpeg\" \/>\n<meta name=\"twitter:card\" content=\"summary_large_image\" \/>\n<meta name=\"twitter:label1\" content=\"Gesch\u00e4tzte Lesezeit\" \/>\n\t<meta name=\"twitter:data1\" content=\"1 Minute\" \/>\n<script type=\"application\/ld+json\" class=\"yoast-schema-graph\">{\"@context\":\"https:\\\/\\\/schema.org\",\"@graph\":[{\"@type\":\"WebPage\",\"@id\":\"https:\\\/\\\/audi-klaus.at\\\/shop\\\/produkt\\\/audi-a6-a7-c7-kraftstoff-foerdereinheit-neu-continental-vdo-2910000196100-vergleichsnr-4g0919051c-4g0919051k\\\/\",\"url\":\"https:\\\/\\\/audi-klaus.at\\\/shop\\\/produkt\\\/audi-a6-a7-c7-kraftstoff-foerdereinheit-neu-continental-vdo-2910000196100-vergleichsnr-4g0919051c-4g0919051k\\\/\",\"name\":\"Audi A6\\\/A7\\\/C7 Kraftstoff-F\u00f6rdereinheit NEU Continental VDO 2910000196100\\\/Vergleichsnr.: 4G0919051C\\\/4G0919051K - Audi-Klaus\",\"isPartOf\":{\"@id\":\"https:\\\/\\\/audi-klaus.at\\\/shop\\\/#website\"},\"primaryImageOfPage\":{\"@id\":\"https:\\\/\\\/audi-klaus.at\\\/shop\\\/produkt\\\/audi-a6-a7-c7-kraftstoff-foerdereinheit-neu-continental-vdo-2910000196100-vergleichsnr-4g0919051c-4g0919051k\\\/#primaryimage\"},\"image\":{\"@id\":\"https:\\\/\\\/audi-klaus.at\\\/shop\\\/produkt\\\/audi-a6-a7-c7-kraftstoff-foerdereinheit-neu-continental-vdo-2910000196100-vergleichsnr-4g0919051c-4g0919051k\\\/#primaryimage\"},\"thumbnailUrl\":\"https:\\\/\\\/audi-klaus.at\\\/shop\\\/wp-content\\\/uploads\\\/2024\\\/12\\\/T206-1.jpeg\",\"datePublished\":\"2024-12-09T10:59:32+00:00\",\"dateModified\":\"2026-01-07T21:55:11+00:00\",\"description\":\"Audi-Klaus Audi A6\\\/A7\\\/C7 Kraftstoff-F\u00f6rdereinheit NEU Continental VDO 2910000196100\\\/Vergleichsnr.: 4G0919051C\\\/4G0919051K Audi A6\\\/A7\\\/C7 Kraftstoff-F\u00f6rdereinheit NEU Continental VDO 2910000196100\\\/Vergleichsnr.: 4G0919051C\\\/4G0919051K\",\"breadcrumb\":{\"@id\":\"https:\\\/\\\/audi-klaus.at\\\/shop\\\/produkt\\\/audi-a6-a7-c7-kraftstoff-foerdereinheit-neu-continental-vdo-2910000196100-vergleichsnr-4g0919051c-4g0919051k\\\/#breadcrumb\"},\"inLanguage\":\"de-AT\",\"potentialAction\":[{\"@type\":\"ReadAction\",\"target\":[\"https:\\\/\\\/audi-klaus.at\\\/shop\\\/produkt\\\/audi-a6-a7-c7-kraftstoff-foerdereinheit-neu-continental-vdo-2910000196100-vergleichsnr-4g0919051c-4g0919051k\\\/\"]}]},{\"@type\":\"ImageObject\",\"inLanguage\":\"de-AT\",\"@id\":\"https:\\\/\\\/audi-klaus.at\\\/shop\\\/produkt\\\/audi-a6-a7-c7-kraftstoff-foerdereinheit-neu-continental-vdo-2910000196100-vergleichsnr-4g0919051c-4g0919051k\\\/#primaryimage\",\"url\":\"https:\\\/\\\/audi-klaus.at\\\/shop\\\/wp-content\\\/uploads\\\/2024\\\/12\\\/T206-1.jpeg\",\"contentUrl\":\"https:\\\/\\\/audi-klaus.at\\\/shop\\\/wp-content\\\/uploads\\\/2024\\\/12\\\/T206-1.jpeg\",\"width\":480,\"height\":480},{\"@type\":\"BreadcrumbList\",\"@id\":\"https:\\\/\\\/audi-klaus.at\\\/shop\\\/produkt\\\/audi-a6-a7-c7-kraftstoff-foerdereinheit-neu-continental-vdo-2910000196100-vergleichsnr-4g0919051c-4g0919051k\\\/#breadcrumb\",\"itemListElement\":[{\"@type\":\"ListItem\",\"position\":1,\"name\":\"Startseite\",\"item\":\"https:\\\/\\\/audi-klaus.at\\\/shop\\\/\"},{\"@type\":\"ListItem\",\"position\":2,\"name\":\"Shop\",\"item\":\"https:\\\/\\\/audi-klaus.at\\\/shop\\\/\"},{\"@type\":\"ListItem\",\"position\":3,\"name\":\"Audi A6\\\/A7\\\/C7 Kraftstoff-F\u00f6rdereinheit NEU Continental VDO 2910000196100\\\/Vergleichsnr.: 4G0919051C\\\/4G0919051K\"}]},{\"@type\":\"WebSite\",\"@id\":\"https:\\\/\\\/audi-klaus.at\\\/shop\\\/#website\",\"url\":\"https:\\\/\\\/audi-klaus.at\\\/shop\\\/\",\"name\":\"Audi-Klaus\",\"description\":\"Ihr Gebrauchtteile Spezialist f\u00fcr die Marken Audi, VW (VAG)\",\"publisher\":{\"@id\":\"https:\\\/\\\/audi-klaus.at\\\/shop\\\/#organization\"},\"potentialAction\":[{\"@type\":\"SearchAction\",\"target\":{\"@type\":\"EntryPoint\",\"urlTemplate\":\"https:\\\/\\\/audi-klaus.at\\\/shop\\\/?s={search_term_string}\"},\"query-input\":{\"@type\":\"PropertyValueSpecification\",\"valueRequired\":true,\"valueName\":\"search_term_string\"}}],\"inLanguage\":\"de-AT\"},{\"@type\":\"Organization\",\"@id\":\"https:\\\/\\\/audi-klaus.at\\\/shop\\\/#organization\",\"name\":\"Audi-Klaus\",\"url\":\"https:\\\/\\\/audi-klaus.at\\\/shop\\\/\",\"logo\":{\"@type\":\"ImageObject\",\"inLanguage\":\"de-AT\",\"@id\":\"https:\\\/\\\/audi-klaus.at\\\/shop\\\/#\\\/schema\\\/logo\\\/image\\\/\",\"url\":\"https:\\\/\\\/audi-klaus.at\\\/shop\\\/wp-content\\\/uploads\\\/2024\\\/10\\\/Logo-Shop.webp\",\"contentUrl\":\"https:\\\/\\\/audi-klaus.at\\\/shop\\\/wp-content\\\/uploads\\\/2024\\\/10\\\/Logo-Shop.webp\",\"width\":470,\"height\":164,\"caption\":\"Audi-Klaus\"},\"image\":{\"@id\":\"https:\\\/\\\/audi-klaus.at\\\/shop\\\/#\\\/schema\\\/logo\\\/image\\\/\"},\"sameAs\":[\"https:\\\/\\\/www.facebook.com\\\/audi.klaus.1312\\\/\",\"https:\\\/\\\/www.instagram.com\\\/audi_klaus\\\/?igshid=1eca3qu2mdayg\"]}]}<\/script>\n<!-- \/ Yoast SEO plugin. -->","yoast_head_json":{"title":"Audi A6\/A7\/C7 Kraftstoff-F\u00f6rdereinheit NEU Continental VDO 2910000196100\/Vergleichsnr.: 4G0919051C\/4G0919051K - Audi-Klaus","description":"Audi-Klaus Audi A6\/A7\/C7 Kraftstoff-F\u00f6rdereinheit NEU Continental VDO 2910000196100\/Vergleichsnr.: 4G0919051C\/4G0919051K Audi A6\/A7\/C7 Kraftstoff-F\u00f6rdereinheit NEU Continental VDO 2910000196100\/Vergleichsnr.: 4G0919051C\/4G0919051K","robots":{"index":"index","follow":"follow","max-snippet":"max-snippet:-1","max-image-preview":"max-image-preview:large","max-video-preview":"max-video-preview:-1"},"canonical":"https:\/\/audi-klaus.at\/shop\/produkt\/audi-a6-a7-c7-kraftstoff-foerdereinheit-neu-continental-vdo-2910000196100-vergleichsnr-4g0919051c-4g0919051k\/","og_locale":"de_DE","og_type":"article","og_title":"Audi A6\/A7\/C7 Kraftstoff-F\u00f6rdereinheit NEU Continental VDO 2910000196100\/Vergleichsnr.: 4G0919051C\/4G0919051K - Audi-Klaus","og_description":"Audi-Klaus Audi A6\/A7\/C7 Kraftstoff-F\u00f6rdereinheit NEU Continental VDO 2910000196100\/Vergleichsnr.: 4G0919051C\/4G0919051K Audi A6\/A7\/C7 Kraftstoff-F\u00f6rdereinheit NEU Continental VDO 2910000196100\/Vergleichsnr.: 4G0919051C\/4G0919051K","og_url":"https:\/\/audi-klaus.at\/shop\/produkt\/audi-a6-a7-c7-kraftstoff-foerdereinheit-neu-continental-vdo-2910000196100-vergleichsnr-4g0919051c-4g0919051k\/","og_site_name":"Audi-Klaus","article_publisher":"https:\/\/www.facebook.com\/audi.klaus.1312\/","article_modified_time":"2026-01-07T21:55:11+00:00","og_image":[{"width":480,"height":480,"url":"https:\/\/audi-klaus.at\/shop\/wp-content\/uploads\/2024\/12\/T206-1.jpeg","type":"image\/jpeg"}],"twitter_card":"summary_large_image","twitter_misc":{"Gesch\u00e4tzte Lesezeit":"1 Minute"},"schema":{"@context":"https:\/\/schema.org","@graph":[{"@type":"WebPage","@id":"https:\/\/audi-klaus.at\/shop\/produkt\/audi-a6-a7-c7-kraftstoff-foerdereinheit-neu-continental-vdo-2910000196100-vergleichsnr-4g0919051c-4g0919051k\/","url":"https:\/\/audi-klaus.at\/shop\/produkt\/audi-a6-a7-c7-kraftstoff-foerdereinheit-neu-continental-vdo-2910000196100-vergleichsnr-4g0919051c-4g0919051k\/","name":"Audi A6\/A7\/C7 Kraftstoff-F\u00f6rdereinheit NEU Continental VDO 2910000196100\/Vergleichsnr.: 4G0919051C\/4G0919051K - Audi-Klaus","isPartOf":{"@id":"https:\/\/audi-klaus.at\/shop\/#website"},"primaryImageOfPage":{"@id":"https:\/\/audi-klaus.at\/shop\/produkt\/audi-a6-a7-c7-kraftstoff-foerdereinheit-neu-continental-vdo-2910000196100-vergleichsnr-4g0919051c-4g0919051k\/#primaryimage"},"image":{"@id":"https:\/\/audi-klaus.at\/shop\/produkt\/audi-a6-a7-c7-kraftstoff-foerdereinheit-neu-continental-vdo-2910000196100-vergleichsnr-4g0919051c-4g0919051k\/#primaryimage"},"thumbnailUrl":"https:\/\/audi-klaus.at\/shop\/wp-content\/uploads\/2024\/12\/T206-1.jpeg","datePublished":"2024-12-09T10:59:32+00:00","dateModified":"2026-01-07T21:55:11+00:00","description":"Audi-Klaus Audi A6\/A7\/C7 Kraftstoff-F\u00f6rdereinheit NEU Continental VDO 2910000196100\/Vergleichsnr.: 4G0919051C\/4G0919051K Audi A6\/A7\/C7 Kraftstoff-F\u00f6rdereinheit NEU Continental VDO 2910000196100\/Vergleichsnr.: 4G0919051C\/4G0919051K","breadcrumb":{"@id":"https:\/\/audi-klaus.at\/shop\/produkt\/audi-a6-a7-c7-kraftstoff-foerdereinheit-neu-continental-vdo-2910000196100-vergleichsnr-4g0919051c-4g0919051k\/#breadcrumb"},"inLanguage":"de-AT","potentialAction":[{"@type":"ReadAction","target":["https:\/\/audi-klaus.at\/shop\/produkt\/audi-a6-a7-c7-kraftstoff-foerdereinheit-neu-continental-vdo-2910000196100-vergleichsnr-4g0919051c-4g0919051k\/"]}]},{"@type":"ImageObject","inLanguage":"de-AT","@id":"https:\/\/audi-klaus.at\/shop\/produkt\/audi-a6-a7-c7-kraftstoff-foerdereinheit-neu-continental-vdo-2910000196100-vergleichsnr-4g0919051c-4g0919051k\/#primaryimage","url":"https:\/\/audi-klaus.at\/shop\/wp-content\/uploads\/2024\/12\/T206-1.jpeg","contentUrl":"https:\/\/audi-klaus.at\/shop\/wp-content\/uploads\/2024\/12\/T206-1.jpeg","width":480,"height":480},{"@type":"BreadcrumbList","@id":"https:\/\/audi-klaus.at\/shop\/produkt\/audi-a6-a7-c7-kraftstoff-foerdereinheit-neu-continental-vdo-2910000196100-vergleichsnr-4g0919051c-4g0919051k\/#breadcrumb","itemListElement":[{"@type":"ListItem","position":1,"name":"Startseite","item":"https:\/\/audi-klaus.at\/shop\/"},{"@type":"ListItem","position":2,"name":"Shop","item":"https:\/\/audi-klaus.at\/shop\/"},{"@type":"ListItem","position":3,"name":"Audi A6\/A7\/C7 Kraftstoff-F\u00f6rdereinheit NEU Continental VDO 2910000196100\/Vergleichsnr.: 4G0919051C\/4G0919051K"}]},{"@type":"WebSite","@id":"https:\/\/audi-klaus.at\/shop\/#website","url":"https:\/\/audi-klaus.at\/shop\/","name":"Audi-Klaus","description":"Ihr Gebrauchtteile Spezialist f\u00fcr die Marken Audi, VW (VAG)","publisher":{"@id":"https:\/\/audi-klaus.at\/shop\/#organization"},"potentialAction":[{"@type":"SearchAction","target":{"@type":"EntryPoint","urlTemplate":"https:\/\/audi-klaus.at\/shop\/?s={search_term_string}"},"query-input":{"@type":"PropertyValueSpecification","valueRequired":true,"valueName":"search_term_string"}}],"inLanguage":"de-AT"},{"@type":"Organization","@id":"https:\/\/audi-klaus.at\/shop\/#organization","name":"Audi-Klaus","url":"https:\/\/audi-klaus.at\/shop\/","logo":{"@type":"ImageObject","inLanguage":"de-AT","@id":"https:\/\/audi-klaus.at\/shop\/#\/schema\/logo\/image\/","url":"https:\/\/audi-klaus.at\/shop\/wp-content\/uploads\/2024\/10\/Logo-Shop.webp","contentUrl":"https:\/\/audi-klaus.at\/shop\/wp-content\/uploads\/2024\/10\/Logo-Shop.webp","width":470,"height":164,"caption":"Audi-Klaus"},"image":{"@id":"https:\/\/audi-klaus.at\/shop\/#\/schema\/logo\/image\/"},"sameAs":["https:\/\/www.facebook.com\/audi.klaus.1312\/","https:\/\/www.instagram.com\/audi_klaus\/?igshid=1eca3qu2mdayg"]}]}},"_links":{"self":[{"href":"https:\/\/audi-klaus.at\/shop\/wp-json\/wp\/v2\/product\/83729","targetHints":{"allow":["GET"]}}],"collection":[{"href":"https:\/\/audi-klaus.at\/shop\/wp-json\/wp\/v2\/product"}],"about":[{"href":"https:\/\/audi-klaus.at\/shop\/wp-json\/wp\/v2\/types\/product"}],"wp:featuredmedia":[{"embeddable":true,"href":"https:\/\/audi-klaus.at\/shop\/wp-json\/wp\/v2\/media\/83735"}],"wp:attachment":[{"href":"https:\/\/audi-klaus.at\/shop\/wp-json\/wp\/v2\/media?parent=83729"}],"wp:term":[{"taxonomy":"product_brand","embeddable":true,"href":"https:\/\/audi-klaus.at\/shop\/wp-json\/wp\/v2\/product_brand?post=83729"},{"taxonomy":"product_cat","embeddable":true,"href":"https:\/\/audi-klaus.at\/shop\/wp-json\/wp\/v2\/product_cat?post=83729"},{"taxonomy":"product_tag","embeddable":true,"href":"https:\/\/audi-klaus.at\/shop\/wp-json\/wp\/v2\/product_tag?post=83729"}],"curies":[{"name":"wp","href":"https:\/\/api.w.org\/{rel}","templated":true}]}}