{"id":83341,"date":"2024-11-21T12:03:12","date_gmt":"2024-11-21T11:03:12","guid":{"rendered":"https:\/\/audi-klaus.at\/shop\/?post_type=product&#038;p=83341"},"modified":"2026-01-07T22:55:04","modified_gmt":"2026-01-07T21:55:04","slug":"vw-eos-golf-golf-plus-jetta-5-passat-3b-3c-sharan-7m-blende-links-unten-nos-1k0857577-9b9","status":"publish","type":"product","link":"https:\/\/audi-klaus.at\/shop\/produkt\/vw-eos-golf-golf-plus-jetta-5-passat-3b-3c-sharan-7m-blende-links-unten-nos-1k0857577-9b9\/","title":{"rendered":"Vw EOS\/Golf\/Golf Plus\/Jetta\/5\/Passat\/3B\/3C\/Sharan\/7M Blende links unten NOS 1K0857577\/9B9"},"content":{"rendered":"<h5 class=\"western\"><span style=\"font-size: small;\"><span style=\"color: #060606;\"><span style=\"font-family: Verdana, serif;\"><b>VAG Teilenummer<\/b><\/span><\/span><span style=\"color: #060606;\"><span style=\"font-family: Verdana, serif;\">: 1K0 857 577\/9B9<\/span><\/span><\/span><\/h5>\n<h5 class=\"western\"><span style=\"font-size: small;\"><span style=\"color: #060606;\"><span style=\"font-family: Verdana, serif;\"><b>Zustand:<\/b><\/span><\/span><span style=\"color: #060606;\"><span style=\"font-family: Verdana, serif;\">\u00a0<\/span><\/span><span style=\"color: #060606;\"><span style=\"font-family: Verdana, serif;\"><span lang=\"de-DE\">NOS (kann Lagerspuren aufweisen<\/span><\/span><\/span><span style=\"color: #060606;\"><span style=\"font-family: Verdana, serif;\"><span lang=\"de-DE\">)<\/span><\/span><\/span><\/span><\/h5>\n<h5 class=\"western\"><span style=\"color: #060606;\"><span style=\"font-family: Verdana, serif;\"><span style=\"font-size: small;\"><b>Lieferumfang:<\/b><\/span><\/span><\/span><span style=\"color: #060606;\"><span style=\"font-family: Verdana, serif;\"><span style=\"font-size: small;\">\u00a0wie in den Original-Abbildungen angegeben<\/span><\/span><\/span><\/h5>\n<h5 class=\"western\"><span style=\"color: #060606;\"><span style=\"font-family: Verdana, serif;\"><span style=\"font-size: small;\"><b>Hinweis:<\/b><\/span><\/span><\/span><span style=\"color: #060606;\"><span style=\"font-family: Verdana, serif;\"><span style=\"font-size: small;\">\u00a0Bitte \u00fcberpr\u00fcfen Sie vor dem Kauf anhand der eindeutigen Teilenummern, ob der Artikel zum Fahrzeug passt, um R\u00fccksendungen zu vermeiden! Trotz Angabe der entsprechenden Fahrzeugdaten ist eine eindeutige Zuordnung nur \u00fcber die Teilenummer m\u00f6glich! Die abgelesene Teilenummer ist die Teilenummer des Teils, welches geliefert wird. Die Originalteilnummer ist diejenige, die bei Neubestellung f\u00fcr dieses Teil gilt und der m\u00f6glicherweise abweichenden, gelieferten Teilenummer entspricht. <\/span><\/span><\/span><\/h5>\n<h5 class=\"western\"><span style=\"color: #060606;\"><span style=\"font-family: Verdana, serif;\"><span style=\"font-size: small;\"><span lang=\"de-DE\">Neu<\/span><\/span><\/span><\/span><span style=\"color: #060606;\"><span style=\"font-family: Verdana, serif;\"><span style=\"font-size: small;\"> mit Gebrauchsspuren in Form von Verunreinigungen\/ kleinen Kratzern m\u00f6glich. Die Ware wird ungereinigt geliefert.<\/span><\/span><\/span><\/h5>\n<h5 class=\"western\"><span style=\"color: #060606;\"><span style=\"font-family: Verdana, serif;\"><span style=\"font-size: small;\">Sollten weitere Fragen offen sein, kontaktieren Sie uns bitte unter<\/span><\/span><\/span><span style=\"color: #060606;\"><span style=\"font-family: Verdana, serif;\"><span style=\"font-size: small;\"><u>\u00a0<\/u><\/span><\/span><\/span><a href=\"mailto:office@audi-klaus.at\"><span style=\"color: #0000ff;\"><span style=\"font-family: Verdana, serif;\"><span style=\"font-size: small;\"><u>office@audi-klaus.at<\/u><\/span><\/span><\/span><\/a><\/h5>\n","protected":false},"excerpt":{"rendered":"<h5 class=\"western\"><strong><span style=\"color: #000000;\"><span style=\"font-family: Source Sans Pro, serif;\"><span style=\"font-size: x-large;\">Marke: Vw<br \/>\nModell: EOS\/Golf\/Golf Plus\/Jetta\/Passat\/Sharan<br \/>\nTyp: 5\/3B\/3C\/7M<\/span><\/span><\/span><\/strong><\/h5>\n","protected":false},"featured_media":83312,"template":"","meta":[],"product_brand":[],"product_cat":[1408,1176,1678,1178,1688,1179,1739,1197,1759,1206,1233,1234,1239,1164,1240,1165,1316,1167],"product_tag":[30103,30104],"class_list":{"0":"post-83341","1":"product","2":"type-product","3":"status-publish","4":"has-post-thumbnail","6":"product_cat-karosserie-5-1k2-2005-2010","7":"product_cat-passat","8":"product_cat-karosserie-b5-3b-1996-2005","9":"product_cat-sharan","10":"product_cat-karosserie-b6-3c-2005-2010","11":"product_cat-eos","12":"product_cat-karosserie-1-7m-1995-2010","13":"product_cat-5-1k-2003-2010","14":"product_cat-karosserie-1f-2006-2015","15":"product_cat-5-1k2-2005-2010","16":"product_cat-b5-3b-1996-2005","17":"product_cat-b6-3c-2005-2010","18":"product_cat-1-7m-1995-2010","19":"product_cat-vw","20":"product_cat-1f-2006-2015","21":"product_cat-golf","22":"product_cat-karosserie-5-1k-2003-2010","23":"product_cat-jetta","24":"product_tag-1k0857577-9b9","25":"product_tag-k3132","27":"first","28":"outofstock","29":"taxable","30":"shipping-taxable","31":"purchasable","32":"product-type-simple"},"yoast_head":"<!-- This site is optimized with the Yoast SEO plugin v27.5 - https:\/\/yoast.com\/product\/yoast-seo-wordpress\/ -->\n<title>Vw EOS\/Golf\/Golf Plus\/Jetta\/5\/Passat\/3B\/3C\/Sharan\/7M Blende links unten NOS 1K0857577\/9B9 - Audi-Klaus<\/title>\n<meta name=\"description\" content=\"Audi-Klaus Vw EOS\/Golf\/Golf Plus\/Jetta\/5\/Passat\/3B\/3C\/Sharan\/7M Blende links unten NOS 1K0857577\/9B9 Vw EOS\/Golf\/Golf Plus\/Jetta\/5\/Passat\/3B\/3C\/Sharan\/7M Blende links unten NOS 1K0857577\/9B9\" \/>\n<meta name=\"robots\" content=\"index, follow, max-snippet:-1, max-image-preview:large, max-video-preview:-1\" \/>\n<link rel=\"canonical\" href=\"https:\/\/audi-klaus.at\/shop\/produkt\/vw-eos-golf-golf-plus-jetta-5-passat-3b-3c-sharan-7m-blende-links-unten-nos-1k0857577-9b9\/\" \/>\n<meta property=\"og:locale\" content=\"de_DE\" \/>\n<meta property=\"og:type\" content=\"article\" \/>\n<meta property=\"og:title\" content=\"Vw EOS\/Golf\/Golf Plus\/Jetta\/5\/Passat\/3B\/3C\/Sharan\/7M Blende links unten NOS 1K0857577\/9B9 - Audi-Klaus\" \/>\n<meta property=\"og:description\" content=\"Audi-Klaus Vw EOS\/Golf\/Golf Plus\/Jetta\/5\/Passat\/3B\/3C\/Sharan\/7M Blende links unten NOS 1K0857577\/9B9 Vw EOS\/Golf\/Golf Plus\/Jetta\/5\/Passat\/3B\/3C\/Sharan\/7M Blende links unten NOS 1K0857577\/9B9\" \/>\n<meta property=\"og:url\" content=\"https:\/\/audi-klaus.at\/shop\/produkt\/vw-eos-golf-golf-plus-jetta-5-passat-3b-3c-sharan-7m-blende-links-unten-nos-1k0857577-9b9\/\" \/>\n<meta property=\"og:site_name\" content=\"Audi-Klaus\" \/>\n<meta property=\"article:publisher\" content=\"https:\/\/www.facebook.com\/audi.klaus.1312\/\" \/>\n<meta property=\"article:modified_time\" content=\"2026-01-07T21:55:04+00:00\" \/>\n<meta property=\"og:image\" content=\"https:\/\/audi-klaus.at\/shop\/wp-content\/uploads\/2024\/11\/K3132-1.jpg\" \/>\n\t<meta property=\"og:image:width\" content=\"480\" \/>\n\t<meta property=\"og:image:height\" content=\"480\" \/>\n\t<meta property=\"og:image:type\" content=\"image\/jpeg\" \/>\n<meta name=\"twitter:card\" content=\"summary_large_image\" \/>\n<meta name=\"twitter:label1\" content=\"Gesch\u00e4tzte Lesezeit\" \/>\n\t<meta name=\"twitter:data1\" content=\"1 Minute\" \/>\n<script type=\"application\/ld+json\" class=\"yoast-schema-graph\">{\"@context\":\"https:\\\/\\\/schema.org\",\"@graph\":[{\"@type\":\"WebPage\",\"@id\":\"https:\\\/\\\/audi-klaus.at\\\/shop\\\/produkt\\\/vw-eos-golf-golf-plus-jetta-5-passat-3b-3c-sharan-7m-blende-links-unten-nos-1k0857577-9b9\\\/\",\"url\":\"https:\\\/\\\/audi-klaus.at\\\/shop\\\/produkt\\\/vw-eos-golf-golf-plus-jetta-5-passat-3b-3c-sharan-7m-blende-links-unten-nos-1k0857577-9b9\\\/\",\"name\":\"Vw EOS\\\/Golf\\\/Golf Plus\\\/Jetta\\\/5\\\/Passat\\\/3B\\\/3C\\\/Sharan\\\/7M Blende links unten NOS 1K0857577\\\/9B9 - Audi-Klaus\",\"isPartOf\":{\"@id\":\"https:\\\/\\\/audi-klaus.at\\\/shop\\\/#website\"},\"primaryImageOfPage\":{\"@id\":\"https:\\\/\\\/audi-klaus.at\\\/shop\\\/produkt\\\/vw-eos-golf-golf-plus-jetta-5-passat-3b-3c-sharan-7m-blende-links-unten-nos-1k0857577-9b9\\\/#primaryimage\"},\"image\":{\"@id\":\"https:\\\/\\\/audi-klaus.at\\\/shop\\\/produkt\\\/vw-eos-golf-golf-plus-jetta-5-passat-3b-3c-sharan-7m-blende-links-unten-nos-1k0857577-9b9\\\/#primaryimage\"},\"thumbnailUrl\":\"https:\\\/\\\/audi-klaus.at\\\/shop\\\/wp-content\\\/uploads\\\/2024\\\/11\\\/K3132-1.jpg\",\"datePublished\":\"2024-11-21T11:03:12+00:00\",\"dateModified\":\"2026-01-07T21:55:04+00:00\",\"description\":\"Audi-Klaus Vw EOS\\\/Golf\\\/Golf Plus\\\/Jetta\\\/5\\\/Passat\\\/3B\\\/3C\\\/Sharan\\\/7M Blende links unten NOS 1K0857577\\\/9B9 Vw EOS\\\/Golf\\\/Golf Plus\\\/Jetta\\\/5\\\/Passat\\\/3B\\\/3C\\\/Sharan\\\/7M Blende links unten NOS 1K0857577\\\/9B9\",\"breadcrumb\":{\"@id\":\"https:\\\/\\\/audi-klaus.at\\\/shop\\\/produkt\\\/vw-eos-golf-golf-plus-jetta-5-passat-3b-3c-sharan-7m-blende-links-unten-nos-1k0857577-9b9\\\/#breadcrumb\"},\"inLanguage\":\"de-AT\",\"potentialAction\":[{\"@type\":\"ReadAction\",\"target\":[\"https:\\\/\\\/audi-klaus.at\\\/shop\\\/produkt\\\/vw-eos-golf-golf-plus-jetta-5-passat-3b-3c-sharan-7m-blende-links-unten-nos-1k0857577-9b9\\\/\"]}]},{\"@type\":\"ImageObject\",\"inLanguage\":\"de-AT\",\"@id\":\"https:\\\/\\\/audi-klaus.at\\\/shop\\\/produkt\\\/vw-eos-golf-golf-plus-jetta-5-passat-3b-3c-sharan-7m-blende-links-unten-nos-1k0857577-9b9\\\/#primaryimage\",\"url\":\"https:\\\/\\\/audi-klaus.at\\\/shop\\\/wp-content\\\/uploads\\\/2024\\\/11\\\/K3132-1.jpg\",\"contentUrl\":\"https:\\\/\\\/audi-klaus.at\\\/shop\\\/wp-content\\\/uploads\\\/2024\\\/11\\\/K3132-1.jpg\",\"width\":480,\"height\":480},{\"@type\":\"BreadcrumbList\",\"@id\":\"https:\\\/\\\/audi-klaus.at\\\/shop\\\/produkt\\\/vw-eos-golf-golf-plus-jetta-5-passat-3b-3c-sharan-7m-blende-links-unten-nos-1k0857577-9b9\\\/#breadcrumb\",\"itemListElement\":[{\"@type\":\"ListItem\",\"position\":1,\"name\":\"Startseite\",\"item\":\"https:\\\/\\\/audi-klaus.at\\\/shop\\\/\"},{\"@type\":\"ListItem\",\"position\":2,\"name\":\"Shop\",\"item\":\"https:\\\/\\\/audi-klaus.at\\\/shop\\\/\"},{\"@type\":\"ListItem\",\"position\":3,\"name\":\"Vw EOS\\\/Golf\\\/Golf Plus\\\/Jetta\\\/5\\\/Passat\\\/3B\\\/3C\\\/Sharan\\\/7M Blende links unten NOS 1K0857577\\\/9B9\"}]},{\"@type\":\"WebSite\",\"@id\":\"https:\\\/\\\/audi-klaus.at\\\/shop\\\/#website\",\"url\":\"https:\\\/\\\/audi-klaus.at\\\/shop\\\/\",\"name\":\"Audi-Klaus\",\"description\":\"Ihr Gebrauchtteile Spezialist f\u00fcr die Marken Audi, VW (VAG)\",\"publisher\":{\"@id\":\"https:\\\/\\\/audi-klaus.at\\\/shop\\\/#organization\"},\"potentialAction\":[{\"@type\":\"SearchAction\",\"target\":{\"@type\":\"EntryPoint\",\"urlTemplate\":\"https:\\\/\\\/audi-klaus.at\\\/shop\\\/?s={search_term_string}\"},\"query-input\":{\"@type\":\"PropertyValueSpecification\",\"valueRequired\":true,\"valueName\":\"search_term_string\"}}],\"inLanguage\":\"de-AT\"},{\"@type\":\"Organization\",\"@id\":\"https:\\\/\\\/audi-klaus.at\\\/shop\\\/#organization\",\"name\":\"Audi-Klaus\",\"url\":\"https:\\\/\\\/audi-klaus.at\\\/shop\\\/\",\"logo\":{\"@type\":\"ImageObject\",\"inLanguage\":\"de-AT\",\"@id\":\"https:\\\/\\\/audi-klaus.at\\\/shop\\\/#\\\/schema\\\/logo\\\/image\\\/\",\"url\":\"https:\\\/\\\/audi-klaus.at\\\/shop\\\/wp-content\\\/uploads\\\/2024\\\/10\\\/Logo-Shop.webp\",\"contentUrl\":\"https:\\\/\\\/audi-klaus.at\\\/shop\\\/wp-content\\\/uploads\\\/2024\\\/10\\\/Logo-Shop.webp\",\"width\":470,\"height\":164,\"caption\":\"Audi-Klaus\"},\"image\":{\"@id\":\"https:\\\/\\\/audi-klaus.at\\\/shop\\\/#\\\/schema\\\/logo\\\/image\\\/\"},\"sameAs\":[\"https:\\\/\\\/www.facebook.com\\\/audi.klaus.1312\\\/\",\"https:\\\/\\\/www.instagram.com\\\/audi_klaus\\\/?igshid=1eca3qu2mdayg\"]}]}<\/script>\n<!-- \/ Yoast SEO plugin. -->","yoast_head_json":{"title":"Vw EOS\/Golf\/Golf Plus\/Jetta\/5\/Passat\/3B\/3C\/Sharan\/7M Blende links unten NOS 1K0857577\/9B9 - Audi-Klaus","description":"Audi-Klaus Vw EOS\/Golf\/Golf Plus\/Jetta\/5\/Passat\/3B\/3C\/Sharan\/7M Blende links unten NOS 1K0857577\/9B9 Vw EOS\/Golf\/Golf Plus\/Jetta\/5\/Passat\/3B\/3C\/Sharan\/7M Blende links unten NOS 1K0857577\/9B9","robots":{"index":"index","follow":"follow","max-snippet":"max-snippet:-1","max-image-preview":"max-image-preview:large","max-video-preview":"max-video-preview:-1"},"canonical":"https:\/\/audi-klaus.at\/shop\/produkt\/vw-eos-golf-golf-plus-jetta-5-passat-3b-3c-sharan-7m-blende-links-unten-nos-1k0857577-9b9\/","og_locale":"de_DE","og_type":"article","og_title":"Vw EOS\/Golf\/Golf Plus\/Jetta\/5\/Passat\/3B\/3C\/Sharan\/7M Blende links unten NOS 1K0857577\/9B9 - Audi-Klaus","og_description":"Audi-Klaus Vw EOS\/Golf\/Golf Plus\/Jetta\/5\/Passat\/3B\/3C\/Sharan\/7M Blende links unten NOS 1K0857577\/9B9 Vw EOS\/Golf\/Golf Plus\/Jetta\/5\/Passat\/3B\/3C\/Sharan\/7M Blende links unten NOS 1K0857577\/9B9","og_url":"https:\/\/audi-klaus.at\/shop\/produkt\/vw-eos-golf-golf-plus-jetta-5-passat-3b-3c-sharan-7m-blende-links-unten-nos-1k0857577-9b9\/","og_site_name":"Audi-Klaus","article_publisher":"https:\/\/www.facebook.com\/audi.klaus.1312\/","article_modified_time":"2026-01-07T21:55:04+00:00","og_image":[{"width":480,"height":480,"url":"https:\/\/audi-klaus.at\/shop\/wp-content\/uploads\/2024\/11\/K3132-1.jpg","type":"image\/jpeg"}],"twitter_card":"summary_large_image","twitter_misc":{"Gesch\u00e4tzte Lesezeit":"1 Minute"},"schema":{"@context":"https:\/\/schema.org","@graph":[{"@type":"WebPage","@id":"https:\/\/audi-klaus.at\/shop\/produkt\/vw-eos-golf-golf-plus-jetta-5-passat-3b-3c-sharan-7m-blende-links-unten-nos-1k0857577-9b9\/","url":"https:\/\/audi-klaus.at\/shop\/produkt\/vw-eos-golf-golf-plus-jetta-5-passat-3b-3c-sharan-7m-blende-links-unten-nos-1k0857577-9b9\/","name":"Vw EOS\/Golf\/Golf Plus\/Jetta\/5\/Passat\/3B\/3C\/Sharan\/7M Blende links unten NOS 1K0857577\/9B9 - Audi-Klaus","isPartOf":{"@id":"https:\/\/audi-klaus.at\/shop\/#website"},"primaryImageOfPage":{"@id":"https:\/\/audi-klaus.at\/shop\/produkt\/vw-eos-golf-golf-plus-jetta-5-passat-3b-3c-sharan-7m-blende-links-unten-nos-1k0857577-9b9\/#primaryimage"},"image":{"@id":"https:\/\/audi-klaus.at\/shop\/produkt\/vw-eos-golf-golf-plus-jetta-5-passat-3b-3c-sharan-7m-blende-links-unten-nos-1k0857577-9b9\/#primaryimage"},"thumbnailUrl":"https:\/\/audi-klaus.at\/shop\/wp-content\/uploads\/2024\/11\/K3132-1.jpg","datePublished":"2024-11-21T11:03:12+00:00","dateModified":"2026-01-07T21:55:04+00:00","description":"Audi-Klaus Vw EOS\/Golf\/Golf Plus\/Jetta\/5\/Passat\/3B\/3C\/Sharan\/7M Blende links unten NOS 1K0857577\/9B9 Vw EOS\/Golf\/Golf Plus\/Jetta\/5\/Passat\/3B\/3C\/Sharan\/7M Blende links unten NOS 1K0857577\/9B9","breadcrumb":{"@id":"https:\/\/audi-klaus.at\/shop\/produkt\/vw-eos-golf-golf-plus-jetta-5-passat-3b-3c-sharan-7m-blende-links-unten-nos-1k0857577-9b9\/#breadcrumb"},"inLanguage":"de-AT","potentialAction":[{"@type":"ReadAction","target":["https:\/\/audi-klaus.at\/shop\/produkt\/vw-eos-golf-golf-plus-jetta-5-passat-3b-3c-sharan-7m-blende-links-unten-nos-1k0857577-9b9\/"]}]},{"@type":"ImageObject","inLanguage":"de-AT","@id":"https:\/\/audi-klaus.at\/shop\/produkt\/vw-eos-golf-golf-plus-jetta-5-passat-3b-3c-sharan-7m-blende-links-unten-nos-1k0857577-9b9\/#primaryimage","url":"https:\/\/audi-klaus.at\/shop\/wp-content\/uploads\/2024\/11\/K3132-1.jpg","contentUrl":"https:\/\/audi-klaus.at\/shop\/wp-content\/uploads\/2024\/11\/K3132-1.jpg","width":480,"height":480},{"@type":"BreadcrumbList","@id":"https:\/\/audi-klaus.at\/shop\/produkt\/vw-eos-golf-golf-plus-jetta-5-passat-3b-3c-sharan-7m-blende-links-unten-nos-1k0857577-9b9\/#breadcrumb","itemListElement":[{"@type":"ListItem","position":1,"name":"Startseite","item":"https:\/\/audi-klaus.at\/shop\/"},{"@type":"ListItem","position":2,"name":"Shop","item":"https:\/\/audi-klaus.at\/shop\/"},{"@type":"ListItem","position":3,"name":"Vw EOS\/Golf\/Golf Plus\/Jetta\/5\/Passat\/3B\/3C\/Sharan\/7M Blende links unten NOS 1K0857577\/9B9"}]},{"@type":"WebSite","@id":"https:\/\/audi-klaus.at\/shop\/#website","url":"https:\/\/audi-klaus.at\/shop\/","name":"Audi-Klaus","description":"Ihr Gebrauchtteile Spezialist f\u00fcr die Marken Audi, VW (VAG)","publisher":{"@id":"https:\/\/audi-klaus.at\/shop\/#organization"},"potentialAction":[{"@type":"SearchAction","target":{"@type":"EntryPoint","urlTemplate":"https:\/\/audi-klaus.at\/shop\/?s={search_term_string}"},"query-input":{"@type":"PropertyValueSpecification","valueRequired":true,"valueName":"search_term_string"}}],"inLanguage":"de-AT"},{"@type":"Organization","@id":"https:\/\/audi-klaus.at\/shop\/#organization","name":"Audi-Klaus","url":"https:\/\/audi-klaus.at\/shop\/","logo":{"@type":"ImageObject","inLanguage":"de-AT","@id":"https:\/\/audi-klaus.at\/shop\/#\/schema\/logo\/image\/","url":"https:\/\/audi-klaus.at\/shop\/wp-content\/uploads\/2024\/10\/Logo-Shop.webp","contentUrl":"https:\/\/audi-klaus.at\/shop\/wp-content\/uploads\/2024\/10\/Logo-Shop.webp","width":470,"height":164,"caption":"Audi-Klaus"},"image":{"@id":"https:\/\/audi-klaus.at\/shop\/#\/schema\/logo\/image\/"},"sameAs":["https:\/\/www.facebook.com\/audi.klaus.1312\/","https:\/\/www.instagram.com\/audi_klaus\/?igshid=1eca3qu2mdayg"]}]}},"_links":{"self":[{"href":"https:\/\/audi-klaus.at\/shop\/wp-json\/wp\/v2\/product\/83341","targetHints":{"allow":["GET"]}}],"collection":[{"href":"https:\/\/audi-klaus.at\/shop\/wp-json\/wp\/v2\/product"}],"about":[{"href":"https:\/\/audi-klaus.at\/shop\/wp-json\/wp\/v2\/types\/product"}],"wp:featuredmedia":[{"embeddable":true,"href":"https:\/\/audi-klaus.at\/shop\/wp-json\/wp\/v2\/media\/83312"}],"wp:attachment":[{"href":"https:\/\/audi-klaus.at\/shop\/wp-json\/wp\/v2\/media?parent=83341"}],"wp:term":[{"taxonomy":"product_brand","embeddable":true,"href":"https:\/\/audi-klaus.at\/shop\/wp-json\/wp\/v2\/product_brand?post=83341"},{"taxonomy":"product_cat","embeddable":true,"href":"https:\/\/audi-klaus.at\/shop\/wp-json\/wp\/v2\/product_cat?post=83341"},{"taxonomy":"product_tag","embeddable":true,"href":"https:\/\/audi-klaus.at\/shop\/wp-json\/wp\/v2\/product_tag?post=83341"}],"curies":[{"name":"wp","href":"https:\/\/api.w.org\/{rel}","templated":true}]}}