{"id":75963,"date":"2024-06-20T13:36:16","date_gmt":"2024-06-20T11:36:16","guid":{"rendered":"https:\/\/audi-klaus.at\/shop\/?post_type=product&#038;p=75963"},"modified":"2026-01-07T22:52:49","modified_gmt":"2026-01-07T21:52:49","slug":"vw-caddy-2-golf-polo-2-lupo-3l-skoda-octavia-1-verteilerkappe-nos-beru-vk-519-an","status":"publish","type":"product","link":"https:\/\/audi-klaus.at\/shop\/produkt\/vw-caddy-2-golf-polo-2-lupo-3l-skoda-octavia-1-verteilerkappe-nos-beru-vk-519-an\/","title":{"rendered":"Vw Caddy\/2\/Golf\/Polo\/2\/Lupo\/3L\/Skoda Octavia\/1 Verteilerkappe NOS BERU VK 519 AN"},"content":{"rendered":"<h5 class=\"western\"><span style=\"font-size: small;\"><span style=\"color: #060606;\"><span style=\"font-family: Verdana, serif;\"><b>VAG Teilenummer<\/b><\/span><\/span><span style=\"color: #060606;\"><span style=\"font-family: Verdana, serif;\">: BERU VK 519 AN<\/span><\/span><\/span><\/h5>\n<h5 class=\"western\"><span style=\"font-size: small;\"><span style=\"color: #060606;\"><span style=\"font-family: Verdana, serif;\"><b>Zustand:<\/b><\/span><\/span><span style=\"color: #060606;\"><span style=\"font-family: Verdana, serif;\">\u00a0<\/span><\/span><span style=\"color: #060606;\"><span style=\"font-family: Verdana, serif;\"><span lang=\"de-DE\">NOS (kann Lagerspuren aufweisen<\/span><\/span><\/span><span style=\"color: #060606;\"><span style=\"font-family: Verdana, serif;\"><span lang=\"de-DE\">)<\/span><\/span><\/span><\/span><\/h5>\n<h5 class=\"western\"><span style=\"color: #060606;\"><span style=\"font-family: Verdana, serif;\"><span style=\"font-size: small;\"><b>Lieferumfang:<\/b><\/span><\/span><\/span><span style=\"color: #060606;\"><span style=\"font-family: Verdana, serif;\"><span style=\"font-size: small;\">\u00a0wie in den Original-Abbildungen angegeben<\/span><\/span><\/span><\/h5>\n<h5 class=\"western\"><span style=\"color: #060606;\"><span style=\"font-family: Verdana, serif;\"><span style=\"font-size: small;\"><b>Hinweis:<\/b><\/span><\/span><\/span><span style=\"color: #060606;\"><span style=\"font-family: Verdana, serif;\"><span style=\"font-size: small;\">\u00a0Bitte \u00fcberpr\u00fcfen Sie vor dem Kauf anhand der eindeutigen Teilenummern, ob der Artikel zum Fahrzeug passt, um R\u00fccksendungen zu vermeiden! Trotz Angabe der entsprechenden Fahrzeugdaten ist eine eindeutige Zuordnung nur \u00fcber die Teilenummer m\u00f6glich! Die abgelesene Teilenummer ist die Teilenummer des Teils, welches geliefert wird. Die Originalteilnummer ist diejenige, die bei Neubestellung f\u00fcr dieses Teil gilt und der m\u00f6glicherweise abweichenden, gelieferten Teilenummer entspricht. <\/span><\/span><\/span><\/h5>\n<h5 class=\"western\"><span style=\"color: #060606;\"><span style=\"font-family: Verdana, serif;\"><span style=\"font-size: small;\"><span lang=\"de-DE\">Neu<\/span><\/span><\/span><\/span><span style=\"color: #060606;\"><span style=\"font-family: Verdana, serif;\"><span style=\"font-size: small;\"> mit Gebrauchsspuren in Form von Verunreinigungen\/ kleinen Kratzern m\u00f6glich. Die Ware wird ungereinigt geliefert.<\/span><\/span><\/span><\/h5>\n<h5 class=\"western\"><span style=\"color: #060606;\"><span style=\"font-family: Verdana, serif;\"><span style=\"font-size: small;\">Sollten weitere Fragen offen sein, kontaktieren Sie uns bitte unter<\/span><\/span><\/span><span style=\"color: #060606;\"><span style=\"font-family: Verdana, serif;\"><span style=\"font-size: small;\"><u>\u00a0<\/u><\/span><\/span><\/span><a href=\"mailto:office@audi-klaus.at\"><span style=\"color: #0000ff;\"><span style=\"font-family: Verdana, serif;\"><span style=\"font-size: small;\"><u>office@audi-klaus.at<\/u><\/span><\/span><\/span><\/a><\/h5>\n","protected":false},"excerpt":{"rendered":"<h5 class=\"western\"><strong><span style=\"color: #000000;\"><span style=\"font-family: Source Sans Pro, serif;\"><span style=\"font-size: x-large;\">Marke: Vw\/Skoda<br \/>\nModell: Caddy\/Golf\/Polo\/Lupo\/Octavia<br \/>\nTyp: 2\/3\/3L\/1<\/span><\/span><\/span><\/strong><\/h5>\n<p class=\"western\"><strong><span style=\"color: #c9211e;\"><span style=\"font-family: Source Sans Pro, serif;\"><span style=\"font-size: large;\">Motor: 1,0l \/ 1,4l \/ 1,6l<\/span><\/span><\/span><\/strong><\/p>\n","protected":false},"featured_media":75941,"template":"","meta":[],"product_brand":[],"product_cat":[1379,1164,1521,1165,1772,1172,1992,1180,2038,1189,2039,1195,2105,1218,1242,1264,1289],"product_tag":[27089,27090],"class_list":{"0":"post-75963","1":"product","2":"type-product","3":"status-publish","4":"has-post-thumbnail","6":"product_cat-skoda","7":"product_cat-vw","8":"product_cat-motor-getriebe-3-6n-1994-1999","9":"product_cat-golf","10":"product_cat-motor-getriebe-2-9kv-1995-2003","11":"product_cat-polo","12":"product_cat-motor-getriebe-3l-1998-2005","13":"product_cat-caddy","14":"product_cat-octavia","15":"product_cat-lupo","16":"product_cat-1-1u-1996-2000","17":"product_cat-3-1h-1990-1998","18":"product_cat-motor-getriebe-1-1u-1996-2000","19":"product_cat-3-6n-1994-1999","20":"product_cat-2-9kv-1995-2003","21":"product_cat-3l-1998-2005","22":"product_cat-motor-getriebe-3-1h-1990-1998","23":"product_tag-beru-vk-519-an","24":"product_tag-m1974","26":"first","27":"instock","28":"taxable","29":"shipping-taxable","30":"purchasable","31":"product-type-simple"},"yoast_head":"<!-- This site is optimized with the Yoast SEO plugin v27.5 - https:\/\/yoast.com\/product\/yoast-seo-wordpress\/ -->\n<title>Vw Caddy\/2\/Golf\/Polo\/2\/Lupo\/3L\/Skoda Octavia\/1 Verteilerkappe NOS BERU VK 519 AN - Audi-Klaus<\/title>\n<meta name=\"description\" content=\"Audi-Klaus Vw Caddy\/2\/Golf\/Polo\/2\/Lupo\/3L\/Skoda Octavia\/1 Verteilerkappe NOS BERU VK 519 AN Vw Caddy\/2\/Golf\/Polo\/2\/Lupo\/3L\/Skoda Octavia\/1 Verteilerkappe NOS BERU VK 519 AN\" \/>\n<meta name=\"robots\" content=\"index, follow, max-snippet:-1, max-image-preview:large, max-video-preview:-1\" \/>\n<link rel=\"canonical\" href=\"https:\/\/audi-klaus.at\/shop\/produkt\/vw-caddy-2-golf-polo-2-lupo-3l-skoda-octavia-1-verteilerkappe-nos-beru-vk-519-an\/\" \/>\n<meta property=\"og:locale\" content=\"de_DE\" \/>\n<meta property=\"og:type\" content=\"article\" \/>\n<meta property=\"og:title\" content=\"Vw Caddy\/2\/Golf\/Polo\/2\/Lupo\/3L\/Skoda Octavia\/1 Verteilerkappe NOS BERU VK 519 AN - Audi-Klaus\" \/>\n<meta property=\"og:description\" content=\"Audi-Klaus Vw Caddy\/2\/Golf\/Polo\/2\/Lupo\/3L\/Skoda Octavia\/1 Verteilerkappe NOS BERU VK 519 AN Vw Caddy\/2\/Golf\/Polo\/2\/Lupo\/3L\/Skoda Octavia\/1 Verteilerkappe NOS BERU VK 519 AN\" \/>\n<meta property=\"og:url\" content=\"https:\/\/audi-klaus.at\/shop\/produkt\/vw-caddy-2-golf-polo-2-lupo-3l-skoda-octavia-1-verteilerkappe-nos-beru-vk-519-an\/\" \/>\n<meta property=\"og:site_name\" content=\"Audi-Klaus\" \/>\n<meta property=\"article:publisher\" content=\"https:\/\/www.facebook.com\/audi.klaus.1312\/\" \/>\n<meta property=\"article:modified_time\" content=\"2026-01-07T21:52:49+00:00\" \/>\n<meta property=\"og:image\" content=\"https:\/\/audi-klaus.at\/shop\/wp-content\/uploads\/2024\/06\/M1974.jpg\" \/>\n\t<meta property=\"og:image:width\" content=\"480\" \/>\n\t<meta property=\"og:image:height\" content=\"480\" \/>\n\t<meta property=\"og:image:type\" content=\"image\/jpeg\" \/>\n<meta name=\"twitter:card\" content=\"summary_large_image\" \/>\n<meta name=\"twitter:label1\" content=\"Gesch\u00e4tzte Lesezeit\" \/>\n\t<meta name=\"twitter:data1\" content=\"1 Minute\" \/>\n<script type=\"application\/ld+json\" class=\"yoast-schema-graph\">{\"@context\":\"https:\\\/\\\/schema.org\",\"@graph\":[{\"@type\":\"WebPage\",\"@id\":\"https:\\\/\\\/audi-klaus.at\\\/shop\\\/produkt\\\/vw-caddy-2-golf-polo-2-lupo-3l-skoda-octavia-1-verteilerkappe-nos-beru-vk-519-an\\\/\",\"url\":\"https:\\\/\\\/audi-klaus.at\\\/shop\\\/produkt\\\/vw-caddy-2-golf-polo-2-lupo-3l-skoda-octavia-1-verteilerkappe-nos-beru-vk-519-an\\\/\",\"name\":\"Vw Caddy\\\/2\\\/Golf\\\/Polo\\\/2\\\/Lupo\\\/3L\\\/Skoda Octavia\\\/1 Verteilerkappe NOS BERU VK 519 AN - Audi-Klaus\",\"isPartOf\":{\"@id\":\"https:\\\/\\\/audi-klaus.at\\\/shop\\\/#website\"},\"primaryImageOfPage\":{\"@id\":\"https:\\\/\\\/audi-klaus.at\\\/shop\\\/produkt\\\/vw-caddy-2-golf-polo-2-lupo-3l-skoda-octavia-1-verteilerkappe-nos-beru-vk-519-an\\\/#primaryimage\"},\"image\":{\"@id\":\"https:\\\/\\\/audi-klaus.at\\\/shop\\\/produkt\\\/vw-caddy-2-golf-polo-2-lupo-3l-skoda-octavia-1-verteilerkappe-nos-beru-vk-519-an\\\/#primaryimage\"},\"thumbnailUrl\":\"https:\\\/\\\/audi-klaus.at\\\/shop\\\/wp-content\\\/uploads\\\/2024\\\/06\\\/M1974.jpg\",\"datePublished\":\"2024-06-20T11:36:16+00:00\",\"dateModified\":\"2026-01-07T21:52:49+00:00\",\"description\":\"Audi-Klaus Vw Caddy\\\/2\\\/Golf\\\/Polo\\\/2\\\/Lupo\\\/3L\\\/Skoda Octavia\\\/1 Verteilerkappe NOS BERU VK 519 AN Vw Caddy\\\/2\\\/Golf\\\/Polo\\\/2\\\/Lupo\\\/3L\\\/Skoda Octavia\\\/1 Verteilerkappe NOS BERU VK 519 AN\",\"breadcrumb\":{\"@id\":\"https:\\\/\\\/audi-klaus.at\\\/shop\\\/produkt\\\/vw-caddy-2-golf-polo-2-lupo-3l-skoda-octavia-1-verteilerkappe-nos-beru-vk-519-an\\\/#breadcrumb\"},\"inLanguage\":\"de-AT\",\"potentialAction\":[{\"@type\":\"ReadAction\",\"target\":[\"https:\\\/\\\/audi-klaus.at\\\/shop\\\/produkt\\\/vw-caddy-2-golf-polo-2-lupo-3l-skoda-octavia-1-verteilerkappe-nos-beru-vk-519-an\\\/\"]}]},{\"@type\":\"ImageObject\",\"inLanguage\":\"de-AT\",\"@id\":\"https:\\\/\\\/audi-klaus.at\\\/shop\\\/produkt\\\/vw-caddy-2-golf-polo-2-lupo-3l-skoda-octavia-1-verteilerkappe-nos-beru-vk-519-an\\\/#primaryimage\",\"url\":\"https:\\\/\\\/audi-klaus.at\\\/shop\\\/wp-content\\\/uploads\\\/2024\\\/06\\\/M1974.jpg\",\"contentUrl\":\"https:\\\/\\\/audi-klaus.at\\\/shop\\\/wp-content\\\/uploads\\\/2024\\\/06\\\/M1974.jpg\",\"width\":480,\"height\":480},{\"@type\":\"BreadcrumbList\",\"@id\":\"https:\\\/\\\/audi-klaus.at\\\/shop\\\/produkt\\\/vw-caddy-2-golf-polo-2-lupo-3l-skoda-octavia-1-verteilerkappe-nos-beru-vk-519-an\\\/#breadcrumb\",\"itemListElement\":[{\"@type\":\"ListItem\",\"position\":1,\"name\":\"Startseite\",\"item\":\"https:\\\/\\\/audi-klaus.at\\\/shop\\\/\"},{\"@type\":\"ListItem\",\"position\":2,\"name\":\"Shop\",\"item\":\"https:\\\/\\\/audi-klaus.at\\\/shop\\\/\"},{\"@type\":\"ListItem\",\"position\":3,\"name\":\"Vw Caddy\\\/2\\\/Golf\\\/Polo\\\/2\\\/Lupo\\\/3L\\\/Skoda Octavia\\\/1 Verteilerkappe NOS BERU VK 519 AN\"}]},{\"@type\":\"WebSite\",\"@id\":\"https:\\\/\\\/audi-klaus.at\\\/shop\\\/#website\",\"url\":\"https:\\\/\\\/audi-klaus.at\\\/shop\\\/\",\"name\":\"Audi-Klaus\",\"description\":\"Ihr Gebrauchtteile Spezialist f\u00fcr die Marken Audi, VW (VAG)\",\"publisher\":{\"@id\":\"https:\\\/\\\/audi-klaus.at\\\/shop\\\/#organization\"},\"potentialAction\":[{\"@type\":\"SearchAction\",\"target\":{\"@type\":\"EntryPoint\",\"urlTemplate\":\"https:\\\/\\\/audi-klaus.at\\\/shop\\\/?s={search_term_string}\"},\"query-input\":{\"@type\":\"PropertyValueSpecification\",\"valueRequired\":true,\"valueName\":\"search_term_string\"}}],\"inLanguage\":\"de-AT\"},{\"@type\":\"Organization\",\"@id\":\"https:\\\/\\\/audi-klaus.at\\\/shop\\\/#organization\",\"name\":\"Audi-Klaus\",\"url\":\"https:\\\/\\\/audi-klaus.at\\\/shop\\\/\",\"logo\":{\"@type\":\"ImageObject\",\"inLanguage\":\"de-AT\",\"@id\":\"https:\\\/\\\/audi-klaus.at\\\/shop\\\/#\\\/schema\\\/logo\\\/image\\\/\",\"url\":\"https:\\\/\\\/audi-klaus.at\\\/shop\\\/wp-content\\\/uploads\\\/2024\\\/10\\\/Logo-Shop.webp\",\"contentUrl\":\"https:\\\/\\\/audi-klaus.at\\\/shop\\\/wp-content\\\/uploads\\\/2024\\\/10\\\/Logo-Shop.webp\",\"width\":470,\"height\":164,\"caption\":\"Audi-Klaus\"},\"image\":{\"@id\":\"https:\\\/\\\/audi-klaus.at\\\/shop\\\/#\\\/schema\\\/logo\\\/image\\\/\"},\"sameAs\":[\"https:\\\/\\\/www.facebook.com\\\/audi.klaus.1312\\\/\",\"https:\\\/\\\/www.instagram.com\\\/audi_klaus\\\/?igshid=1eca3qu2mdayg\"]}]}<\/script>\n<!-- \/ Yoast SEO plugin. -->","yoast_head_json":{"title":"Vw Caddy\/2\/Golf\/Polo\/2\/Lupo\/3L\/Skoda Octavia\/1 Verteilerkappe NOS BERU VK 519 AN - Audi-Klaus","description":"Audi-Klaus Vw Caddy\/2\/Golf\/Polo\/2\/Lupo\/3L\/Skoda Octavia\/1 Verteilerkappe NOS BERU VK 519 AN Vw Caddy\/2\/Golf\/Polo\/2\/Lupo\/3L\/Skoda Octavia\/1 Verteilerkappe NOS BERU VK 519 AN","robots":{"index":"index","follow":"follow","max-snippet":"max-snippet:-1","max-image-preview":"max-image-preview:large","max-video-preview":"max-video-preview:-1"},"canonical":"https:\/\/audi-klaus.at\/shop\/produkt\/vw-caddy-2-golf-polo-2-lupo-3l-skoda-octavia-1-verteilerkappe-nos-beru-vk-519-an\/","og_locale":"de_DE","og_type":"article","og_title":"Vw Caddy\/2\/Golf\/Polo\/2\/Lupo\/3L\/Skoda Octavia\/1 Verteilerkappe NOS BERU VK 519 AN - Audi-Klaus","og_description":"Audi-Klaus Vw Caddy\/2\/Golf\/Polo\/2\/Lupo\/3L\/Skoda Octavia\/1 Verteilerkappe NOS BERU VK 519 AN Vw Caddy\/2\/Golf\/Polo\/2\/Lupo\/3L\/Skoda Octavia\/1 Verteilerkappe NOS BERU VK 519 AN","og_url":"https:\/\/audi-klaus.at\/shop\/produkt\/vw-caddy-2-golf-polo-2-lupo-3l-skoda-octavia-1-verteilerkappe-nos-beru-vk-519-an\/","og_site_name":"Audi-Klaus","article_publisher":"https:\/\/www.facebook.com\/audi.klaus.1312\/","article_modified_time":"2026-01-07T21:52:49+00:00","og_image":[{"width":480,"height":480,"url":"https:\/\/audi-klaus.at\/shop\/wp-content\/uploads\/2024\/06\/M1974.jpg","type":"image\/jpeg"}],"twitter_card":"summary_large_image","twitter_misc":{"Gesch\u00e4tzte Lesezeit":"1 Minute"},"schema":{"@context":"https:\/\/schema.org","@graph":[{"@type":"WebPage","@id":"https:\/\/audi-klaus.at\/shop\/produkt\/vw-caddy-2-golf-polo-2-lupo-3l-skoda-octavia-1-verteilerkappe-nos-beru-vk-519-an\/","url":"https:\/\/audi-klaus.at\/shop\/produkt\/vw-caddy-2-golf-polo-2-lupo-3l-skoda-octavia-1-verteilerkappe-nos-beru-vk-519-an\/","name":"Vw Caddy\/2\/Golf\/Polo\/2\/Lupo\/3L\/Skoda Octavia\/1 Verteilerkappe NOS BERU VK 519 AN - Audi-Klaus","isPartOf":{"@id":"https:\/\/audi-klaus.at\/shop\/#website"},"primaryImageOfPage":{"@id":"https:\/\/audi-klaus.at\/shop\/produkt\/vw-caddy-2-golf-polo-2-lupo-3l-skoda-octavia-1-verteilerkappe-nos-beru-vk-519-an\/#primaryimage"},"image":{"@id":"https:\/\/audi-klaus.at\/shop\/produkt\/vw-caddy-2-golf-polo-2-lupo-3l-skoda-octavia-1-verteilerkappe-nos-beru-vk-519-an\/#primaryimage"},"thumbnailUrl":"https:\/\/audi-klaus.at\/shop\/wp-content\/uploads\/2024\/06\/M1974.jpg","datePublished":"2024-06-20T11:36:16+00:00","dateModified":"2026-01-07T21:52:49+00:00","description":"Audi-Klaus Vw Caddy\/2\/Golf\/Polo\/2\/Lupo\/3L\/Skoda Octavia\/1 Verteilerkappe NOS BERU VK 519 AN Vw Caddy\/2\/Golf\/Polo\/2\/Lupo\/3L\/Skoda Octavia\/1 Verteilerkappe NOS BERU VK 519 AN","breadcrumb":{"@id":"https:\/\/audi-klaus.at\/shop\/produkt\/vw-caddy-2-golf-polo-2-lupo-3l-skoda-octavia-1-verteilerkappe-nos-beru-vk-519-an\/#breadcrumb"},"inLanguage":"de-AT","potentialAction":[{"@type":"ReadAction","target":["https:\/\/audi-klaus.at\/shop\/produkt\/vw-caddy-2-golf-polo-2-lupo-3l-skoda-octavia-1-verteilerkappe-nos-beru-vk-519-an\/"]}]},{"@type":"ImageObject","inLanguage":"de-AT","@id":"https:\/\/audi-klaus.at\/shop\/produkt\/vw-caddy-2-golf-polo-2-lupo-3l-skoda-octavia-1-verteilerkappe-nos-beru-vk-519-an\/#primaryimage","url":"https:\/\/audi-klaus.at\/shop\/wp-content\/uploads\/2024\/06\/M1974.jpg","contentUrl":"https:\/\/audi-klaus.at\/shop\/wp-content\/uploads\/2024\/06\/M1974.jpg","width":480,"height":480},{"@type":"BreadcrumbList","@id":"https:\/\/audi-klaus.at\/shop\/produkt\/vw-caddy-2-golf-polo-2-lupo-3l-skoda-octavia-1-verteilerkappe-nos-beru-vk-519-an\/#breadcrumb","itemListElement":[{"@type":"ListItem","position":1,"name":"Startseite","item":"https:\/\/audi-klaus.at\/shop\/"},{"@type":"ListItem","position":2,"name":"Shop","item":"https:\/\/audi-klaus.at\/shop\/"},{"@type":"ListItem","position":3,"name":"Vw Caddy\/2\/Golf\/Polo\/2\/Lupo\/3L\/Skoda Octavia\/1 Verteilerkappe NOS BERU VK 519 AN"}]},{"@type":"WebSite","@id":"https:\/\/audi-klaus.at\/shop\/#website","url":"https:\/\/audi-klaus.at\/shop\/","name":"Audi-Klaus","description":"Ihr Gebrauchtteile Spezialist f\u00fcr die Marken Audi, VW (VAG)","publisher":{"@id":"https:\/\/audi-klaus.at\/shop\/#organization"},"potentialAction":[{"@type":"SearchAction","target":{"@type":"EntryPoint","urlTemplate":"https:\/\/audi-klaus.at\/shop\/?s={search_term_string}"},"query-input":{"@type":"PropertyValueSpecification","valueRequired":true,"valueName":"search_term_string"}}],"inLanguage":"de-AT"},{"@type":"Organization","@id":"https:\/\/audi-klaus.at\/shop\/#organization","name":"Audi-Klaus","url":"https:\/\/audi-klaus.at\/shop\/","logo":{"@type":"ImageObject","inLanguage":"de-AT","@id":"https:\/\/audi-klaus.at\/shop\/#\/schema\/logo\/image\/","url":"https:\/\/audi-klaus.at\/shop\/wp-content\/uploads\/2024\/10\/Logo-Shop.webp","contentUrl":"https:\/\/audi-klaus.at\/shop\/wp-content\/uploads\/2024\/10\/Logo-Shop.webp","width":470,"height":164,"caption":"Audi-Klaus"},"image":{"@id":"https:\/\/audi-klaus.at\/shop\/#\/schema\/logo\/image\/"},"sameAs":["https:\/\/www.facebook.com\/audi.klaus.1312\/","https:\/\/www.instagram.com\/audi_klaus\/?igshid=1eca3qu2mdayg"]}]}},"_links":{"self":[{"href":"https:\/\/audi-klaus.at\/shop\/wp-json\/wp\/v2\/product\/75963","targetHints":{"allow":["GET"]}}],"collection":[{"href":"https:\/\/audi-klaus.at\/shop\/wp-json\/wp\/v2\/product"}],"about":[{"href":"https:\/\/audi-klaus.at\/shop\/wp-json\/wp\/v2\/types\/product"}],"wp:featuredmedia":[{"embeddable":true,"href":"https:\/\/audi-klaus.at\/shop\/wp-json\/wp\/v2\/media\/75941"}],"wp:attachment":[{"href":"https:\/\/audi-klaus.at\/shop\/wp-json\/wp\/v2\/media?parent=75963"}],"wp:term":[{"taxonomy":"product_brand","embeddable":true,"href":"https:\/\/audi-klaus.at\/shop\/wp-json\/wp\/v2\/product_brand?post=75963"},{"taxonomy":"product_cat","embeddable":true,"href":"https:\/\/audi-klaus.at\/shop\/wp-json\/wp\/v2\/product_cat?post=75963"},{"taxonomy":"product_tag","embeddable":true,"href":"https:\/\/audi-klaus.at\/shop\/wp-json\/wp\/v2\/product_tag?post=75963"}],"curies":[{"name":"wp","href":"https:\/\/api.w.org\/{rel}","templated":true}]}}