{"id":54457,"date":"2023-01-26T10:54:01","date_gmt":"2023-01-26T09:54:01","guid":{"rendered":"https:\/\/audi-klaus.at\/shop\/?post_type=product&#038;p=54457"},"modified":"2026-01-07T21:55:30","modified_gmt":"2026-01-07T20:55:30","slug":"audi-80-90-b2-100-200-c2-vw-golf-2-passat-32b-schiebedach-kurbel-schwarz-443877453b","status":"publish","type":"product","link":"https:\/\/audi-klaus.at\/shop\/produkt\/audi-80-90-b2-100-200-c2-vw-golf-2-passat-32b-schiebedach-kurbel-schwarz-443877453b\/","title":{"rendered":"Audi 80\/90\/B2\/100\/200\/C2\/Vw Golf\/2\/Passat\/32B Schiebedach Kurbel schwarz 443877453B\/321877453B"},"content":{"rendered":"<h5 class=\"western\"><span style=\"color: #060606\"><span style=\"font-family: Verdana, serif\"><span style=\"font-size: small\"><b>VAG Teilenummer<\/b><\/span><\/span><\/span><span style=\"color: #060606\"><span style=\"font-family: Verdana, serif\"><span style=\"font-size: small\">: 443 877 453B\/321 877 453B<\/span><\/span><\/span><\/h5>\n<h5 class=\"western\"><span style=\"color: #060606\"><span style=\"font-family: Verdana, serif\"><span style=\"font-size: small\"><b>Zustand:<\/b><\/span><\/span><\/span><span style=\"color: #060606\"><span style=\"font-family: Verdana, serif\"><span style=\"font-size: small\">\u00a0<\/span><\/span><\/span><span style=\"color: #060606\"><span style=\"font-family: Verdana, serif\"><span style=\"font-size: small\"><span lang=\"de-DE\">Gebraucht<\/span><\/span><\/span><\/span><\/h5>\n<h5 class=\"western\"><span style=\"color: #060606\"><span style=\"font-family: Verdana, serif\"><span style=\"font-size: small\"><b>Lieferumfang:<\/b><\/span><\/span><\/span><span style=\"color: #060606\"><span style=\"font-family: Verdana, serif\"><span style=\"font-size: small\">\u00a0wie in den Original-Abbildungen angegeben<\/span><\/span><\/span><\/h5>\n<h5 class=\"western\"><span style=\"color: #060606\"><span style=\"font-family: Verdana, serif\"><span style=\"font-size: small\"><b>Hinweis:<\/b><\/span><\/span><\/span><span style=\"color: #060606\"><span style=\"font-family: Verdana, serif\"><span style=\"font-size: small\">\u00a0Bitte \u00fcberpr\u00fcfen Sie vor dem Kauf anhand der eindeutigen Teilenummern, ob der Artikel zum Fahrzeug passt, um R\u00fccksendungen zu vermeiden! Trotz Angabe der entsprechenden Fahrzeugdaten ist eine eindeutige Zuordnung nur \u00fcber die Teilenummer m\u00f6glich! Die abgelesene Teilenummer ist die Teilenummer des Teils, welches geliefert wird. Die Originalteilnummer ist diejenige, die bei Neubestellung f\u00fcr dieses Teil gilt und der m\u00f6glicherweise abweichenden, gelieferten Teilenummer entspricht. <\/span><\/span><\/span><\/h5>\n<h5 class=\"western\"><span style=\"color: #060606\"><span style=\"font-family: Verdana, serif\"><span style=\"font-size: small\"><span lang=\"de-DE\">Gebraucht<\/span><\/span><\/span><\/span><span style=\"color: #060606\"><span style=\"font-family: Verdana, serif\"><span style=\"font-size: small\"> mit Gebrauchsspuren in Form von Verunreinigungen\/ kleinen Kratzern m\u00f6glich. Die Ware wird ungereinigt geliefert.<\/span><\/span><\/span><\/h5>\n<h5 class=\"western\"><span style=\"color: #060606\"><span style=\"font-family: Verdana, serif\"><span style=\"font-size: small\">Sollten weitere Fragen offen sein, kontaktieren Sie uns bitte unter\u00a0<\/span><\/span><\/span><a><span style=\"color: #0000ff\"><span style=\"font-family: Verdana, serif\"><span style=\"font-size: small\"><u>office@audi-klaus.at<\/u><\/span><\/span><\/span><\/a><\/h5>\n","protected":false},"excerpt":{"rendered":"<h5><strong><span style=\"color: #000000\"><span style=\"font-family: Source Sans Pro, serif\"><span style=\"font-size: x-large\">Marke: Audi\/Vw<br \/>\nModell: 80\/90\/100\/200\/Golf\/Passat<br \/>\nTyp: B2\/C2\/2\/32B<\/span><\/span><\/span><\/strong><\/h5>\n<h5><strong><span style=\"color: #c9211e\"><span style=\"font-family: Source Sans Pro, serif\"><span style=\"font-size: large\">Schrift stellenweise ausgeblichen!!<\/span><\/span><\/span><\/strong><\/h5>\n<h5><strong><span style=\"color: #c9211e\"><span style=\"font-family: Source Sans Pro, serif\"><span style=\"font-size: large\">Optischer Zustand kann abweichen!!<\/span><\/span><\/span><\/strong><\/h5>\n","protected":false},"featured_media":54398,"template":"","meta":[],"product_brand":[],"product_cat":[155,1176,166,1194,169,1230,213,1278,294,1640,324,385,32,386,78,388,80,1164,154,1165],"product_tag":[12157,12158,12431,12432,18345],"class_list":{"0":"post-54457","1":"product","2":"type-product","3":"status-publish","4":"has-post-thumbnail","6":"product_cat-155","7":"product_cat-passat","8":"product_cat-b2-type81-85-1984-1987","9":"product_cat-2-191-1983-1992","10":"product_cat-c2-typ43-1976-1982","11":"product_cat-b2-32b-1980-1988","12":"product_cat-innenraum-b2-78","13":"product_cat-innenraum-2-191-1983-1992","14":"product_cat-innenraum-b2-1984-1987","15":"product_cat-innenraum-b2-32b-1980-1988","16":"product_cat-innenraum-c2-1976-1982","17":"product_cat-385","18":"product_cat-audi","19":"product_cat-c2-typ43-1979-1982","20":"product_cat-78","21":"product_cat-innenraum-c2-1979-1982","22":"product_cat-b2-typ81-85-78","23":"product_cat-vw","24":"product_cat-154","25":"product_cat-golf","26":"product_tag-321877453b","27":"product_tag-12158","28":"product_tag-443877453b","29":"product_tag-12432","30":"product_tag-ia2504","32":"first","33":"outofstock","34":"taxable","35":"shipping-taxable","36":"purchasable","37":"product-type-simple"},"yoast_head":"<!-- This site is optimized with the Yoast SEO plugin v27.4 - https:\/\/yoast.com\/product\/yoast-seo-wordpress\/ -->\n<title>Audi 80\/90\/B2\/100\/200\/C2\/Vw Golf\/2\/Passat\/32B Schiebedach Kurbel schwarz 443877453B\/321877453B - Audi-Klaus<\/title>\n<meta name=\"description\" content=\"Audi-Klaus Audi 80\/90\/B2\/100\/200\/C2\/Vw Golf\/2\/Passat\/32B Schiebedach Kurbel schwarz 443877453B\/321877453B Audi 80\/90\/B2\/100\/200\/C2\/Vw Golf\/2\/Passat\/32B Schiebedach Kurbel schwarz 443877453B\" \/>\n<meta name=\"robots\" content=\"index, follow, max-snippet:-1, max-image-preview:large, max-video-preview:-1\" \/>\n<link rel=\"canonical\" href=\"https:\/\/audi-klaus.at\/shop\/produkt\/audi-80-90-b2-100-200-c2-vw-golf-2-passat-32b-schiebedach-kurbel-schwarz-443877453b\/\" \/>\n<meta property=\"og:locale\" content=\"de_DE\" \/>\n<meta property=\"og:type\" content=\"article\" \/>\n<meta property=\"og:title\" content=\"Audi 80\/90\/B2\/100\/200\/C2\/Vw Golf\/2\/Passat\/32B Schiebedach Kurbel schwarz 443877453B\/321877453B - Audi-Klaus\" \/>\n<meta property=\"og:description\" content=\"Audi-Klaus Audi 80\/90\/B2\/100\/200\/C2\/Vw Golf\/2\/Passat\/32B Schiebedach Kurbel schwarz 443877453B\/321877453B Audi 80\/90\/B2\/100\/200\/C2\/Vw Golf\/2\/Passat\/32B Schiebedach Kurbel schwarz 443877453B\" \/>\n<meta property=\"og:url\" content=\"https:\/\/audi-klaus.at\/shop\/produkt\/audi-80-90-b2-100-200-c2-vw-golf-2-passat-32b-schiebedach-kurbel-schwarz-443877453b\/\" \/>\n<meta property=\"og:site_name\" content=\"Audi-Klaus\" \/>\n<meta property=\"article:publisher\" content=\"https:\/\/www.facebook.com\/audi.klaus.1312\/\" \/>\n<meta property=\"article:modified_time\" content=\"2026-01-07T20:55:30+00:00\" \/>\n<meta property=\"og:image\" content=\"https:\/\/audi-klaus.at\/shop\/wp-content\/uploads\/2023\/01\/IA2504-2.jpg\" \/>\n\t<meta property=\"og:image:width\" content=\"480\" \/>\n\t<meta property=\"og:image:height\" content=\"480\" \/>\n\t<meta property=\"og:image:type\" content=\"image\/jpeg\" \/>\n<meta name=\"twitter:card\" content=\"summary_large_image\" \/>\n<meta name=\"twitter:label1\" content=\"Gesch\u00e4tzte Lesezeit\" \/>\n\t<meta name=\"twitter:data1\" content=\"1 Minute\" \/>\n<script type=\"application\/ld+json\" class=\"yoast-schema-graph\">{\"@context\":\"https:\\\/\\\/schema.org\",\"@graph\":[{\"@type\":\"WebPage\",\"@id\":\"https:\\\/\\\/audi-klaus.at\\\/shop\\\/produkt\\\/audi-80-90-b2-100-200-c2-vw-golf-2-passat-32b-schiebedach-kurbel-schwarz-443877453b\\\/\",\"url\":\"https:\\\/\\\/audi-klaus.at\\\/shop\\\/produkt\\\/audi-80-90-b2-100-200-c2-vw-golf-2-passat-32b-schiebedach-kurbel-schwarz-443877453b\\\/\",\"name\":\"Audi 80\\\/90\\\/B2\\\/100\\\/200\\\/C2\\\/Vw Golf\\\/2\\\/Passat\\\/32B Schiebedach Kurbel schwarz 443877453B\\\/321877453B - Audi-Klaus\",\"isPartOf\":{\"@id\":\"https:\\\/\\\/audi-klaus.at\\\/shop\\\/#website\"},\"primaryImageOfPage\":{\"@id\":\"https:\\\/\\\/audi-klaus.at\\\/shop\\\/produkt\\\/audi-80-90-b2-100-200-c2-vw-golf-2-passat-32b-schiebedach-kurbel-schwarz-443877453b\\\/#primaryimage\"},\"image\":{\"@id\":\"https:\\\/\\\/audi-klaus.at\\\/shop\\\/produkt\\\/audi-80-90-b2-100-200-c2-vw-golf-2-passat-32b-schiebedach-kurbel-schwarz-443877453b\\\/#primaryimage\"},\"thumbnailUrl\":\"https:\\\/\\\/audi-klaus.at\\\/shop\\\/wp-content\\\/uploads\\\/2023\\\/01\\\/IA2504-2.jpg\",\"datePublished\":\"2023-01-26T09:54:01+00:00\",\"dateModified\":\"2026-01-07T20:55:30+00:00\",\"description\":\"Audi-Klaus Audi 80\\\/90\\\/B2\\\/100\\\/200\\\/C2\\\/Vw Golf\\\/2\\\/Passat\\\/32B Schiebedach Kurbel schwarz 443877453B\\\/321877453B Audi 80\\\/90\\\/B2\\\/100\\\/200\\\/C2\\\/Vw Golf\\\/2\\\/Passat\\\/32B Schiebedach Kurbel schwarz 443877453B\",\"breadcrumb\":{\"@id\":\"https:\\\/\\\/audi-klaus.at\\\/shop\\\/produkt\\\/audi-80-90-b2-100-200-c2-vw-golf-2-passat-32b-schiebedach-kurbel-schwarz-443877453b\\\/#breadcrumb\"},\"inLanguage\":\"de-AT\",\"potentialAction\":[{\"@type\":\"ReadAction\",\"target\":[\"https:\\\/\\\/audi-klaus.at\\\/shop\\\/produkt\\\/audi-80-90-b2-100-200-c2-vw-golf-2-passat-32b-schiebedach-kurbel-schwarz-443877453b\\\/\"]}]},{\"@type\":\"ImageObject\",\"inLanguage\":\"de-AT\",\"@id\":\"https:\\\/\\\/audi-klaus.at\\\/shop\\\/produkt\\\/audi-80-90-b2-100-200-c2-vw-golf-2-passat-32b-schiebedach-kurbel-schwarz-443877453b\\\/#primaryimage\",\"url\":\"https:\\\/\\\/audi-klaus.at\\\/shop\\\/wp-content\\\/uploads\\\/2023\\\/01\\\/IA2504-2.jpg\",\"contentUrl\":\"https:\\\/\\\/audi-klaus.at\\\/shop\\\/wp-content\\\/uploads\\\/2023\\\/01\\\/IA2504-2.jpg\",\"width\":480,\"height\":480},{\"@type\":\"BreadcrumbList\",\"@id\":\"https:\\\/\\\/audi-klaus.at\\\/shop\\\/produkt\\\/audi-80-90-b2-100-200-c2-vw-golf-2-passat-32b-schiebedach-kurbel-schwarz-443877453b\\\/#breadcrumb\",\"itemListElement\":[{\"@type\":\"ListItem\",\"position\":1,\"name\":\"Startseite\",\"item\":\"https:\\\/\\\/audi-klaus.at\\\/shop\\\/\"},{\"@type\":\"ListItem\",\"position\":2,\"name\":\"Shop\",\"item\":\"https:\\\/\\\/audi-klaus.at\\\/shop\\\/\"},{\"@type\":\"ListItem\",\"position\":3,\"name\":\"Audi 80\\\/90\\\/B2\\\/100\\\/200\\\/C2\\\/Vw Golf\\\/2\\\/Passat\\\/32B Schiebedach Kurbel schwarz 443877453B\\\/321877453B\"}]},{\"@type\":\"WebSite\",\"@id\":\"https:\\\/\\\/audi-klaus.at\\\/shop\\\/#website\",\"url\":\"https:\\\/\\\/audi-klaus.at\\\/shop\\\/\",\"name\":\"Audi-Klaus\",\"description\":\"Ihr Gebrauchtteile Spezialist f\u00fcr die Marken Audi, VW (VAG)\",\"publisher\":{\"@id\":\"https:\\\/\\\/audi-klaus.at\\\/shop\\\/#organization\"},\"potentialAction\":[{\"@type\":\"SearchAction\",\"target\":{\"@type\":\"EntryPoint\",\"urlTemplate\":\"https:\\\/\\\/audi-klaus.at\\\/shop\\\/?s={search_term_string}\"},\"query-input\":{\"@type\":\"PropertyValueSpecification\",\"valueRequired\":true,\"valueName\":\"search_term_string\"}}],\"inLanguage\":\"de-AT\"},{\"@type\":\"Organization\",\"@id\":\"https:\\\/\\\/audi-klaus.at\\\/shop\\\/#organization\",\"name\":\"Audi-Klaus\",\"url\":\"https:\\\/\\\/audi-klaus.at\\\/shop\\\/\",\"logo\":{\"@type\":\"ImageObject\",\"inLanguage\":\"de-AT\",\"@id\":\"https:\\\/\\\/audi-klaus.at\\\/shop\\\/#\\\/schema\\\/logo\\\/image\\\/\",\"url\":\"https:\\\/\\\/audi-klaus.at\\\/shop\\\/wp-content\\\/uploads\\\/2024\\\/10\\\/Logo-Shop.webp\",\"contentUrl\":\"https:\\\/\\\/audi-klaus.at\\\/shop\\\/wp-content\\\/uploads\\\/2024\\\/10\\\/Logo-Shop.webp\",\"width\":470,\"height\":164,\"caption\":\"Audi-Klaus\"},\"image\":{\"@id\":\"https:\\\/\\\/audi-klaus.at\\\/shop\\\/#\\\/schema\\\/logo\\\/image\\\/\"},\"sameAs\":[\"https:\\\/\\\/www.facebook.com\\\/audi.klaus.1312\\\/\",\"https:\\\/\\\/www.instagram.com\\\/audi_klaus\\\/?igshid=1eca3qu2mdayg\"]}]}<\/script>\n<!-- \/ Yoast SEO plugin. -->","yoast_head_json":{"title":"Audi 80\/90\/B2\/100\/200\/C2\/Vw Golf\/2\/Passat\/32B Schiebedach Kurbel schwarz 443877453B\/321877453B - Audi-Klaus","description":"Audi-Klaus Audi 80\/90\/B2\/100\/200\/C2\/Vw Golf\/2\/Passat\/32B Schiebedach Kurbel schwarz 443877453B\/321877453B Audi 80\/90\/B2\/100\/200\/C2\/Vw Golf\/2\/Passat\/32B Schiebedach Kurbel schwarz 443877453B","robots":{"index":"index","follow":"follow","max-snippet":"max-snippet:-1","max-image-preview":"max-image-preview:large","max-video-preview":"max-video-preview:-1"},"canonical":"https:\/\/audi-klaus.at\/shop\/produkt\/audi-80-90-b2-100-200-c2-vw-golf-2-passat-32b-schiebedach-kurbel-schwarz-443877453b\/","og_locale":"de_DE","og_type":"article","og_title":"Audi 80\/90\/B2\/100\/200\/C2\/Vw Golf\/2\/Passat\/32B Schiebedach Kurbel schwarz 443877453B\/321877453B - Audi-Klaus","og_description":"Audi-Klaus Audi 80\/90\/B2\/100\/200\/C2\/Vw Golf\/2\/Passat\/32B Schiebedach Kurbel schwarz 443877453B\/321877453B Audi 80\/90\/B2\/100\/200\/C2\/Vw Golf\/2\/Passat\/32B Schiebedach Kurbel schwarz 443877453B","og_url":"https:\/\/audi-klaus.at\/shop\/produkt\/audi-80-90-b2-100-200-c2-vw-golf-2-passat-32b-schiebedach-kurbel-schwarz-443877453b\/","og_site_name":"Audi-Klaus","article_publisher":"https:\/\/www.facebook.com\/audi.klaus.1312\/","article_modified_time":"2026-01-07T20:55:30+00:00","og_image":[{"width":480,"height":480,"url":"https:\/\/audi-klaus.at\/shop\/wp-content\/uploads\/2023\/01\/IA2504-2.jpg","type":"image\/jpeg"}],"twitter_card":"summary_large_image","twitter_misc":{"Gesch\u00e4tzte Lesezeit":"1 Minute"},"schema":{"@context":"https:\/\/schema.org","@graph":[{"@type":"WebPage","@id":"https:\/\/audi-klaus.at\/shop\/produkt\/audi-80-90-b2-100-200-c2-vw-golf-2-passat-32b-schiebedach-kurbel-schwarz-443877453b\/","url":"https:\/\/audi-klaus.at\/shop\/produkt\/audi-80-90-b2-100-200-c2-vw-golf-2-passat-32b-schiebedach-kurbel-schwarz-443877453b\/","name":"Audi 80\/90\/B2\/100\/200\/C2\/Vw Golf\/2\/Passat\/32B Schiebedach Kurbel schwarz 443877453B\/321877453B - Audi-Klaus","isPartOf":{"@id":"https:\/\/audi-klaus.at\/shop\/#website"},"primaryImageOfPage":{"@id":"https:\/\/audi-klaus.at\/shop\/produkt\/audi-80-90-b2-100-200-c2-vw-golf-2-passat-32b-schiebedach-kurbel-schwarz-443877453b\/#primaryimage"},"image":{"@id":"https:\/\/audi-klaus.at\/shop\/produkt\/audi-80-90-b2-100-200-c2-vw-golf-2-passat-32b-schiebedach-kurbel-schwarz-443877453b\/#primaryimage"},"thumbnailUrl":"https:\/\/audi-klaus.at\/shop\/wp-content\/uploads\/2023\/01\/IA2504-2.jpg","datePublished":"2023-01-26T09:54:01+00:00","dateModified":"2026-01-07T20:55:30+00:00","description":"Audi-Klaus Audi 80\/90\/B2\/100\/200\/C2\/Vw Golf\/2\/Passat\/32B Schiebedach Kurbel schwarz 443877453B\/321877453B Audi 80\/90\/B2\/100\/200\/C2\/Vw Golf\/2\/Passat\/32B Schiebedach Kurbel schwarz 443877453B","breadcrumb":{"@id":"https:\/\/audi-klaus.at\/shop\/produkt\/audi-80-90-b2-100-200-c2-vw-golf-2-passat-32b-schiebedach-kurbel-schwarz-443877453b\/#breadcrumb"},"inLanguage":"de-AT","potentialAction":[{"@type":"ReadAction","target":["https:\/\/audi-klaus.at\/shop\/produkt\/audi-80-90-b2-100-200-c2-vw-golf-2-passat-32b-schiebedach-kurbel-schwarz-443877453b\/"]}]},{"@type":"ImageObject","inLanguage":"de-AT","@id":"https:\/\/audi-klaus.at\/shop\/produkt\/audi-80-90-b2-100-200-c2-vw-golf-2-passat-32b-schiebedach-kurbel-schwarz-443877453b\/#primaryimage","url":"https:\/\/audi-klaus.at\/shop\/wp-content\/uploads\/2023\/01\/IA2504-2.jpg","contentUrl":"https:\/\/audi-klaus.at\/shop\/wp-content\/uploads\/2023\/01\/IA2504-2.jpg","width":480,"height":480},{"@type":"BreadcrumbList","@id":"https:\/\/audi-klaus.at\/shop\/produkt\/audi-80-90-b2-100-200-c2-vw-golf-2-passat-32b-schiebedach-kurbel-schwarz-443877453b\/#breadcrumb","itemListElement":[{"@type":"ListItem","position":1,"name":"Startseite","item":"https:\/\/audi-klaus.at\/shop\/"},{"@type":"ListItem","position":2,"name":"Shop","item":"https:\/\/audi-klaus.at\/shop\/"},{"@type":"ListItem","position":3,"name":"Audi 80\/90\/B2\/100\/200\/C2\/Vw Golf\/2\/Passat\/32B Schiebedach Kurbel schwarz 443877453B\/321877453B"}]},{"@type":"WebSite","@id":"https:\/\/audi-klaus.at\/shop\/#website","url":"https:\/\/audi-klaus.at\/shop\/","name":"Audi-Klaus","description":"Ihr Gebrauchtteile Spezialist f\u00fcr die Marken Audi, VW (VAG)","publisher":{"@id":"https:\/\/audi-klaus.at\/shop\/#organization"},"potentialAction":[{"@type":"SearchAction","target":{"@type":"EntryPoint","urlTemplate":"https:\/\/audi-klaus.at\/shop\/?s={search_term_string}"},"query-input":{"@type":"PropertyValueSpecification","valueRequired":true,"valueName":"search_term_string"}}],"inLanguage":"de-AT"},{"@type":"Organization","@id":"https:\/\/audi-klaus.at\/shop\/#organization","name":"Audi-Klaus","url":"https:\/\/audi-klaus.at\/shop\/","logo":{"@type":"ImageObject","inLanguage":"de-AT","@id":"https:\/\/audi-klaus.at\/shop\/#\/schema\/logo\/image\/","url":"https:\/\/audi-klaus.at\/shop\/wp-content\/uploads\/2024\/10\/Logo-Shop.webp","contentUrl":"https:\/\/audi-klaus.at\/shop\/wp-content\/uploads\/2024\/10\/Logo-Shop.webp","width":470,"height":164,"caption":"Audi-Klaus"},"image":{"@id":"https:\/\/audi-klaus.at\/shop\/#\/schema\/logo\/image\/"},"sameAs":["https:\/\/www.facebook.com\/audi.klaus.1312\/","https:\/\/www.instagram.com\/audi_klaus\/?igshid=1eca3qu2mdayg"]}]}},"_links":{"self":[{"href":"https:\/\/audi-klaus.at\/shop\/wp-json\/wp\/v2\/product\/54457","targetHints":{"allow":["GET"]}}],"collection":[{"href":"https:\/\/audi-klaus.at\/shop\/wp-json\/wp\/v2\/product"}],"about":[{"href":"https:\/\/audi-klaus.at\/shop\/wp-json\/wp\/v2\/types\/product"}],"wp:featuredmedia":[{"embeddable":true,"href":"https:\/\/audi-klaus.at\/shop\/wp-json\/wp\/v2\/media\/54398"}],"wp:attachment":[{"href":"https:\/\/audi-klaus.at\/shop\/wp-json\/wp\/v2\/media?parent=54457"}],"wp:term":[{"taxonomy":"product_brand","embeddable":true,"href":"https:\/\/audi-klaus.at\/shop\/wp-json\/wp\/v2\/product_brand?post=54457"},{"taxonomy":"product_cat","embeddable":true,"href":"https:\/\/audi-klaus.at\/shop\/wp-json\/wp\/v2\/product_cat?post=54457"},{"taxonomy":"product_tag","embeddable":true,"href":"https:\/\/audi-klaus.at\/shop\/wp-json\/wp\/v2\/product_tag?post=54457"}],"curies":[{"name":"wp","href":"https:\/\/api.w.org\/{rel}","templated":true}]}}