{"id":52840,"date":"2022-12-12T16:06:14","date_gmt":"2022-12-12T15:06:14","guid":{"rendered":"https:\/\/audi-klaus.at\/shop\/?post_type=product&#038;p=52840"},"modified":"2026-01-07T21:55:05","modified_gmt":"2026-01-07T20:55:05","slug":"vw-bus-t2-t3-caddy-1-golf-jetta-scirocco-1-2-passat-b1-b2-santana-dichtring-fuer-automatikgetriebe-3-gang-nos-010409549b","status":"publish","type":"product","link":"https:\/\/audi-klaus.at\/shop\/produkt\/vw-bus-t2-t3-caddy-1-golf-jetta-scirocco-1-2-passat-b1-b2-santana-dichtring-fuer-automatikgetriebe-3-gang-nos-010409549b\/","title":{"rendered":"Vw Bus\/T2\/T3\/Caddy 1\/Golf\/Jetta\/Scirocco\/1\/2\/Passat\/B1\/B2\/Santana Dichtring f\u00fcr Automatikgetriebe 3 Gang NOS 010409549B"},"content":{"rendered":"<h5 class=\"western\"><span style=\"color: #060606\"><span style=\"font-family: Verdana, serif\"><span style=\"font-size: small\"><b>VAG Teilenummer<\/b><\/span><\/span><\/span><span style=\"color: #060606\"><span style=\"font-family: Verdana, serif\"><span style=\"font-size: small\">: 010 409 549B<\/span><\/span><\/span><\/h5>\n<h5 class=\"western\"><span style=\"color: #060606\"><span style=\"font-family: Verdana, serif\"><span style=\"font-size: small\"><b>Zustand: <\/b><\/span><\/span><\/span><span style=\"color: #060606\"><span style=\"font-family: Verdana, serif\"><span style=\"font-size: small\"><span lang=\"de-DE\">NEU<\/span><\/span><\/span><\/span><\/h5>\n<h5 class=\"western\"><span style=\"color: #060606\"><span style=\"font-family: Verdana, serif\"><span style=\"font-size: small\"><b>Lieferumfang:<\/b><\/span><\/span><\/span><span style=\"color: #060606\"><span style=\"font-family: Verdana, serif\"><span style=\"font-size: small\">\u00a0wie in den Original-Abbildungen angegeben<\/span><\/span><\/span><\/h5>\n<h5 class=\"western\"><span style=\"color: #060606\"><span style=\"font-family: Verdana, serif\"><span style=\"font-size: small\"><b>Hinweis:<\/b><\/span><\/span><\/span><span style=\"color: #060606\"><span style=\"font-family: Verdana, serif\"><span style=\"font-size: small\">\u00a0Bitte \u00fcberpr\u00fcfen Sie vor dem Kauf anhand der eindeutigen Teilenummern, ob der Artikel zum Fahrzeug passt, um R\u00fccksendungen zu vermeiden! Trotz Angabe der entsprechenden Fahrzeugdaten ist eine eindeutige Zuordnung nur \u00fcber die Teilenummer m\u00f6glich! Die abgelesene Teilenummer ist die Teilenummer des Teils, welches geliefert wird. Die Originalteilnummer ist diejenige, die bei Neubestellung f\u00fcr dieses Teil gilt und der m\u00f6glicherweise abweichenden, gelieferten Teilenummer entspricht. <\/span><\/span><\/span><\/h5>\n<h5 class=\"western\"><span style=\"color: #060606\"><span style=\"font-family: Verdana, serif\"><span style=\"font-size: small\"><span lang=\"de-DE\">Neu<\/span><\/span><\/span><\/span><span style=\"color: #060606\"><span style=\"font-family: Verdana, serif\"><span style=\"font-size: small\"> mit Gebrauchsspuren in Form von Verunreinigungen\/ kleinen Kratzern m\u00f6glich. Die Ware wird ungereinigt geliefert.<\/span><\/span><\/span><\/h5>\n<h5 class=\"western\"><span style=\"color: #060606\"><span style=\"font-family: Verdana, serif\"><span style=\"font-size: small\">Sollten weitere Fragen offen sein, kontaktieren Sie uns bitte unter\u00a0<\/span><\/span><\/span><a><span style=\"color: #0000ff\"><span style=\"font-family: Verdana, serif\"><span style=\"font-size: small\"><u>office@audi-klaus.at<\/u><\/span><\/span><\/span><\/a><\/h5>\n","protected":false},"excerpt":{"rendered":"<p class=\"western\"><strong><span style=\"color: #000000\"><span style=\"font-family: Source Sans Pro, serif\"><span style=\"font-size: x-large\">Marke: Vw<br \/>\nModell: Bus\/Caddy\/Golf\/Jetta\/Scirocco\/Passat\/Santana<br \/>\nTyp: T2\/T3\/1\/2\/B1\/B2<\/span><\/span><\/span><\/strong><\/p>\n","protected":false},"featured_media":52813,"template":"","meta":[],"product_brand":[],"product_cat":[32],"product_tag":[17636,17637,17638],"class_list":{"0":"post-52840","1":"product","2":"type-product","3":"status-publish","4":"has-post-thumbnail","6":"product_cat-audi","7":"product_tag-010409549b","8":"product_tag-17637","9":"product_tag-m1438","11":"first","12":"outofstock","13":"taxable","14":"shipping-taxable","15":"purchasable","16":"product-type-simple"},"yoast_head":"<!-- This site is optimized with the Yoast SEO plugin v27.4 - https:\/\/yoast.com\/product\/yoast-seo-wordpress\/ -->\n<title>Vw Bus\/T2\/T3\/Caddy 1\/Golf\/Jetta\/Scirocco\/1\/2\/Passat\/B1\/B2\/Santana Dichtring f\u00fcr Automatikgetriebe 3 Gang NOS 010409549B - Audi-Klaus<\/title>\n<meta name=\"description\" content=\"Audi-Klaus Vw Bus\/T2\/T3\/Caddy 1\/Golf\/Jetta\/Scirocco\/1\/2\/Passat\/B1\/B2\/Santana Dichtring f\u00fcr Automatikgetriebe 3 Gang NOS 010409549B Vw Bus\/T2\/T3\/Caddy 1\/Golf\/Jetta\/Scirocco\/1\/2\/Passat\/B1\/B2\/Santana Dichtring f\u00fcr Automatikgetriebe 3 Gang NOS 010409549B\" \/>\n<meta name=\"robots\" content=\"index, follow, max-snippet:-1, max-image-preview:large, max-video-preview:-1\" \/>\n<link rel=\"canonical\" href=\"https:\/\/audi-klaus.at\/shop\/produkt\/vw-bus-t2-t3-caddy-1-golf-jetta-scirocco-1-2-passat-b1-b2-santana-dichtring-fuer-automatikgetriebe-3-gang-nos-010409549b\/\" \/>\n<meta property=\"og:locale\" content=\"de_DE\" \/>\n<meta property=\"og:type\" content=\"article\" \/>\n<meta property=\"og:title\" content=\"Vw Bus\/T2\/T3\/Caddy 1\/Golf\/Jetta\/Scirocco\/1\/2\/Passat\/B1\/B2\/Santana Dichtring f\u00fcr Automatikgetriebe 3 Gang NOS 010409549B - Audi-Klaus\" \/>\n<meta property=\"og:description\" content=\"Audi-Klaus Vw Bus\/T2\/T3\/Caddy 1\/Golf\/Jetta\/Scirocco\/1\/2\/Passat\/B1\/B2\/Santana Dichtring f\u00fcr Automatikgetriebe 3 Gang NOS 010409549B Vw Bus\/T2\/T3\/Caddy 1\/Golf\/Jetta\/Scirocco\/1\/2\/Passat\/B1\/B2\/Santana Dichtring f\u00fcr Automatikgetriebe 3 Gang NOS 010409549B\" \/>\n<meta property=\"og:url\" content=\"https:\/\/audi-klaus.at\/shop\/produkt\/vw-bus-t2-t3-caddy-1-golf-jetta-scirocco-1-2-passat-b1-b2-santana-dichtring-fuer-automatikgetriebe-3-gang-nos-010409549b\/\" \/>\n<meta property=\"og:site_name\" content=\"Audi-Klaus\" \/>\n<meta property=\"article:publisher\" content=\"https:\/\/www.facebook.com\/audi.klaus.1312\/\" \/>\n<meta property=\"article:modified_time\" content=\"2026-01-07T20:55:05+00:00\" \/>\n<meta property=\"og:image\" content=\"https:\/\/audi-klaus.at\/shop\/wp-content\/uploads\/2022\/12\/M1438.jpg\" \/>\n\t<meta property=\"og:image:width\" content=\"418\" \/>\n\t<meta property=\"og:image:height\" content=\"418\" \/>\n\t<meta property=\"og:image:type\" content=\"image\/jpeg\" \/>\n<meta name=\"twitter:card\" content=\"summary_large_image\" \/>\n<meta name=\"twitter:label1\" content=\"Gesch\u00e4tzte Lesezeit\" \/>\n\t<meta name=\"twitter:data1\" content=\"1 Minute\" \/>\n<script type=\"application\/ld+json\" class=\"yoast-schema-graph\">{\"@context\":\"https:\\\/\\\/schema.org\",\"@graph\":[{\"@type\":\"WebPage\",\"@id\":\"https:\\\/\\\/audi-klaus.at\\\/shop\\\/produkt\\\/vw-bus-t2-t3-caddy-1-golf-jetta-scirocco-1-2-passat-b1-b2-santana-dichtring-fuer-automatikgetriebe-3-gang-nos-010409549b\\\/\",\"url\":\"https:\\\/\\\/audi-klaus.at\\\/shop\\\/produkt\\\/vw-bus-t2-t3-caddy-1-golf-jetta-scirocco-1-2-passat-b1-b2-santana-dichtring-fuer-automatikgetriebe-3-gang-nos-010409549b\\\/\",\"name\":\"Vw Bus\\\/T2\\\/T3\\\/Caddy 1\\\/Golf\\\/Jetta\\\/Scirocco\\\/1\\\/2\\\/Passat\\\/B1\\\/B2\\\/Santana Dichtring f\u00fcr Automatikgetriebe 3 Gang NOS 010409549B - Audi-Klaus\",\"isPartOf\":{\"@id\":\"https:\\\/\\\/audi-klaus.at\\\/shop\\\/#website\"},\"primaryImageOfPage\":{\"@id\":\"https:\\\/\\\/audi-klaus.at\\\/shop\\\/produkt\\\/vw-bus-t2-t3-caddy-1-golf-jetta-scirocco-1-2-passat-b1-b2-santana-dichtring-fuer-automatikgetriebe-3-gang-nos-010409549b\\\/#primaryimage\"},\"image\":{\"@id\":\"https:\\\/\\\/audi-klaus.at\\\/shop\\\/produkt\\\/vw-bus-t2-t3-caddy-1-golf-jetta-scirocco-1-2-passat-b1-b2-santana-dichtring-fuer-automatikgetriebe-3-gang-nos-010409549b\\\/#primaryimage\"},\"thumbnailUrl\":\"https:\\\/\\\/audi-klaus.at\\\/shop\\\/wp-content\\\/uploads\\\/2022\\\/12\\\/M1438.jpg\",\"datePublished\":\"2022-12-12T15:06:14+00:00\",\"dateModified\":\"2026-01-07T20:55:05+00:00\",\"description\":\"Audi-Klaus Vw Bus\\\/T2\\\/T3\\\/Caddy 1\\\/Golf\\\/Jetta\\\/Scirocco\\\/1\\\/2\\\/Passat\\\/B1\\\/B2\\\/Santana Dichtring f\u00fcr Automatikgetriebe 3 Gang NOS 010409549B Vw Bus\\\/T2\\\/T3\\\/Caddy 1\\\/Golf\\\/Jetta\\\/Scirocco\\\/1\\\/2\\\/Passat\\\/B1\\\/B2\\\/Santana Dichtring f\u00fcr Automatikgetriebe 3 Gang NOS 010409549B\",\"breadcrumb\":{\"@id\":\"https:\\\/\\\/audi-klaus.at\\\/shop\\\/produkt\\\/vw-bus-t2-t3-caddy-1-golf-jetta-scirocco-1-2-passat-b1-b2-santana-dichtring-fuer-automatikgetriebe-3-gang-nos-010409549b\\\/#breadcrumb\"},\"inLanguage\":\"de-AT\",\"potentialAction\":[{\"@type\":\"ReadAction\",\"target\":[\"https:\\\/\\\/audi-klaus.at\\\/shop\\\/produkt\\\/vw-bus-t2-t3-caddy-1-golf-jetta-scirocco-1-2-passat-b1-b2-santana-dichtring-fuer-automatikgetriebe-3-gang-nos-010409549b\\\/\"]}]},{\"@type\":\"ImageObject\",\"inLanguage\":\"de-AT\",\"@id\":\"https:\\\/\\\/audi-klaus.at\\\/shop\\\/produkt\\\/vw-bus-t2-t3-caddy-1-golf-jetta-scirocco-1-2-passat-b1-b2-santana-dichtring-fuer-automatikgetriebe-3-gang-nos-010409549b\\\/#primaryimage\",\"url\":\"https:\\\/\\\/audi-klaus.at\\\/shop\\\/wp-content\\\/uploads\\\/2022\\\/12\\\/M1438.jpg\",\"contentUrl\":\"https:\\\/\\\/audi-klaus.at\\\/shop\\\/wp-content\\\/uploads\\\/2022\\\/12\\\/M1438.jpg\",\"width\":418,\"height\":418},{\"@type\":\"BreadcrumbList\",\"@id\":\"https:\\\/\\\/audi-klaus.at\\\/shop\\\/produkt\\\/vw-bus-t2-t3-caddy-1-golf-jetta-scirocco-1-2-passat-b1-b2-santana-dichtring-fuer-automatikgetriebe-3-gang-nos-010409549b\\\/#breadcrumb\",\"itemListElement\":[{\"@type\":\"ListItem\",\"position\":1,\"name\":\"Startseite\",\"item\":\"https:\\\/\\\/audi-klaus.at\\\/shop\\\/\"},{\"@type\":\"ListItem\",\"position\":2,\"name\":\"Shop\",\"item\":\"https:\\\/\\\/audi-klaus.at\\\/shop\\\/\"},{\"@type\":\"ListItem\",\"position\":3,\"name\":\"Vw Bus\\\/T2\\\/T3\\\/Caddy 1\\\/Golf\\\/Jetta\\\/Scirocco\\\/1\\\/2\\\/Passat\\\/B1\\\/B2\\\/Santana Dichtring f\u00fcr Automatikgetriebe 3 Gang NOS 010409549B\"}]},{\"@type\":\"WebSite\",\"@id\":\"https:\\\/\\\/audi-klaus.at\\\/shop\\\/#website\",\"url\":\"https:\\\/\\\/audi-klaus.at\\\/shop\\\/\",\"name\":\"Audi-Klaus\",\"description\":\"Ihr Gebrauchtteile Spezialist f\u00fcr die Marken Audi, VW (VAG)\",\"publisher\":{\"@id\":\"https:\\\/\\\/audi-klaus.at\\\/shop\\\/#organization\"},\"potentialAction\":[{\"@type\":\"SearchAction\",\"target\":{\"@type\":\"EntryPoint\",\"urlTemplate\":\"https:\\\/\\\/audi-klaus.at\\\/shop\\\/?s={search_term_string}\"},\"query-input\":{\"@type\":\"PropertyValueSpecification\",\"valueRequired\":true,\"valueName\":\"search_term_string\"}}],\"inLanguage\":\"de-AT\"},{\"@type\":\"Organization\",\"@id\":\"https:\\\/\\\/audi-klaus.at\\\/shop\\\/#organization\",\"name\":\"Audi-Klaus\",\"url\":\"https:\\\/\\\/audi-klaus.at\\\/shop\\\/\",\"logo\":{\"@type\":\"ImageObject\",\"inLanguage\":\"de-AT\",\"@id\":\"https:\\\/\\\/audi-klaus.at\\\/shop\\\/#\\\/schema\\\/logo\\\/image\\\/\",\"url\":\"https:\\\/\\\/audi-klaus.at\\\/shop\\\/wp-content\\\/uploads\\\/2024\\\/10\\\/Logo-Shop.webp\",\"contentUrl\":\"https:\\\/\\\/audi-klaus.at\\\/shop\\\/wp-content\\\/uploads\\\/2024\\\/10\\\/Logo-Shop.webp\",\"width\":470,\"height\":164,\"caption\":\"Audi-Klaus\"},\"image\":{\"@id\":\"https:\\\/\\\/audi-klaus.at\\\/shop\\\/#\\\/schema\\\/logo\\\/image\\\/\"},\"sameAs\":[\"https:\\\/\\\/www.facebook.com\\\/audi.klaus.1312\\\/\",\"https:\\\/\\\/www.instagram.com\\\/audi_klaus\\\/?igshid=1eca3qu2mdayg\"]}]}<\/script>\n<!-- \/ Yoast SEO plugin. -->","yoast_head_json":{"title":"Vw Bus\/T2\/T3\/Caddy 1\/Golf\/Jetta\/Scirocco\/1\/2\/Passat\/B1\/B2\/Santana Dichtring f\u00fcr Automatikgetriebe 3 Gang NOS 010409549B - Audi-Klaus","description":"Audi-Klaus Vw Bus\/T2\/T3\/Caddy 1\/Golf\/Jetta\/Scirocco\/1\/2\/Passat\/B1\/B2\/Santana Dichtring f\u00fcr Automatikgetriebe 3 Gang NOS 010409549B Vw Bus\/T2\/T3\/Caddy 1\/Golf\/Jetta\/Scirocco\/1\/2\/Passat\/B1\/B2\/Santana Dichtring f\u00fcr Automatikgetriebe 3 Gang NOS 010409549B","robots":{"index":"index","follow":"follow","max-snippet":"max-snippet:-1","max-image-preview":"max-image-preview:large","max-video-preview":"max-video-preview:-1"},"canonical":"https:\/\/audi-klaus.at\/shop\/produkt\/vw-bus-t2-t3-caddy-1-golf-jetta-scirocco-1-2-passat-b1-b2-santana-dichtring-fuer-automatikgetriebe-3-gang-nos-010409549b\/","og_locale":"de_DE","og_type":"article","og_title":"Vw Bus\/T2\/T3\/Caddy 1\/Golf\/Jetta\/Scirocco\/1\/2\/Passat\/B1\/B2\/Santana Dichtring f\u00fcr Automatikgetriebe 3 Gang NOS 010409549B - Audi-Klaus","og_description":"Audi-Klaus Vw Bus\/T2\/T3\/Caddy 1\/Golf\/Jetta\/Scirocco\/1\/2\/Passat\/B1\/B2\/Santana Dichtring f\u00fcr Automatikgetriebe 3 Gang NOS 010409549B Vw Bus\/T2\/T3\/Caddy 1\/Golf\/Jetta\/Scirocco\/1\/2\/Passat\/B1\/B2\/Santana Dichtring f\u00fcr Automatikgetriebe 3 Gang NOS 010409549B","og_url":"https:\/\/audi-klaus.at\/shop\/produkt\/vw-bus-t2-t3-caddy-1-golf-jetta-scirocco-1-2-passat-b1-b2-santana-dichtring-fuer-automatikgetriebe-3-gang-nos-010409549b\/","og_site_name":"Audi-Klaus","article_publisher":"https:\/\/www.facebook.com\/audi.klaus.1312\/","article_modified_time":"2026-01-07T20:55:05+00:00","og_image":[{"width":418,"height":418,"url":"https:\/\/audi-klaus.at\/shop\/wp-content\/uploads\/2022\/12\/M1438.jpg","type":"image\/jpeg"}],"twitter_card":"summary_large_image","twitter_misc":{"Gesch\u00e4tzte Lesezeit":"1 Minute"},"schema":{"@context":"https:\/\/schema.org","@graph":[{"@type":"WebPage","@id":"https:\/\/audi-klaus.at\/shop\/produkt\/vw-bus-t2-t3-caddy-1-golf-jetta-scirocco-1-2-passat-b1-b2-santana-dichtring-fuer-automatikgetriebe-3-gang-nos-010409549b\/","url":"https:\/\/audi-klaus.at\/shop\/produkt\/vw-bus-t2-t3-caddy-1-golf-jetta-scirocco-1-2-passat-b1-b2-santana-dichtring-fuer-automatikgetriebe-3-gang-nos-010409549b\/","name":"Vw Bus\/T2\/T3\/Caddy 1\/Golf\/Jetta\/Scirocco\/1\/2\/Passat\/B1\/B2\/Santana Dichtring f\u00fcr Automatikgetriebe 3 Gang NOS 010409549B - Audi-Klaus","isPartOf":{"@id":"https:\/\/audi-klaus.at\/shop\/#website"},"primaryImageOfPage":{"@id":"https:\/\/audi-klaus.at\/shop\/produkt\/vw-bus-t2-t3-caddy-1-golf-jetta-scirocco-1-2-passat-b1-b2-santana-dichtring-fuer-automatikgetriebe-3-gang-nos-010409549b\/#primaryimage"},"image":{"@id":"https:\/\/audi-klaus.at\/shop\/produkt\/vw-bus-t2-t3-caddy-1-golf-jetta-scirocco-1-2-passat-b1-b2-santana-dichtring-fuer-automatikgetriebe-3-gang-nos-010409549b\/#primaryimage"},"thumbnailUrl":"https:\/\/audi-klaus.at\/shop\/wp-content\/uploads\/2022\/12\/M1438.jpg","datePublished":"2022-12-12T15:06:14+00:00","dateModified":"2026-01-07T20:55:05+00:00","description":"Audi-Klaus Vw Bus\/T2\/T3\/Caddy 1\/Golf\/Jetta\/Scirocco\/1\/2\/Passat\/B1\/B2\/Santana Dichtring f\u00fcr Automatikgetriebe 3 Gang NOS 010409549B Vw Bus\/T2\/T3\/Caddy 1\/Golf\/Jetta\/Scirocco\/1\/2\/Passat\/B1\/B2\/Santana Dichtring f\u00fcr Automatikgetriebe 3 Gang NOS 010409549B","breadcrumb":{"@id":"https:\/\/audi-klaus.at\/shop\/produkt\/vw-bus-t2-t3-caddy-1-golf-jetta-scirocco-1-2-passat-b1-b2-santana-dichtring-fuer-automatikgetriebe-3-gang-nos-010409549b\/#breadcrumb"},"inLanguage":"de-AT","potentialAction":[{"@type":"ReadAction","target":["https:\/\/audi-klaus.at\/shop\/produkt\/vw-bus-t2-t3-caddy-1-golf-jetta-scirocco-1-2-passat-b1-b2-santana-dichtring-fuer-automatikgetriebe-3-gang-nos-010409549b\/"]}]},{"@type":"ImageObject","inLanguage":"de-AT","@id":"https:\/\/audi-klaus.at\/shop\/produkt\/vw-bus-t2-t3-caddy-1-golf-jetta-scirocco-1-2-passat-b1-b2-santana-dichtring-fuer-automatikgetriebe-3-gang-nos-010409549b\/#primaryimage","url":"https:\/\/audi-klaus.at\/shop\/wp-content\/uploads\/2022\/12\/M1438.jpg","contentUrl":"https:\/\/audi-klaus.at\/shop\/wp-content\/uploads\/2022\/12\/M1438.jpg","width":418,"height":418},{"@type":"BreadcrumbList","@id":"https:\/\/audi-klaus.at\/shop\/produkt\/vw-bus-t2-t3-caddy-1-golf-jetta-scirocco-1-2-passat-b1-b2-santana-dichtring-fuer-automatikgetriebe-3-gang-nos-010409549b\/#breadcrumb","itemListElement":[{"@type":"ListItem","position":1,"name":"Startseite","item":"https:\/\/audi-klaus.at\/shop\/"},{"@type":"ListItem","position":2,"name":"Shop","item":"https:\/\/audi-klaus.at\/shop\/"},{"@type":"ListItem","position":3,"name":"Vw Bus\/T2\/T3\/Caddy 1\/Golf\/Jetta\/Scirocco\/1\/2\/Passat\/B1\/B2\/Santana Dichtring f\u00fcr Automatikgetriebe 3 Gang NOS 010409549B"}]},{"@type":"WebSite","@id":"https:\/\/audi-klaus.at\/shop\/#website","url":"https:\/\/audi-klaus.at\/shop\/","name":"Audi-Klaus","description":"Ihr Gebrauchtteile Spezialist f\u00fcr die Marken Audi, VW (VAG)","publisher":{"@id":"https:\/\/audi-klaus.at\/shop\/#organization"},"potentialAction":[{"@type":"SearchAction","target":{"@type":"EntryPoint","urlTemplate":"https:\/\/audi-klaus.at\/shop\/?s={search_term_string}"},"query-input":{"@type":"PropertyValueSpecification","valueRequired":true,"valueName":"search_term_string"}}],"inLanguage":"de-AT"},{"@type":"Organization","@id":"https:\/\/audi-klaus.at\/shop\/#organization","name":"Audi-Klaus","url":"https:\/\/audi-klaus.at\/shop\/","logo":{"@type":"ImageObject","inLanguage":"de-AT","@id":"https:\/\/audi-klaus.at\/shop\/#\/schema\/logo\/image\/","url":"https:\/\/audi-klaus.at\/shop\/wp-content\/uploads\/2024\/10\/Logo-Shop.webp","contentUrl":"https:\/\/audi-klaus.at\/shop\/wp-content\/uploads\/2024\/10\/Logo-Shop.webp","width":470,"height":164,"caption":"Audi-Klaus"},"image":{"@id":"https:\/\/audi-klaus.at\/shop\/#\/schema\/logo\/image\/"},"sameAs":["https:\/\/www.facebook.com\/audi.klaus.1312\/","https:\/\/www.instagram.com\/audi_klaus\/?igshid=1eca3qu2mdayg"]}]}},"_links":{"self":[{"href":"https:\/\/audi-klaus.at\/shop\/wp-json\/wp\/v2\/product\/52840","targetHints":{"allow":["GET"]}}],"collection":[{"href":"https:\/\/audi-klaus.at\/shop\/wp-json\/wp\/v2\/product"}],"about":[{"href":"https:\/\/audi-klaus.at\/shop\/wp-json\/wp\/v2\/types\/product"}],"wp:featuredmedia":[{"embeddable":true,"href":"https:\/\/audi-klaus.at\/shop\/wp-json\/wp\/v2\/media\/52813"}],"wp:attachment":[{"href":"https:\/\/audi-klaus.at\/shop\/wp-json\/wp\/v2\/media?parent=52840"}],"wp:term":[{"taxonomy":"product_brand","embeddable":true,"href":"https:\/\/audi-klaus.at\/shop\/wp-json\/wp\/v2\/product_brand?post=52840"},{"taxonomy":"product_cat","embeddable":true,"href":"https:\/\/audi-klaus.at\/shop\/wp-json\/wp\/v2\/product_cat?post=52840"},{"taxonomy":"product_tag","embeddable":true,"href":"https:\/\/audi-klaus.at\/shop\/wp-json\/wp\/v2\/product_tag?post=52840"}],"curies":[{"name":"wp","href":"https:\/\/api.w.org\/{rel}","templated":true}]}}