{"id":49421,"date":"2022-09-26T12:41:47","date_gmt":"2022-09-26T10:41:47","guid":{"rendered":"https:\/\/audi-klaus.at\/shop\/?post_type=product&#038;p=49421"},"modified":"2026-01-07T21:53:37","modified_gmt":"2026-01-07T20:53:37","slug":"vw-golf-jetty-1-derby-polo-scirocco-1-2-wellrohr-abgasrohr-neu-867253177","status":"publish","type":"product","link":"https:\/\/audi-klaus.at\/shop\/produkt\/vw-golf-jetty-1-derby-polo-scirocco-1-2-wellrohr-abgasrohr-neu-867253177\/","title":{"rendered":"Vw Golf\/Jetty\/1\/Derby\/Polo\/Scirocco\/1\/2 Wellrohr Abgasrohr NEU 867253177"},"content":{"rendered":"<h5 class=\"western\"><span style=\"color: #060606;\"><span style=\"font-family: Verdana, serif;\"><span style=\"font-size: small;\"><b>VAG Teilenummer<\/b><\/span><\/span><\/span><span style=\"color: #060606;\"><span style=\"font-family: Verdana, serif;\"><span style=\"font-size: small;\">: 867 253 177<\/span><\/span><\/span><\/h5>\n<h5 class=\"western\"><span style=\"color: #060606;\"><span style=\"font-family: Verdana, serif;\"><span style=\"font-size: small;\"><b>Zustand: <\/b><\/span><\/span><\/span><span style=\"color: #060606;\"><span style=\"font-family: Verdana, serif;\"><span style=\"font-size: small;\"><span lang=\"de-DE\">NEU<\/span><\/span><\/span><\/span><\/h5>\n<h5 class=\"western\"><span style=\"color: #060606;\"><span style=\"font-family: Verdana, serif;\"><span style=\"font-size: small;\"><b>Lieferumfang:<\/b><\/span><\/span><\/span><span style=\"color: #060606;\"><span style=\"font-family: Verdana, serif;\"><span style=\"font-size: small;\">\u00a0wie in den Original-Abbildungen angegeben<\/span><\/span><\/span><\/h5>\n<h5 class=\"western\"><span style=\"color: #060606;\"><span style=\"font-family: Verdana, serif;\"><span style=\"font-size: small;\"><b>Hinweis:<\/b><\/span><\/span><\/span><span style=\"color: #060606;\"><span style=\"font-family: Verdana, serif;\"><span style=\"font-size: small;\">\u00a0Bitte \u00fcberpr\u00fcfen Sie vor dem Kauf anhand der eindeutigen Teilenummern, ob der Artikel zum Fahrzeug passt, um R\u00fccksendungen zu vermeiden! Trotz Angabe der entsprechenden Fahrzeugdaten ist eine eindeutige Zuordnung nur \u00fcber die Teilenummer m\u00f6glich! Die abgelesene Teilenummer ist die Teilenummer des Teils, welches geliefert wird. Die Originalteilnummer ist diejenige, die bei Neubestellung f\u00fcr dieses Teil gilt und der m\u00f6glicherweise abweichenden, gelieferten Teilenummer entspricht. <\/span><\/span><\/span><\/h5>\n<h5 class=\"western\"><span style=\"color: #060606;\"><span style=\"font-family: Verdana, serif;\"><span style=\"font-size: small;\"><span lang=\"de-DE\">Neu<\/span><\/span><\/span><\/span><span style=\"color: #060606;\"><span style=\"font-family: Verdana, serif;\"><span style=\"font-size: small;\"> mit Gebrauchsspuren in Form von Verunreinigungen\/ kleinen Kratzern m\u00f6glich. Die Ware wird ungereinigt geliefert.<\/span><\/span><\/span><\/h5>\n<h5 class=\"western\"><span style=\"color: #060606;\"><span style=\"font-family: Verdana, serif;\"><span style=\"font-size: small;\">Sollten weitere Fragen offen sein, kontaktieren Sie uns bitte unter\u00a0<\/span><\/span><\/span><span style=\"color: #0000ff;\"><span style=\"font-family: Verdana, serif;\"><span style=\"font-size: small;\"><u>office@audi-klaus.at<\/u><\/span><\/span><\/span><\/h5>\n","protected":false},"excerpt":{"rendered":"<p class=\"western\"><strong><span style=\"color: #000000;\"><span style=\"font-family: Source Sans Pro, serif;\"><span style=\"font-size: x-large;\">Marke: Vw<br \/>\nModell: Golf\/Jetta\/Derby\/Polo\/Scirocco<br \/>\nTyp: 1\/1\/2<\/span><\/span><\/span><\/strong><\/p>\n","protected":false},"featured_media":49382,"template":"","meta":[],"product_brand":[],"product_cat":[1204,1512,1211,1592,1212,1215,1164,1216,1165,1225,1167,1270,1170,1382,1172,1452,1173,1462,1193,1492],"product_tag":[16029,16030],"class_list":{"0":"post-49421","1":"product","2":"type-product","3":"status-publish","4":"has-post-thumbnail","6":"product_cat-1-161-1978-1987","7":"product_cat-abgas-2-86c-1981-1990","8":"product_cat-1-53-1974-1981","9":"product_cat-abgas-1977-1979","10":"product_cat-2-53b-1981-1992","11":"product_cat-1-86-1975-1981","12":"product_cat-vw","13":"product_cat-2-86c-1981-1990","14":"product_cat-golf","15":"product_cat-1977-1979","16":"product_cat-jetta","17":"product_cat-abgas-1-171-1974-1985","18":"product_cat-scirocco","19":"product_cat-abgas-1-161-1978-1987","20":"product_cat-polo","21":"product_cat-abgas-1-53-1974-1981","22":"product_cat-derby","23":"product_cat-abgas-2-53b-1981-1992","24":"product_cat-1-171-1974-1985","25":"product_cat-abgas-1-86-1975-1981","26":"product_tag-16029","27":"product_tag-ap119","29":"first","30":"instock","31":"taxable","32":"shipping-taxable","33":"purchasable","34":"product-type-simple"},"yoast_head":"<!-- This site is optimized with the Yoast SEO plugin v27.4 - https:\/\/yoast.com\/product\/yoast-seo-wordpress\/ -->\n<title>Vw Golf\/Jetty\/1\/Derby\/Polo\/Scirocco\/1\/2 Wellrohr Abgasrohr NEU 867253177 - Audi-Klaus<\/title>\n<meta name=\"description\" content=\"Audi-Klaus Vw Golf\/Jetty\/1\/Derby\/Polo\/Scirocco\/1\/2 Wellrohr Abgasrohr NEU 867253177 Vw Golf\/Jetty\/1\/Derby\/Polo\/Scirocco\/1\/2 Wellrohr Abgasrohr NEU 867253177\" \/>\n<meta name=\"robots\" content=\"index, follow, max-snippet:-1, max-image-preview:large, max-video-preview:-1\" \/>\n<link rel=\"canonical\" href=\"https:\/\/audi-klaus.at\/shop\/produkt\/vw-golf-jetty-1-derby-polo-scirocco-1-2-wellrohr-abgasrohr-neu-867253177\/\" \/>\n<meta property=\"og:locale\" content=\"de_DE\" \/>\n<meta property=\"og:type\" content=\"article\" \/>\n<meta property=\"og:title\" content=\"Vw Golf\/Jetty\/1\/Derby\/Polo\/Scirocco\/1\/2 Wellrohr Abgasrohr NEU 867253177 - Audi-Klaus\" \/>\n<meta property=\"og:description\" content=\"Audi-Klaus Vw Golf\/Jetty\/1\/Derby\/Polo\/Scirocco\/1\/2 Wellrohr Abgasrohr NEU 867253177 Vw Golf\/Jetty\/1\/Derby\/Polo\/Scirocco\/1\/2 Wellrohr Abgasrohr NEU 867253177\" \/>\n<meta property=\"og:url\" content=\"https:\/\/audi-klaus.at\/shop\/produkt\/vw-golf-jetty-1-derby-polo-scirocco-1-2-wellrohr-abgasrohr-neu-867253177\/\" \/>\n<meta property=\"og:site_name\" content=\"Audi-Klaus\" \/>\n<meta property=\"article:publisher\" content=\"https:\/\/www.facebook.com\/audi.klaus.1312\/\" \/>\n<meta property=\"article:modified_time\" content=\"2026-01-07T20:53:37+00:00\" \/>\n<meta property=\"og:image\" content=\"https:\/\/audi-klaus.at\/shop\/wp-content\/uploads\/2022\/09\/AP119.jpg\" \/>\n\t<meta property=\"og:image:width\" content=\"418\" \/>\n\t<meta property=\"og:image:height\" content=\"418\" \/>\n\t<meta property=\"og:image:type\" content=\"image\/jpeg\" \/>\n<meta name=\"twitter:card\" content=\"summary_large_image\" \/>\n<meta name=\"twitter:label1\" content=\"Gesch\u00e4tzte Lesezeit\" \/>\n\t<meta name=\"twitter:data1\" content=\"1 Minute\" \/>\n<script type=\"application\/ld+json\" class=\"yoast-schema-graph\">{\"@context\":\"https:\\\/\\\/schema.org\",\"@graph\":[{\"@type\":\"WebPage\",\"@id\":\"https:\\\/\\\/audi-klaus.at\\\/shop\\\/produkt\\\/vw-golf-jetty-1-derby-polo-scirocco-1-2-wellrohr-abgasrohr-neu-867253177\\\/\",\"url\":\"https:\\\/\\\/audi-klaus.at\\\/shop\\\/produkt\\\/vw-golf-jetty-1-derby-polo-scirocco-1-2-wellrohr-abgasrohr-neu-867253177\\\/\",\"name\":\"Vw Golf\\\/Jetty\\\/1\\\/Derby\\\/Polo\\\/Scirocco\\\/1\\\/2 Wellrohr Abgasrohr NEU 867253177 - Audi-Klaus\",\"isPartOf\":{\"@id\":\"https:\\\/\\\/audi-klaus.at\\\/shop\\\/#website\"},\"primaryImageOfPage\":{\"@id\":\"https:\\\/\\\/audi-klaus.at\\\/shop\\\/produkt\\\/vw-golf-jetty-1-derby-polo-scirocco-1-2-wellrohr-abgasrohr-neu-867253177\\\/#primaryimage\"},\"image\":{\"@id\":\"https:\\\/\\\/audi-klaus.at\\\/shop\\\/produkt\\\/vw-golf-jetty-1-derby-polo-scirocco-1-2-wellrohr-abgasrohr-neu-867253177\\\/#primaryimage\"},\"thumbnailUrl\":\"https:\\\/\\\/audi-klaus.at\\\/shop\\\/wp-content\\\/uploads\\\/2022\\\/09\\\/AP119.jpg\",\"datePublished\":\"2022-09-26T10:41:47+00:00\",\"dateModified\":\"2026-01-07T20:53:37+00:00\",\"description\":\"Audi-Klaus Vw Golf\\\/Jetty\\\/1\\\/Derby\\\/Polo\\\/Scirocco\\\/1\\\/2 Wellrohr Abgasrohr NEU 867253177 Vw Golf\\\/Jetty\\\/1\\\/Derby\\\/Polo\\\/Scirocco\\\/1\\\/2 Wellrohr Abgasrohr NEU 867253177\",\"breadcrumb\":{\"@id\":\"https:\\\/\\\/audi-klaus.at\\\/shop\\\/produkt\\\/vw-golf-jetty-1-derby-polo-scirocco-1-2-wellrohr-abgasrohr-neu-867253177\\\/#breadcrumb\"},\"inLanguage\":\"de-AT\",\"potentialAction\":[{\"@type\":\"ReadAction\",\"target\":[\"https:\\\/\\\/audi-klaus.at\\\/shop\\\/produkt\\\/vw-golf-jetty-1-derby-polo-scirocco-1-2-wellrohr-abgasrohr-neu-867253177\\\/\"]}]},{\"@type\":\"ImageObject\",\"inLanguage\":\"de-AT\",\"@id\":\"https:\\\/\\\/audi-klaus.at\\\/shop\\\/produkt\\\/vw-golf-jetty-1-derby-polo-scirocco-1-2-wellrohr-abgasrohr-neu-867253177\\\/#primaryimage\",\"url\":\"https:\\\/\\\/audi-klaus.at\\\/shop\\\/wp-content\\\/uploads\\\/2022\\\/09\\\/AP119.jpg\",\"contentUrl\":\"https:\\\/\\\/audi-klaus.at\\\/shop\\\/wp-content\\\/uploads\\\/2022\\\/09\\\/AP119.jpg\",\"width\":418,\"height\":418},{\"@type\":\"BreadcrumbList\",\"@id\":\"https:\\\/\\\/audi-klaus.at\\\/shop\\\/produkt\\\/vw-golf-jetty-1-derby-polo-scirocco-1-2-wellrohr-abgasrohr-neu-867253177\\\/#breadcrumb\",\"itemListElement\":[{\"@type\":\"ListItem\",\"position\":1,\"name\":\"Startseite\",\"item\":\"https:\\\/\\\/audi-klaus.at\\\/shop\\\/\"},{\"@type\":\"ListItem\",\"position\":2,\"name\":\"Shop\",\"item\":\"https:\\\/\\\/audi-klaus.at\\\/shop\\\/\"},{\"@type\":\"ListItem\",\"position\":3,\"name\":\"Vw Golf\\\/Jetty\\\/1\\\/Derby\\\/Polo\\\/Scirocco\\\/1\\\/2 Wellrohr Abgasrohr NEU 867253177\"}]},{\"@type\":\"WebSite\",\"@id\":\"https:\\\/\\\/audi-klaus.at\\\/shop\\\/#website\",\"url\":\"https:\\\/\\\/audi-klaus.at\\\/shop\\\/\",\"name\":\"Audi-Klaus\",\"description\":\"Ihr Gebrauchtteile Spezialist f\u00fcr die Marken Audi, VW (VAG)\",\"publisher\":{\"@id\":\"https:\\\/\\\/audi-klaus.at\\\/shop\\\/#organization\"},\"potentialAction\":[{\"@type\":\"SearchAction\",\"target\":{\"@type\":\"EntryPoint\",\"urlTemplate\":\"https:\\\/\\\/audi-klaus.at\\\/shop\\\/?s={search_term_string}\"},\"query-input\":{\"@type\":\"PropertyValueSpecification\",\"valueRequired\":true,\"valueName\":\"search_term_string\"}}],\"inLanguage\":\"de-AT\"},{\"@type\":\"Organization\",\"@id\":\"https:\\\/\\\/audi-klaus.at\\\/shop\\\/#organization\",\"name\":\"Audi-Klaus\",\"url\":\"https:\\\/\\\/audi-klaus.at\\\/shop\\\/\",\"logo\":{\"@type\":\"ImageObject\",\"inLanguage\":\"de-AT\",\"@id\":\"https:\\\/\\\/audi-klaus.at\\\/shop\\\/#\\\/schema\\\/logo\\\/image\\\/\",\"url\":\"https:\\\/\\\/audi-klaus.at\\\/shop\\\/wp-content\\\/uploads\\\/2024\\\/10\\\/Logo-Shop.webp\",\"contentUrl\":\"https:\\\/\\\/audi-klaus.at\\\/shop\\\/wp-content\\\/uploads\\\/2024\\\/10\\\/Logo-Shop.webp\",\"width\":470,\"height\":164,\"caption\":\"Audi-Klaus\"},\"image\":{\"@id\":\"https:\\\/\\\/audi-klaus.at\\\/shop\\\/#\\\/schema\\\/logo\\\/image\\\/\"},\"sameAs\":[\"https:\\\/\\\/www.facebook.com\\\/audi.klaus.1312\\\/\",\"https:\\\/\\\/www.instagram.com\\\/audi_klaus\\\/?igshid=1eca3qu2mdayg\"]}]}<\/script>\n<!-- \/ Yoast SEO plugin. -->","yoast_head_json":{"title":"Vw Golf\/Jetty\/1\/Derby\/Polo\/Scirocco\/1\/2 Wellrohr Abgasrohr NEU 867253177 - Audi-Klaus","description":"Audi-Klaus Vw Golf\/Jetty\/1\/Derby\/Polo\/Scirocco\/1\/2 Wellrohr Abgasrohr NEU 867253177 Vw Golf\/Jetty\/1\/Derby\/Polo\/Scirocco\/1\/2 Wellrohr Abgasrohr NEU 867253177","robots":{"index":"index","follow":"follow","max-snippet":"max-snippet:-1","max-image-preview":"max-image-preview:large","max-video-preview":"max-video-preview:-1"},"canonical":"https:\/\/audi-klaus.at\/shop\/produkt\/vw-golf-jetty-1-derby-polo-scirocco-1-2-wellrohr-abgasrohr-neu-867253177\/","og_locale":"de_DE","og_type":"article","og_title":"Vw Golf\/Jetty\/1\/Derby\/Polo\/Scirocco\/1\/2 Wellrohr Abgasrohr NEU 867253177 - Audi-Klaus","og_description":"Audi-Klaus Vw Golf\/Jetty\/1\/Derby\/Polo\/Scirocco\/1\/2 Wellrohr Abgasrohr NEU 867253177 Vw Golf\/Jetty\/1\/Derby\/Polo\/Scirocco\/1\/2 Wellrohr Abgasrohr NEU 867253177","og_url":"https:\/\/audi-klaus.at\/shop\/produkt\/vw-golf-jetty-1-derby-polo-scirocco-1-2-wellrohr-abgasrohr-neu-867253177\/","og_site_name":"Audi-Klaus","article_publisher":"https:\/\/www.facebook.com\/audi.klaus.1312\/","article_modified_time":"2026-01-07T20:53:37+00:00","og_image":[{"width":418,"height":418,"url":"https:\/\/audi-klaus.at\/shop\/wp-content\/uploads\/2022\/09\/AP119.jpg","type":"image\/jpeg"}],"twitter_card":"summary_large_image","twitter_misc":{"Gesch\u00e4tzte Lesezeit":"1 Minute"},"schema":{"@context":"https:\/\/schema.org","@graph":[{"@type":"WebPage","@id":"https:\/\/audi-klaus.at\/shop\/produkt\/vw-golf-jetty-1-derby-polo-scirocco-1-2-wellrohr-abgasrohr-neu-867253177\/","url":"https:\/\/audi-klaus.at\/shop\/produkt\/vw-golf-jetty-1-derby-polo-scirocco-1-2-wellrohr-abgasrohr-neu-867253177\/","name":"Vw Golf\/Jetty\/1\/Derby\/Polo\/Scirocco\/1\/2 Wellrohr Abgasrohr NEU 867253177 - Audi-Klaus","isPartOf":{"@id":"https:\/\/audi-klaus.at\/shop\/#website"},"primaryImageOfPage":{"@id":"https:\/\/audi-klaus.at\/shop\/produkt\/vw-golf-jetty-1-derby-polo-scirocco-1-2-wellrohr-abgasrohr-neu-867253177\/#primaryimage"},"image":{"@id":"https:\/\/audi-klaus.at\/shop\/produkt\/vw-golf-jetty-1-derby-polo-scirocco-1-2-wellrohr-abgasrohr-neu-867253177\/#primaryimage"},"thumbnailUrl":"https:\/\/audi-klaus.at\/shop\/wp-content\/uploads\/2022\/09\/AP119.jpg","datePublished":"2022-09-26T10:41:47+00:00","dateModified":"2026-01-07T20:53:37+00:00","description":"Audi-Klaus Vw Golf\/Jetty\/1\/Derby\/Polo\/Scirocco\/1\/2 Wellrohr Abgasrohr NEU 867253177 Vw Golf\/Jetty\/1\/Derby\/Polo\/Scirocco\/1\/2 Wellrohr Abgasrohr NEU 867253177","breadcrumb":{"@id":"https:\/\/audi-klaus.at\/shop\/produkt\/vw-golf-jetty-1-derby-polo-scirocco-1-2-wellrohr-abgasrohr-neu-867253177\/#breadcrumb"},"inLanguage":"de-AT","potentialAction":[{"@type":"ReadAction","target":["https:\/\/audi-klaus.at\/shop\/produkt\/vw-golf-jetty-1-derby-polo-scirocco-1-2-wellrohr-abgasrohr-neu-867253177\/"]}]},{"@type":"ImageObject","inLanguage":"de-AT","@id":"https:\/\/audi-klaus.at\/shop\/produkt\/vw-golf-jetty-1-derby-polo-scirocco-1-2-wellrohr-abgasrohr-neu-867253177\/#primaryimage","url":"https:\/\/audi-klaus.at\/shop\/wp-content\/uploads\/2022\/09\/AP119.jpg","contentUrl":"https:\/\/audi-klaus.at\/shop\/wp-content\/uploads\/2022\/09\/AP119.jpg","width":418,"height":418},{"@type":"BreadcrumbList","@id":"https:\/\/audi-klaus.at\/shop\/produkt\/vw-golf-jetty-1-derby-polo-scirocco-1-2-wellrohr-abgasrohr-neu-867253177\/#breadcrumb","itemListElement":[{"@type":"ListItem","position":1,"name":"Startseite","item":"https:\/\/audi-klaus.at\/shop\/"},{"@type":"ListItem","position":2,"name":"Shop","item":"https:\/\/audi-klaus.at\/shop\/"},{"@type":"ListItem","position":3,"name":"Vw Golf\/Jetty\/1\/Derby\/Polo\/Scirocco\/1\/2 Wellrohr Abgasrohr NEU 867253177"}]},{"@type":"WebSite","@id":"https:\/\/audi-klaus.at\/shop\/#website","url":"https:\/\/audi-klaus.at\/shop\/","name":"Audi-Klaus","description":"Ihr Gebrauchtteile Spezialist f\u00fcr die Marken Audi, VW (VAG)","publisher":{"@id":"https:\/\/audi-klaus.at\/shop\/#organization"},"potentialAction":[{"@type":"SearchAction","target":{"@type":"EntryPoint","urlTemplate":"https:\/\/audi-klaus.at\/shop\/?s={search_term_string}"},"query-input":{"@type":"PropertyValueSpecification","valueRequired":true,"valueName":"search_term_string"}}],"inLanguage":"de-AT"},{"@type":"Organization","@id":"https:\/\/audi-klaus.at\/shop\/#organization","name":"Audi-Klaus","url":"https:\/\/audi-klaus.at\/shop\/","logo":{"@type":"ImageObject","inLanguage":"de-AT","@id":"https:\/\/audi-klaus.at\/shop\/#\/schema\/logo\/image\/","url":"https:\/\/audi-klaus.at\/shop\/wp-content\/uploads\/2024\/10\/Logo-Shop.webp","contentUrl":"https:\/\/audi-klaus.at\/shop\/wp-content\/uploads\/2024\/10\/Logo-Shop.webp","width":470,"height":164,"caption":"Audi-Klaus"},"image":{"@id":"https:\/\/audi-klaus.at\/shop\/#\/schema\/logo\/image\/"},"sameAs":["https:\/\/www.facebook.com\/audi.klaus.1312\/","https:\/\/www.instagram.com\/audi_klaus\/?igshid=1eca3qu2mdayg"]}]}},"_links":{"self":[{"href":"https:\/\/audi-klaus.at\/shop\/wp-json\/wp\/v2\/product\/49421","targetHints":{"allow":["GET"]}}],"collection":[{"href":"https:\/\/audi-klaus.at\/shop\/wp-json\/wp\/v2\/product"}],"about":[{"href":"https:\/\/audi-klaus.at\/shop\/wp-json\/wp\/v2\/types\/product"}],"wp:featuredmedia":[{"embeddable":true,"href":"https:\/\/audi-klaus.at\/shop\/wp-json\/wp\/v2\/media\/49382"}],"wp:attachment":[{"href":"https:\/\/audi-klaus.at\/shop\/wp-json\/wp\/v2\/media?parent=49421"}],"wp:term":[{"taxonomy":"product_brand","embeddable":true,"href":"https:\/\/audi-klaus.at\/shop\/wp-json\/wp\/v2\/product_brand?post=49421"},{"taxonomy":"product_cat","embeddable":true,"href":"https:\/\/audi-klaus.at\/shop\/wp-json\/wp\/v2\/product_cat?post=49421"},{"taxonomy":"product_tag","embeddable":true,"href":"https:\/\/audi-klaus.at\/shop\/wp-json\/wp\/v2\/product_tag?post=49421"}],"curies":[{"name":"wp","href":"https:\/\/api.w.org\/{rel}","templated":true}]}}