{"id":48706,"date":"2022-09-20T11:21:12","date_gmt":"2022-09-20T09:21:12","guid":{"rendered":"https:\/\/audi-klaus.at\/shop\/?post_type=product&#038;p=48706"},"modified":"2026-01-07T21:53:24","modified_gmt":"2026-01-07T20:53:24","slug":"skoda-fabio-1-audi-a6-c5-stellmotor-neu-vergleichsnr-6y0941295-53496-aic","status":"publish","type":"product","link":"https:\/\/audi-klaus.at\/shop\/produkt\/skoda-fabio-1-audi-a6-c5-stellmotor-neu-vergleichsnr-6y0941295-53496-aic\/","title":{"rendered":"Skoda Fabia\/1\/Audi A6\/C5 Stellmotor NEU Vergleichsnr. 6Y0941295\/53496 AIC"},"content":{"rendered":"<p><strong><span style=\"color: #000000;\"><span style=\"font-family: Source Sans Pro, sans-serif;\"><span style=\"font-size: medium;\"><b>VAG Teilenummer<\/b><\/span><\/span><\/span><\/strong><span style=\"color: #000000;\"><span style=\"font-family: Source Sans Pro, sans-serif;\"><span style=\"font-size: medium;\"><b>:<\/b><\/span><\/span><\/span> 6Y0 941 295, 534 96 AIC\u00a0<span style=\"font-family: Source Sans Pro, sans-serif;\"><span style=\"font-size: medium;\"><br \/>\n<\/span><\/span><strong><span style=\"color: #000000;\"><span style=\"font-family: Source Sans Pro, sans-serif;\"><span style=\"font-size: medium;\"><b>Zustand:<\/b><\/span><\/span><\/span><\/strong><span style=\"color: #000000;\"><span style=\"font-family: Source Sans Pro, sans-serif;\"><span style=\"font-size: medium;\"> Neu<\/span><\/span><\/span><span style=\"font-family: Source Sans Pro, sans-serif;\"><span style=\"font-size: medium;\"><br \/>\n<\/span><\/span><strong><span style=\"color: #000000;\"><span style=\"font-family: Source Sans Pro, sans-serif;\"><span style=\"font-size: medium;\"><b>Lieferumfang:<\/b><\/span><\/span><\/span><\/strong> <span style=\"color: #000000;\"><span style=\"font-family: Source Sans Pro, sans-serif;\"><span style=\"font-size: medium;\">wie in den Original-Abbildungen angegeben<\/span><\/span><\/span><span style=\"font-family: Source Sans Pro, sans-serif;\"><span style=\"font-size: medium;\"><br \/>\n<\/span><\/span><span style=\"color: #000000;\"><span style=\"font-family: Source Sans Pro, sans-serif;\"><span style=\"font-size: medium;\">Hinweis: Bitte \u00fcberpr\u00fcfen Sie vor dem Kauf anhand der eindeutigen Teilenummern, ob der Artikel zum Fahrzeug passt, um R\u00fccksendungen zu vermeiden! Trotz Angabe der entsprechenden Fahrzeugdaten ist eine eindeutige Zuordnung nur \u00fcber die Teilenummer m\u00f6glich! Die abgelesene Teilenummer ist die Teilenummer des Teils, welches geliefert wird. Die Originalteilnummer ist diejenige, die bei Neubestellung f\u00fcr dieses Teil gilt und der m\u00f6glicherweise abweichenden, gelieferten Teilenummer entspricht. Sollten weitere Fragen offen sein, kontaktieren Sie uns bitte unter <\/span><\/span><\/span><a href=\"mailto:office@audi-klaus.at\"><span style=\"font-family: Source Sans Pro, sans-serif;\"><span style=\"font-size: medium;\">office@audi-klaus.at<\/span><\/span><\/a><\/p>\n","protected":false},"excerpt":{"rendered":"<p><strong><span style=\"color: #000000;\"><span style=\"font-family: Source Sans Pro, sans-serif;\"><span style=\"font-size: x-large;\">Marke: Skoda\/Audi<br \/>\nModell: Fabio\/A6<br \/>\nTyp: 1\/C5<\/span><\/span><\/span><\/strong><\/p>\n<p><strong><span style=\"color: #ff0000;\">Nachbau!<\/span><\/strong><\/p>\n","protected":false},"featured_media":48630,"template":"","meta":[],"product_brand":[],"product_cat":[32,372,587,607,1379,2033,2034,2059],"product_tag":[15639,15640,15641],"class_list":{"0":"post-48706","1":"product","2":"type-product","3":"status-publish","4":"has-post-thumbnail","6":"product_cat-audi","7":"product_cat-a6","8":"product_cat-c5-4b-1997-2005","9":"product_cat-elektrik-c5-1997-2005","10":"product_cat-skoda","11":"product_cat-fabia","12":"product_cat-1-6y-1999-2007","13":"product_cat-elektrik-1-6y-1999-2007","14":"product_tag-6y0941295","15":"product_tag-53496-aic","16":"product_tag-e1076","18":"first","19":"instock","20":"taxable","21":"shipping-taxable","22":"purchasable","23":"product-type-simple"},"yoast_head":"<!-- This site is optimized with the Yoast SEO plugin v27.5 - https:\/\/yoast.com\/product\/yoast-seo-wordpress\/ -->\n<title>Skoda Fabia\/1\/Audi A6\/C5 Stellmotor NEU Vergleichsnr. 6Y0941295\/53496 AIC - Audi-Klaus<\/title>\n<meta name=\"description\" content=\"Audi-Klaus Skoda Fabia\/1\/Audi A6\/C5 Stellmotor NEU Vergleichsnr. 6Y0941295\/53496 AIC Skoda Fabio\/1\/Audi A6\/C5 Stellmotor NEU Vergleichsnr. 6Y0941295\/53496 AIC\" \/>\n<meta name=\"robots\" content=\"index, follow, max-snippet:-1, max-image-preview:large, max-video-preview:-1\" \/>\n<link rel=\"canonical\" href=\"https:\/\/audi-klaus.at\/shop\/produkt\/skoda-fabio-1-audi-a6-c5-stellmotor-neu-vergleichsnr-6y0941295-53496-aic\/\" \/>\n<meta property=\"og:locale\" content=\"de_DE\" \/>\n<meta property=\"og:type\" content=\"article\" \/>\n<meta property=\"og:title\" content=\"Skoda Fabia\/1\/Audi A6\/C5 Stellmotor NEU Vergleichsnr. 6Y0941295\/53496 AIC - Audi-Klaus\" \/>\n<meta property=\"og:description\" content=\"Audi-Klaus Skoda Fabia\/1\/Audi A6\/C5 Stellmotor NEU Vergleichsnr. 6Y0941295\/53496 AIC Skoda Fabio\/1\/Audi A6\/C5 Stellmotor NEU Vergleichsnr. 6Y0941295\/53496 AIC\" \/>\n<meta property=\"og:url\" content=\"https:\/\/audi-klaus.at\/shop\/produkt\/skoda-fabio-1-audi-a6-c5-stellmotor-neu-vergleichsnr-6y0941295-53496-aic\/\" \/>\n<meta property=\"og:site_name\" content=\"Audi-Klaus\" \/>\n<meta property=\"article:publisher\" content=\"https:\/\/www.facebook.com\/audi.klaus.1312\/\" \/>\n<meta property=\"article:modified_time\" content=\"2026-01-07T20:53:24+00:00\" \/>\n<meta property=\"og:image\" content=\"https:\/\/audi-klaus.at\/shop\/wp-content\/uploads\/2022\/09\/E1076-1.jpg\" \/>\n\t<meta property=\"og:image:width\" content=\"418\" \/>\n\t<meta property=\"og:image:height\" content=\"418\" \/>\n\t<meta property=\"og:image:type\" content=\"image\/jpeg\" \/>\n<meta name=\"twitter:card\" content=\"summary_large_image\" \/>\n<meta name=\"twitter:label1\" content=\"Gesch\u00e4tzte Lesezeit\" \/>\n\t<meta name=\"twitter:data1\" content=\"1 Minute\" \/>\n<script type=\"application\/ld+json\" class=\"yoast-schema-graph\">{\"@context\":\"https:\\\/\\\/schema.org\",\"@graph\":[{\"@type\":\"WebPage\",\"@id\":\"https:\\\/\\\/audi-klaus.at\\\/shop\\\/produkt\\\/skoda-fabio-1-audi-a6-c5-stellmotor-neu-vergleichsnr-6y0941295-53496-aic\\\/\",\"url\":\"https:\\\/\\\/audi-klaus.at\\\/shop\\\/produkt\\\/skoda-fabio-1-audi-a6-c5-stellmotor-neu-vergleichsnr-6y0941295-53496-aic\\\/\",\"name\":\"Skoda Fabia\\\/1\\\/Audi A6\\\/C5 Stellmotor NEU Vergleichsnr. 6Y0941295\\\/53496 AIC - Audi-Klaus\",\"isPartOf\":{\"@id\":\"https:\\\/\\\/audi-klaus.at\\\/shop\\\/#website\"},\"primaryImageOfPage\":{\"@id\":\"https:\\\/\\\/audi-klaus.at\\\/shop\\\/produkt\\\/skoda-fabio-1-audi-a6-c5-stellmotor-neu-vergleichsnr-6y0941295-53496-aic\\\/#primaryimage\"},\"image\":{\"@id\":\"https:\\\/\\\/audi-klaus.at\\\/shop\\\/produkt\\\/skoda-fabio-1-audi-a6-c5-stellmotor-neu-vergleichsnr-6y0941295-53496-aic\\\/#primaryimage\"},\"thumbnailUrl\":\"https:\\\/\\\/audi-klaus.at\\\/shop\\\/wp-content\\\/uploads\\\/2022\\\/09\\\/E1076-1.jpg\",\"datePublished\":\"2022-09-20T09:21:12+00:00\",\"dateModified\":\"2026-01-07T20:53:24+00:00\",\"description\":\"Audi-Klaus Skoda Fabia\\\/1\\\/Audi A6\\\/C5 Stellmotor NEU Vergleichsnr. 6Y0941295\\\/53496 AIC Skoda Fabio\\\/1\\\/Audi A6\\\/C5 Stellmotor NEU Vergleichsnr. 6Y0941295\\\/53496 AIC\",\"breadcrumb\":{\"@id\":\"https:\\\/\\\/audi-klaus.at\\\/shop\\\/produkt\\\/skoda-fabio-1-audi-a6-c5-stellmotor-neu-vergleichsnr-6y0941295-53496-aic\\\/#breadcrumb\"},\"inLanguage\":\"de-AT\",\"potentialAction\":[{\"@type\":\"ReadAction\",\"target\":[\"https:\\\/\\\/audi-klaus.at\\\/shop\\\/produkt\\\/skoda-fabio-1-audi-a6-c5-stellmotor-neu-vergleichsnr-6y0941295-53496-aic\\\/\"]}]},{\"@type\":\"ImageObject\",\"inLanguage\":\"de-AT\",\"@id\":\"https:\\\/\\\/audi-klaus.at\\\/shop\\\/produkt\\\/skoda-fabio-1-audi-a6-c5-stellmotor-neu-vergleichsnr-6y0941295-53496-aic\\\/#primaryimage\",\"url\":\"https:\\\/\\\/audi-klaus.at\\\/shop\\\/wp-content\\\/uploads\\\/2022\\\/09\\\/E1076-1.jpg\",\"contentUrl\":\"https:\\\/\\\/audi-klaus.at\\\/shop\\\/wp-content\\\/uploads\\\/2022\\\/09\\\/E1076-1.jpg\",\"width\":418,\"height\":418},{\"@type\":\"BreadcrumbList\",\"@id\":\"https:\\\/\\\/audi-klaus.at\\\/shop\\\/produkt\\\/skoda-fabio-1-audi-a6-c5-stellmotor-neu-vergleichsnr-6y0941295-53496-aic\\\/#breadcrumb\",\"itemListElement\":[{\"@type\":\"ListItem\",\"position\":1,\"name\":\"Startseite\",\"item\":\"https:\\\/\\\/audi-klaus.at\\\/shop\\\/\"},{\"@type\":\"ListItem\",\"position\":2,\"name\":\"Shop\",\"item\":\"https:\\\/\\\/audi-klaus.at\\\/shop\\\/\"},{\"@type\":\"ListItem\",\"position\":3,\"name\":\"Skoda Fabia\\\/1\\\/Audi A6\\\/C5 Stellmotor NEU Vergleichsnr. 6Y0941295\\\/53496 AIC\"}]},{\"@type\":\"WebSite\",\"@id\":\"https:\\\/\\\/audi-klaus.at\\\/shop\\\/#website\",\"url\":\"https:\\\/\\\/audi-klaus.at\\\/shop\\\/\",\"name\":\"Audi-Klaus\",\"description\":\"Ihr Gebrauchtteile Spezialist f\u00fcr die Marken Audi, VW (VAG)\",\"publisher\":{\"@id\":\"https:\\\/\\\/audi-klaus.at\\\/shop\\\/#organization\"},\"potentialAction\":[{\"@type\":\"SearchAction\",\"target\":{\"@type\":\"EntryPoint\",\"urlTemplate\":\"https:\\\/\\\/audi-klaus.at\\\/shop\\\/?s={search_term_string}\"},\"query-input\":{\"@type\":\"PropertyValueSpecification\",\"valueRequired\":true,\"valueName\":\"search_term_string\"}}],\"inLanguage\":\"de-AT\"},{\"@type\":\"Organization\",\"@id\":\"https:\\\/\\\/audi-klaus.at\\\/shop\\\/#organization\",\"name\":\"Audi-Klaus\",\"url\":\"https:\\\/\\\/audi-klaus.at\\\/shop\\\/\",\"logo\":{\"@type\":\"ImageObject\",\"inLanguage\":\"de-AT\",\"@id\":\"https:\\\/\\\/audi-klaus.at\\\/shop\\\/#\\\/schema\\\/logo\\\/image\\\/\",\"url\":\"https:\\\/\\\/audi-klaus.at\\\/shop\\\/wp-content\\\/uploads\\\/2024\\\/10\\\/Logo-Shop.webp\",\"contentUrl\":\"https:\\\/\\\/audi-klaus.at\\\/shop\\\/wp-content\\\/uploads\\\/2024\\\/10\\\/Logo-Shop.webp\",\"width\":470,\"height\":164,\"caption\":\"Audi-Klaus\"},\"image\":{\"@id\":\"https:\\\/\\\/audi-klaus.at\\\/shop\\\/#\\\/schema\\\/logo\\\/image\\\/\"},\"sameAs\":[\"https:\\\/\\\/www.facebook.com\\\/audi.klaus.1312\\\/\",\"https:\\\/\\\/www.instagram.com\\\/audi_klaus\\\/?igshid=1eca3qu2mdayg\"]}]}<\/script>\n<!-- \/ Yoast SEO plugin. -->","yoast_head_json":{"title":"Skoda Fabia\/1\/Audi A6\/C5 Stellmotor NEU Vergleichsnr. 6Y0941295\/53496 AIC - Audi-Klaus","description":"Audi-Klaus Skoda Fabia\/1\/Audi A6\/C5 Stellmotor NEU Vergleichsnr. 6Y0941295\/53496 AIC Skoda Fabio\/1\/Audi A6\/C5 Stellmotor NEU Vergleichsnr. 6Y0941295\/53496 AIC","robots":{"index":"index","follow":"follow","max-snippet":"max-snippet:-1","max-image-preview":"max-image-preview:large","max-video-preview":"max-video-preview:-1"},"canonical":"https:\/\/audi-klaus.at\/shop\/produkt\/skoda-fabio-1-audi-a6-c5-stellmotor-neu-vergleichsnr-6y0941295-53496-aic\/","og_locale":"de_DE","og_type":"article","og_title":"Skoda Fabia\/1\/Audi A6\/C5 Stellmotor NEU Vergleichsnr. 6Y0941295\/53496 AIC - Audi-Klaus","og_description":"Audi-Klaus Skoda Fabia\/1\/Audi A6\/C5 Stellmotor NEU Vergleichsnr. 6Y0941295\/53496 AIC Skoda Fabio\/1\/Audi A6\/C5 Stellmotor NEU Vergleichsnr. 6Y0941295\/53496 AIC","og_url":"https:\/\/audi-klaus.at\/shop\/produkt\/skoda-fabio-1-audi-a6-c5-stellmotor-neu-vergleichsnr-6y0941295-53496-aic\/","og_site_name":"Audi-Klaus","article_publisher":"https:\/\/www.facebook.com\/audi.klaus.1312\/","article_modified_time":"2026-01-07T20:53:24+00:00","og_image":[{"width":418,"height":418,"url":"https:\/\/audi-klaus.at\/shop\/wp-content\/uploads\/2022\/09\/E1076-1.jpg","type":"image\/jpeg"}],"twitter_card":"summary_large_image","twitter_misc":{"Gesch\u00e4tzte Lesezeit":"1 Minute"},"schema":{"@context":"https:\/\/schema.org","@graph":[{"@type":"WebPage","@id":"https:\/\/audi-klaus.at\/shop\/produkt\/skoda-fabio-1-audi-a6-c5-stellmotor-neu-vergleichsnr-6y0941295-53496-aic\/","url":"https:\/\/audi-klaus.at\/shop\/produkt\/skoda-fabio-1-audi-a6-c5-stellmotor-neu-vergleichsnr-6y0941295-53496-aic\/","name":"Skoda Fabia\/1\/Audi A6\/C5 Stellmotor NEU Vergleichsnr. 6Y0941295\/53496 AIC - Audi-Klaus","isPartOf":{"@id":"https:\/\/audi-klaus.at\/shop\/#website"},"primaryImageOfPage":{"@id":"https:\/\/audi-klaus.at\/shop\/produkt\/skoda-fabio-1-audi-a6-c5-stellmotor-neu-vergleichsnr-6y0941295-53496-aic\/#primaryimage"},"image":{"@id":"https:\/\/audi-klaus.at\/shop\/produkt\/skoda-fabio-1-audi-a6-c5-stellmotor-neu-vergleichsnr-6y0941295-53496-aic\/#primaryimage"},"thumbnailUrl":"https:\/\/audi-klaus.at\/shop\/wp-content\/uploads\/2022\/09\/E1076-1.jpg","datePublished":"2022-09-20T09:21:12+00:00","dateModified":"2026-01-07T20:53:24+00:00","description":"Audi-Klaus Skoda Fabia\/1\/Audi A6\/C5 Stellmotor NEU Vergleichsnr. 6Y0941295\/53496 AIC Skoda Fabio\/1\/Audi A6\/C5 Stellmotor NEU Vergleichsnr. 6Y0941295\/53496 AIC","breadcrumb":{"@id":"https:\/\/audi-klaus.at\/shop\/produkt\/skoda-fabio-1-audi-a6-c5-stellmotor-neu-vergleichsnr-6y0941295-53496-aic\/#breadcrumb"},"inLanguage":"de-AT","potentialAction":[{"@type":"ReadAction","target":["https:\/\/audi-klaus.at\/shop\/produkt\/skoda-fabio-1-audi-a6-c5-stellmotor-neu-vergleichsnr-6y0941295-53496-aic\/"]}]},{"@type":"ImageObject","inLanguage":"de-AT","@id":"https:\/\/audi-klaus.at\/shop\/produkt\/skoda-fabio-1-audi-a6-c5-stellmotor-neu-vergleichsnr-6y0941295-53496-aic\/#primaryimage","url":"https:\/\/audi-klaus.at\/shop\/wp-content\/uploads\/2022\/09\/E1076-1.jpg","contentUrl":"https:\/\/audi-klaus.at\/shop\/wp-content\/uploads\/2022\/09\/E1076-1.jpg","width":418,"height":418},{"@type":"BreadcrumbList","@id":"https:\/\/audi-klaus.at\/shop\/produkt\/skoda-fabio-1-audi-a6-c5-stellmotor-neu-vergleichsnr-6y0941295-53496-aic\/#breadcrumb","itemListElement":[{"@type":"ListItem","position":1,"name":"Startseite","item":"https:\/\/audi-klaus.at\/shop\/"},{"@type":"ListItem","position":2,"name":"Shop","item":"https:\/\/audi-klaus.at\/shop\/"},{"@type":"ListItem","position":3,"name":"Skoda Fabia\/1\/Audi A6\/C5 Stellmotor NEU Vergleichsnr. 6Y0941295\/53496 AIC"}]},{"@type":"WebSite","@id":"https:\/\/audi-klaus.at\/shop\/#website","url":"https:\/\/audi-klaus.at\/shop\/","name":"Audi-Klaus","description":"Ihr Gebrauchtteile Spezialist f\u00fcr die Marken Audi, VW (VAG)","publisher":{"@id":"https:\/\/audi-klaus.at\/shop\/#organization"},"potentialAction":[{"@type":"SearchAction","target":{"@type":"EntryPoint","urlTemplate":"https:\/\/audi-klaus.at\/shop\/?s={search_term_string}"},"query-input":{"@type":"PropertyValueSpecification","valueRequired":true,"valueName":"search_term_string"}}],"inLanguage":"de-AT"},{"@type":"Organization","@id":"https:\/\/audi-klaus.at\/shop\/#organization","name":"Audi-Klaus","url":"https:\/\/audi-klaus.at\/shop\/","logo":{"@type":"ImageObject","inLanguage":"de-AT","@id":"https:\/\/audi-klaus.at\/shop\/#\/schema\/logo\/image\/","url":"https:\/\/audi-klaus.at\/shop\/wp-content\/uploads\/2024\/10\/Logo-Shop.webp","contentUrl":"https:\/\/audi-klaus.at\/shop\/wp-content\/uploads\/2024\/10\/Logo-Shop.webp","width":470,"height":164,"caption":"Audi-Klaus"},"image":{"@id":"https:\/\/audi-klaus.at\/shop\/#\/schema\/logo\/image\/"},"sameAs":["https:\/\/www.facebook.com\/audi.klaus.1312\/","https:\/\/www.instagram.com\/audi_klaus\/?igshid=1eca3qu2mdayg"]}]}},"_links":{"self":[{"href":"https:\/\/audi-klaus.at\/shop\/wp-json\/wp\/v2\/product\/48706","targetHints":{"allow":["GET"]}}],"collection":[{"href":"https:\/\/audi-klaus.at\/shop\/wp-json\/wp\/v2\/product"}],"about":[{"href":"https:\/\/audi-klaus.at\/shop\/wp-json\/wp\/v2\/types\/product"}],"wp:featuredmedia":[{"embeddable":true,"href":"https:\/\/audi-klaus.at\/shop\/wp-json\/wp\/v2\/media\/48630"}],"wp:attachment":[{"href":"https:\/\/audi-klaus.at\/shop\/wp-json\/wp\/v2\/media?parent=48706"}],"wp:term":[{"taxonomy":"product_brand","embeddable":true,"href":"https:\/\/audi-klaus.at\/shop\/wp-json\/wp\/v2\/product_brand?post=48706"},{"taxonomy":"product_cat","embeddable":true,"href":"https:\/\/audi-klaus.at\/shop\/wp-json\/wp\/v2\/product_cat?post=48706"},{"taxonomy":"product_tag","embeddable":true,"href":"https:\/\/audi-klaus.at\/shop\/wp-json\/wp\/v2\/product_tag?post=48706"}],"curies":[{"name":"wp","href":"https:\/\/api.w.org\/{rel}","templated":true}]}}