{"id":46887,"date":"2022-08-17T15:20:22","date_gmt":"2022-08-17T13:20:22","guid":{"rendered":"https:\/\/audi-klaus.at\/shop\/?post_type=product&#038;p=46887"},"modified":"2026-01-07T21:52:46","modified_gmt":"2026-01-07T20:52:46","slug":"audi-a3-8l-a4-b5-a6-4b-vw-passat-3b-golf-4-schleifring-nos-1j0959654q","status":"publish","type":"product","link":"https:\/\/audi-klaus.at\/shop\/produkt\/audi-a3-8l-a4-b5-a6-4b-vw-passat-3b-golf-4-schleifring-nos-1j0959654q\/","title":{"rendered":"Audi A3\/8L\/A4\/B5\/A6\/4B\/VW Passat\/3B\/Golf\/4 Schleifring NOS 1J0959654Q"},"content":{"rendered":"<p><strong><span style=\"color: #000000\"><span style=\"font-family: Source Sans Pro, sans-serif\"><span style=\"font-size: medium\"><b>VAG Teilenummer<\/b><\/span><\/span><\/span><\/strong><span style=\"color: #000000\"><span style=\"font-family: Source Sans Pro, sans-serif\"><span style=\"font-size: medium\"><b>:<\/b><\/span><\/span><\/span> 1J0 959 654Q<span style=\"font-family: Source Sans Pro, sans-serif\"><span style=\"font-size: medium\"><br \/>\n<\/span><\/span><strong><span style=\"color: #000000\"><span style=\"font-family: Source Sans Pro, sans-serif\"><span style=\"font-size: medium\"><b>Zustand:<\/b><\/span><\/span><\/span><\/strong><span style=\"color: #000000\"><span style=\"font-family: Source Sans Pro, sans-serif\"><span style=\"font-size: medium\"> Neu<\/span><\/span><\/span><span style=\"font-family: Source Sans Pro, sans-serif\"><span style=\"font-size: medium\"><br \/>\n<\/span><\/span><strong><span style=\"color: #000000\"><span style=\"font-family: Source Sans Pro, sans-serif\"><span style=\"font-size: medium\"><b>Lieferumfang:<\/b><\/span><\/span><\/span><\/strong> <span style=\"color: #000000\"><span style=\"font-family: Source Sans Pro, sans-serif\"><span style=\"font-size: medium\">wie in den Original-Abbildungen angegeben<\/span><\/span><\/span><span style=\"font-family: Source Sans Pro, sans-serif\"><span style=\"font-size: medium\"><br \/>\n<\/span><\/span><span style=\"color: #000000\"><span style=\"font-family: Source Sans Pro, sans-serif\"><span style=\"font-size: medium\">Hinweis: Bitte \u00fcberpr\u00fcfen Sie vor dem Kauf anhand der eindeutigen Teilenummern, ob der Artikel zum Fahrzeug passt, um R\u00fccksendungen zu vermeiden! Trotz Angabe der entsprechenden Fahrzeugdaten ist eine eindeutige Zuordnung nur \u00fcber die Teilenummer m\u00f6glich! Die abgelesene Teilenummer ist die Teilenummer des Teils, welches geliefert wird. Die Originalteilnummer ist diejenige, die bei Neubestellung f\u00fcr dieses Teil gilt und der m\u00f6glicherweise abweichenden, gelieferten Teilenummer entspricht. Sollten weitere Fragen offen sein, kontaktieren Sie uns bitte unter <\/span><\/span><\/span><a href=\"mailto:office@audi-klaus.at\"><span style=\"font-family: Source Sans Pro, sans-serif\"><span style=\"font-size: medium\">office@audi-klaus.at<\/span><\/span><\/a><\/p>\n","protected":false},"excerpt":{"rendered":"<h5><strong><span style=\"font-size: 18pt\">Marke: Audi\/<\/span><\/strong><strong><span style=\"font-size: 18pt\">VW<\/span><\/strong><\/h5>\n<h5><strong><span style=\"font-size: 18pt\">Modell: A3\/A4\/A6\/<\/span><\/strong><strong><span style=\"font-size: 18pt\">Golf\/Passat<\/span><\/strong><\/h5>\n<h5><strong><span style=\"font-size: 18pt\">Typ: 8L\/B5\/4B\/<\/span><\/strong><strong><span style=\"font-size: 18pt\">4\/3B<\/span><\/strong><\/h5>\n","protected":false},"featured_media":46875,"template":"","meta":[],"product_brand":[],"product_cat":[587,605,1164,32,1165,369,1176,370,1196,372,1233,453,1303,462,1675,497,507],"product_tag":[14834,14835,3185],"class_list":{"0":"post-46887","1":"product","2":"type-product","3":"status-publish","4":"has-post-thumbnail","6":"product_cat-c5-4b-1997-2005","7":"product_cat-vorder-hinterachse-c5-1997-2005","8":"product_cat-vw","9":"product_cat-audi","10":"product_cat-golf","11":"product_cat-a3","12":"product_cat-passat","13":"product_cat-a4","14":"product_cat-4-1j-1997-2007","15":"product_cat-a6","16":"product_cat-b5-3b-1996-2005","17":"product_cat-8l-1996-2003","18":"product_cat-vorder-hinterachse-4-1j-1997-2007","19":"product_cat-vorder-hinterachse-8l-1996-2003","20":"product_cat-vorder-hinterachse-b5-3b-1996-2005","21":"product_cat-b5-1994-2001","22":"product_cat-vorder-hinterachse-b5-1994-2001","23":"product_tag-1j0959654q","24":"product_tag-l227","25":"product_tag-1j0959654","27":"first","28":"outofstock","29":"taxable","30":"shipping-taxable","31":"purchasable","32":"product-type-simple"},"yoast_head":"<!-- This site is optimized with the Yoast SEO plugin v27.6 - https:\/\/yoast.com\/product\/yoast-seo-wordpress\/ -->\n<title>Audi A3\/8L\/A4\/B5\/A6\/4B\/VW Passat\/3B\/Golf\/4 Schleifring NOS 1J0959654Q - Audi-Klaus<\/title>\n<meta name=\"description\" content=\"Audi-Klaus Audi A3\/8L\/A4\/B5\/A6\/4B\/VW Passat\/3B\/Golf\/4 Schleifring NOS 1J0959654Q Audi A3\/8L\/A4\/B5\/A6\/4B\/VW Passat\/3B\/Golf\/4 Schleifring NOS 1J0959654Q\" \/>\n<meta name=\"robots\" content=\"index, follow, max-snippet:-1, max-image-preview:large, max-video-preview:-1\" \/>\n<link rel=\"canonical\" href=\"https:\/\/audi-klaus.at\/shop\/produkt\/audi-a3-8l-a4-b5-a6-4b-vw-passat-3b-golf-4-schleifring-nos-1j0959654q\/\" \/>\n<meta property=\"og:locale\" content=\"de_DE\" \/>\n<meta property=\"og:type\" content=\"article\" \/>\n<meta property=\"og:title\" content=\"Audi A3\/8L\/A4\/B5\/A6\/4B\/VW Passat\/3B\/Golf\/4 Schleifring NOS 1J0959654Q - Audi-Klaus\" \/>\n<meta property=\"og:description\" content=\"Audi-Klaus Audi A3\/8L\/A4\/B5\/A6\/4B\/VW Passat\/3B\/Golf\/4 Schleifring NOS 1J0959654Q Audi A3\/8L\/A4\/B5\/A6\/4B\/VW Passat\/3B\/Golf\/4 Schleifring NOS 1J0959654Q\" \/>\n<meta property=\"og:url\" content=\"https:\/\/audi-klaus.at\/shop\/produkt\/audi-a3-8l-a4-b5-a6-4b-vw-passat-3b-golf-4-schleifring-nos-1j0959654q\/\" \/>\n<meta property=\"og:site_name\" content=\"Audi-Klaus\" \/>\n<meta property=\"article:publisher\" content=\"https:\/\/www.facebook.com\/audi.klaus.1312\/\" \/>\n<meta property=\"article:modified_time\" content=\"2026-01-07T20:52:46+00:00\" \/>\n<meta property=\"og:image\" content=\"https:\/\/audi-klaus.at\/shop\/wp-content\/uploads\/2022\/08\/L227-3.jpg\" \/>\n\t<meta property=\"og:image:width\" content=\"418\" \/>\n\t<meta property=\"og:image:height\" content=\"418\" \/>\n\t<meta property=\"og:image:type\" content=\"image\/jpeg\" \/>\n<meta name=\"twitter:card\" content=\"summary_large_image\" \/>\n<meta name=\"twitter:label1\" content=\"Gesch\u00e4tzte Lesezeit\" \/>\n\t<meta name=\"twitter:data1\" content=\"1 Minute\" \/>\n<script type=\"application\/ld+json\" class=\"yoast-schema-graph\">{\"@context\":\"https:\\\/\\\/schema.org\",\"@graph\":[{\"@type\":\"WebPage\",\"@id\":\"https:\\\/\\\/audi-klaus.at\\\/shop\\\/produkt\\\/audi-a3-8l-a4-b5-a6-4b-vw-passat-3b-golf-4-schleifring-nos-1j0959654q\\\/\",\"url\":\"https:\\\/\\\/audi-klaus.at\\\/shop\\\/produkt\\\/audi-a3-8l-a4-b5-a6-4b-vw-passat-3b-golf-4-schleifring-nos-1j0959654q\\\/\",\"name\":\"Audi A3\\\/8L\\\/A4\\\/B5\\\/A6\\\/4B\\\/VW Passat\\\/3B\\\/Golf\\\/4 Schleifring NOS 1J0959654Q - Audi-Klaus\",\"isPartOf\":{\"@id\":\"https:\\\/\\\/audi-klaus.at\\\/shop\\\/#website\"},\"primaryImageOfPage\":{\"@id\":\"https:\\\/\\\/audi-klaus.at\\\/shop\\\/produkt\\\/audi-a3-8l-a4-b5-a6-4b-vw-passat-3b-golf-4-schleifring-nos-1j0959654q\\\/#primaryimage\"},\"image\":{\"@id\":\"https:\\\/\\\/audi-klaus.at\\\/shop\\\/produkt\\\/audi-a3-8l-a4-b5-a6-4b-vw-passat-3b-golf-4-schleifring-nos-1j0959654q\\\/#primaryimage\"},\"thumbnailUrl\":\"https:\\\/\\\/audi-klaus.at\\\/shop\\\/wp-content\\\/uploads\\\/2022\\\/08\\\/L227-3.jpg\",\"datePublished\":\"2022-08-17T13:20:22+00:00\",\"dateModified\":\"2026-01-07T20:52:46+00:00\",\"description\":\"Audi-Klaus Audi A3\\\/8L\\\/A4\\\/B5\\\/A6\\\/4B\\\/VW Passat\\\/3B\\\/Golf\\\/4 Schleifring NOS 1J0959654Q Audi A3\\\/8L\\\/A4\\\/B5\\\/A6\\\/4B\\\/VW Passat\\\/3B\\\/Golf\\\/4 Schleifring NOS 1J0959654Q\",\"breadcrumb\":{\"@id\":\"https:\\\/\\\/audi-klaus.at\\\/shop\\\/produkt\\\/audi-a3-8l-a4-b5-a6-4b-vw-passat-3b-golf-4-schleifring-nos-1j0959654q\\\/#breadcrumb\"},\"inLanguage\":\"de-AT\",\"potentialAction\":[{\"@type\":\"ReadAction\",\"target\":[\"https:\\\/\\\/audi-klaus.at\\\/shop\\\/produkt\\\/audi-a3-8l-a4-b5-a6-4b-vw-passat-3b-golf-4-schleifring-nos-1j0959654q\\\/\"]}]},{\"@type\":\"ImageObject\",\"inLanguage\":\"de-AT\",\"@id\":\"https:\\\/\\\/audi-klaus.at\\\/shop\\\/produkt\\\/audi-a3-8l-a4-b5-a6-4b-vw-passat-3b-golf-4-schleifring-nos-1j0959654q\\\/#primaryimage\",\"url\":\"https:\\\/\\\/audi-klaus.at\\\/shop\\\/wp-content\\\/uploads\\\/2022\\\/08\\\/L227-3.jpg\",\"contentUrl\":\"https:\\\/\\\/audi-klaus.at\\\/shop\\\/wp-content\\\/uploads\\\/2022\\\/08\\\/L227-3.jpg\",\"width\":418,\"height\":418},{\"@type\":\"BreadcrumbList\",\"@id\":\"https:\\\/\\\/audi-klaus.at\\\/shop\\\/produkt\\\/audi-a3-8l-a4-b5-a6-4b-vw-passat-3b-golf-4-schleifring-nos-1j0959654q\\\/#breadcrumb\",\"itemListElement\":[{\"@type\":\"ListItem\",\"position\":1,\"name\":\"Startseite\",\"item\":\"https:\\\/\\\/audi-klaus.at\\\/shop\\\/\"},{\"@type\":\"ListItem\",\"position\":2,\"name\":\"Shop\",\"item\":\"https:\\\/\\\/audi-klaus.at\\\/shop\\\/\"},{\"@type\":\"ListItem\",\"position\":3,\"name\":\"Audi A3\\\/8L\\\/A4\\\/B5\\\/A6\\\/4B\\\/VW Passat\\\/3B\\\/Golf\\\/4 Schleifring NOS 1J0959654Q\"}]},{\"@type\":\"WebSite\",\"@id\":\"https:\\\/\\\/audi-klaus.at\\\/shop\\\/#website\",\"url\":\"https:\\\/\\\/audi-klaus.at\\\/shop\\\/\",\"name\":\"Audi-Klaus\",\"description\":\"Ihr Gebrauchtteile Spezialist f\u00fcr die Marken Audi, VW (VAG)\",\"publisher\":{\"@id\":\"https:\\\/\\\/audi-klaus.at\\\/shop\\\/#organization\"},\"potentialAction\":[{\"@type\":\"SearchAction\",\"target\":{\"@type\":\"EntryPoint\",\"urlTemplate\":\"https:\\\/\\\/audi-klaus.at\\\/shop\\\/?s={search_term_string}\"},\"query-input\":{\"@type\":\"PropertyValueSpecification\",\"valueRequired\":true,\"valueName\":\"search_term_string\"}}],\"inLanguage\":\"de-AT\"},{\"@type\":\"Organization\",\"@id\":\"https:\\\/\\\/audi-klaus.at\\\/shop\\\/#organization\",\"name\":\"Audi-Klaus\",\"url\":\"https:\\\/\\\/audi-klaus.at\\\/shop\\\/\",\"logo\":{\"@type\":\"ImageObject\",\"inLanguage\":\"de-AT\",\"@id\":\"https:\\\/\\\/audi-klaus.at\\\/shop\\\/#\\\/schema\\\/logo\\\/image\\\/\",\"url\":\"https:\\\/\\\/audi-klaus.at\\\/shop\\\/wp-content\\\/uploads\\\/2024\\\/10\\\/Logo-Shop.webp\",\"contentUrl\":\"https:\\\/\\\/audi-klaus.at\\\/shop\\\/wp-content\\\/uploads\\\/2024\\\/10\\\/Logo-Shop.webp\",\"width\":470,\"height\":164,\"caption\":\"Audi-Klaus\"},\"image\":{\"@id\":\"https:\\\/\\\/audi-klaus.at\\\/shop\\\/#\\\/schema\\\/logo\\\/image\\\/\"},\"sameAs\":[\"https:\\\/\\\/www.facebook.com\\\/audi.klaus.1312\\\/\",\"https:\\\/\\\/www.instagram.com\\\/audi_klaus\\\/?igshid=1eca3qu2mdayg\"]}]}<\/script>\n<!-- \/ Yoast SEO plugin. -->","yoast_head_json":{"title":"Audi A3\/8L\/A4\/B5\/A6\/4B\/VW Passat\/3B\/Golf\/4 Schleifring NOS 1J0959654Q - Audi-Klaus","description":"Audi-Klaus Audi A3\/8L\/A4\/B5\/A6\/4B\/VW Passat\/3B\/Golf\/4 Schleifring NOS 1J0959654Q Audi A3\/8L\/A4\/B5\/A6\/4B\/VW Passat\/3B\/Golf\/4 Schleifring NOS 1J0959654Q","robots":{"index":"index","follow":"follow","max-snippet":"max-snippet:-1","max-image-preview":"max-image-preview:large","max-video-preview":"max-video-preview:-1"},"canonical":"https:\/\/audi-klaus.at\/shop\/produkt\/audi-a3-8l-a4-b5-a6-4b-vw-passat-3b-golf-4-schleifring-nos-1j0959654q\/","og_locale":"de_DE","og_type":"article","og_title":"Audi A3\/8L\/A4\/B5\/A6\/4B\/VW Passat\/3B\/Golf\/4 Schleifring NOS 1J0959654Q - Audi-Klaus","og_description":"Audi-Klaus Audi A3\/8L\/A4\/B5\/A6\/4B\/VW Passat\/3B\/Golf\/4 Schleifring NOS 1J0959654Q Audi A3\/8L\/A4\/B5\/A6\/4B\/VW Passat\/3B\/Golf\/4 Schleifring NOS 1J0959654Q","og_url":"https:\/\/audi-klaus.at\/shop\/produkt\/audi-a3-8l-a4-b5-a6-4b-vw-passat-3b-golf-4-schleifring-nos-1j0959654q\/","og_site_name":"Audi-Klaus","article_publisher":"https:\/\/www.facebook.com\/audi.klaus.1312\/","article_modified_time":"2026-01-07T20:52:46+00:00","og_image":[{"width":418,"height":418,"url":"https:\/\/audi-klaus.at\/shop\/wp-content\/uploads\/2022\/08\/L227-3.jpg","type":"image\/jpeg"}],"twitter_card":"summary_large_image","twitter_misc":{"Gesch\u00e4tzte Lesezeit":"1 Minute"},"schema":{"@context":"https:\/\/schema.org","@graph":[{"@type":"WebPage","@id":"https:\/\/audi-klaus.at\/shop\/produkt\/audi-a3-8l-a4-b5-a6-4b-vw-passat-3b-golf-4-schleifring-nos-1j0959654q\/","url":"https:\/\/audi-klaus.at\/shop\/produkt\/audi-a3-8l-a4-b5-a6-4b-vw-passat-3b-golf-4-schleifring-nos-1j0959654q\/","name":"Audi A3\/8L\/A4\/B5\/A6\/4B\/VW Passat\/3B\/Golf\/4 Schleifring NOS 1J0959654Q - Audi-Klaus","isPartOf":{"@id":"https:\/\/audi-klaus.at\/shop\/#website"},"primaryImageOfPage":{"@id":"https:\/\/audi-klaus.at\/shop\/produkt\/audi-a3-8l-a4-b5-a6-4b-vw-passat-3b-golf-4-schleifring-nos-1j0959654q\/#primaryimage"},"image":{"@id":"https:\/\/audi-klaus.at\/shop\/produkt\/audi-a3-8l-a4-b5-a6-4b-vw-passat-3b-golf-4-schleifring-nos-1j0959654q\/#primaryimage"},"thumbnailUrl":"https:\/\/audi-klaus.at\/shop\/wp-content\/uploads\/2022\/08\/L227-3.jpg","datePublished":"2022-08-17T13:20:22+00:00","dateModified":"2026-01-07T20:52:46+00:00","description":"Audi-Klaus Audi A3\/8L\/A4\/B5\/A6\/4B\/VW Passat\/3B\/Golf\/4 Schleifring NOS 1J0959654Q Audi A3\/8L\/A4\/B5\/A6\/4B\/VW Passat\/3B\/Golf\/4 Schleifring NOS 1J0959654Q","breadcrumb":{"@id":"https:\/\/audi-klaus.at\/shop\/produkt\/audi-a3-8l-a4-b5-a6-4b-vw-passat-3b-golf-4-schleifring-nos-1j0959654q\/#breadcrumb"},"inLanguage":"de-AT","potentialAction":[{"@type":"ReadAction","target":["https:\/\/audi-klaus.at\/shop\/produkt\/audi-a3-8l-a4-b5-a6-4b-vw-passat-3b-golf-4-schleifring-nos-1j0959654q\/"]}]},{"@type":"ImageObject","inLanguage":"de-AT","@id":"https:\/\/audi-klaus.at\/shop\/produkt\/audi-a3-8l-a4-b5-a6-4b-vw-passat-3b-golf-4-schleifring-nos-1j0959654q\/#primaryimage","url":"https:\/\/audi-klaus.at\/shop\/wp-content\/uploads\/2022\/08\/L227-3.jpg","contentUrl":"https:\/\/audi-klaus.at\/shop\/wp-content\/uploads\/2022\/08\/L227-3.jpg","width":418,"height":418},{"@type":"BreadcrumbList","@id":"https:\/\/audi-klaus.at\/shop\/produkt\/audi-a3-8l-a4-b5-a6-4b-vw-passat-3b-golf-4-schleifring-nos-1j0959654q\/#breadcrumb","itemListElement":[{"@type":"ListItem","position":1,"name":"Startseite","item":"https:\/\/audi-klaus.at\/shop\/"},{"@type":"ListItem","position":2,"name":"Shop","item":"https:\/\/audi-klaus.at\/shop\/"},{"@type":"ListItem","position":3,"name":"Audi A3\/8L\/A4\/B5\/A6\/4B\/VW Passat\/3B\/Golf\/4 Schleifring NOS 1J0959654Q"}]},{"@type":"WebSite","@id":"https:\/\/audi-klaus.at\/shop\/#website","url":"https:\/\/audi-klaus.at\/shop\/","name":"Audi-Klaus","description":"Ihr Gebrauchtteile Spezialist f\u00fcr die Marken Audi, VW (VAG)","publisher":{"@id":"https:\/\/audi-klaus.at\/shop\/#organization"},"potentialAction":[{"@type":"SearchAction","target":{"@type":"EntryPoint","urlTemplate":"https:\/\/audi-klaus.at\/shop\/?s={search_term_string}"},"query-input":{"@type":"PropertyValueSpecification","valueRequired":true,"valueName":"search_term_string"}}],"inLanguage":"de-AT"},{"@type":"Organization","@id":"https:\/\/audi-klaus.at\/shop\/#organization","name":"Audi-Klaus","url":"https:\/\/audi-klaus.at\/shop\/","logo":{"@type":"ImageObject","inLanguage":"de-AT","@id":"https:\/\/audi-klaus.at\/shop\/#\/schema\/logo\/image\/","url":"https:\/\/audi-klaus.at\/shop\/wp-content\/uploads\/2024\/10\/Logo-Shop.webp","contentUrl":"https:\/\/audi-klaus.at\/shop\/wp-content\/uploads\/2024\/10\/Logo-Shop.webp","width":470,"height":164,"caption":"Audi-Klaus"},"image":{"@id":"https:\/\/audi-klaus.at\/shop\/#\/schema\/logo\/image\/"},"sameAs":["https:\/\/www.facebook.com\/audi.klaus.1312\/","https:\/\/www.instagram.com\/audi_klaus\/?igshid=1eca3qu2mdayg"]}]}},"_links":{"self":[{"href":"https:\/\/audi-klaus.at\/shop\/wp-json\/wp\/v2\/product\/46887","targetHints":{"allow":["GET"]}}],"collection":[{"href":"https:\/\/audi-klaus.at\/shop\/wp-json\/wp\/v2\/product"}],"about":[{"href":"https:\/\/audi-klaus.at\/shop\/wp-json\/wp\/v2\/types\/product"}],"wp:featuredmedia":[{"embeddable":true,"href":"https:\/\/audi-klaus.at\/shop\/wp-json\/wp\/v2\/media\/46875"}],"wp:attachment":[{"href":"https:\/\/audi-klaus.at\/shop\/wp-json\/wp\/v2\/media?parent=46887"}],"wp:term":[{"taxonomy":"product_brand","embeddable":true,"href":"https:\/\/audi-klaus.at\/shop\/wp-json\/wp\/v2\/product_brand?post=46887"},{"taxonomy":"product_cat","embeddable":true,"href":"https:\/\/audi-klaus.at\/shop\/wp-json\/wp\/v2\/product_cat?post=46887"},{"taxonomy":"product_tag","embeddable":true,"href":"https:\/\/audi-klaus.at\/shop\/wp-json\/wp\/v2\/product_tag?post=46887"}],"curies":[{"name":"wp","href":"https:\/\/api.w.org\/{rel}","templated":true}]}}