{"id":46724,"date":"2022-08-16T17:42:38","date_gmt":"2022-08-16T15:42:38","guid":{"rendered":"https:\/\/audi-klaus.at\/shop\/?post_type=product&#038;p=46724"},"modified":"2026-01-07T21:52:45","modified_gmt":"2026-01-07T20:52:45","slug":"audi-a1-a3-a4-a5-a6-a7-a8-r8-fussraum-beleuchtung-nos-4e0947415","status":"publish","type":"product","link":"https:\/\/audi-klaus.at\/shop\/produkt\/audi-a1-a3-a4-a5-a6-a7-a8-r8-fussraum-beleuchtung-nos-4e0947415\/","title":{"rendered":"Audi A1\/A3\/A4\/A5\/A6\/A7\/A8\/R8 Fu\u00dfraum Beleuchtung NOS 4E0947415"},"content":{"rendered":"<p><strong><span style=\"color: #000000\"><span style=\"font-family: Source Sans Pro, sans-serif\"><span style=\"font-size: medium\"><b>VAG Teilenummer<\/b><\/span><\/span><\/span><\/strong><span style=\"color: #000000\"><span style=\"font-family: Source Sans Pro, sans-serif\"><span style=\"font-size: medium\"><b>:<\/b><\/span><\/span><\/span> 4E0 947 415<span style=\"font-family: Source Sans Pro, sans-serif\"><span style=\"font-size: medium\"><br \/>\n<\/span><\/span><strong><span style=\"color: #000000\"><span style=\"font-family: Source Sans Pro, sans-serif\"><span style=\"font-size: medium\"><b>Zustand:<\/b><\/span><\/span><\/span><\/strong><span style=\"color: #000000\"><span style=\"font-family: Source Sans Pro, sans-serif\"><span style=\"font-size: medium\">\u00a0<\/span><\/span><\/span><span style=\"color: #000000;font-family: Source Sans Pro, sans-serif;font-size: medium\"><span>Neu\u00a0<\/span><\/span><br \/>\n<strong><span style=\"color: #000000\"><span style=\"font-family: Source Sans Pro, sans-serif\"><span style=\"font-size: medium\"><b>Lieferumfang:<\/b><\/span><\/span><\/span><\/strong> <span style=\"color: #000000\"><span style=\"font-family: Source Sans Pro, sans-serif\"><span style=\"font-size: medium\">wie in den Original-Abbildungen angegeben<\/span><\/span><\/span><span style=\"font-family: Source Sans Pro, sans-serif\"><span style=\"font-size: medium\"><br \/>\n<\/span><\/span><span style=\"color: #000000\"><span style=\"font-family: Source Sans Pro, sans-serif\"><span style=\"font-size: medium\">Hinweis: Bitte \u00fcberpr\u00fcfen Sie vor dem Kauf anhand der eindeutigen Teilenummern, ob der Artikel zum Fahrzeug passt, um R\u00fccksendungen zu vermeiden! Trotz Angabe der entsprechenden Fahrzeugdaten ist eine eindeutige Zuordnung nur \u00fcber die Teilenummer m\u00f6glich! Die abgelesene Teilenummer ist die Teilenummer des Teils, welches geliefert wird. Die Originalteilnummer ist diejenige, die bei Neubestellung f\u00fcr dieses Teil gilt und der m\u00f6glicherweise abweichenden, gelieferten Teilenummer entspricht. Sollten weitere Fragen offen sein, kontaktieren Sie uns bitte unter <\/span><\/span><\/span><a href=\"mailto:office@audi-klaus.at\"><span style=\"font-family: Source Sans Pro, sans-serif\"><span style=\"font-size: medium\">office@audi-klaus.at<\/span><\/span><\/a><\/p>\n","protected":false},"excerpt":{"rendered":"<p><strong><span style=\"color: #000000\"><span style=\"font-family: Source Sans Pro, sans-serif\"><span style=\"font-size: x-large\">Marke: Audi<br \/>\nModell: A1\/A3\/A4\/A5\/A6\/A7\/A8\/R8<\/span><\/span><\/span><\/strong><\/p>\n","protected":false},"featured_media":46574,"template":"","meta":[],"product_brand":[],"product_cat":[367,369,370,371,372,373,374,32],"product_tag":[14786,14787],"class_list":{"0":"post-46724","1":"product","2":"type-product","3":"status-publish","4":"has-post-thumbnail","6":"product_cat-a1-audi","7":"product_cat-a3","8":"product_cat-a4","9":"product_cat-a5","10":"product_cat-a6","11":"product_cat-a7","12":"product_cat-a8","13":"product_cat-audi","14":"product_tag-14786","15":"product_tag-ia2209","17":"first","18":"instock","19":"taxable","20":"shipping-taxable","21":"purchasable","22":"product-type-simple"},"yoast_head":"<!-- This site is optimized with the Yoast SEO plugin v27.5 - https:\/\/yoast.com\/product\/yoast-seo-wordpress\/ -->\n<title>Audi A1\/A3\/A4\/A5\/A6\/A7\/A8\/R8 Fu\u00dfraum Beleuchtung NOS 4E0947415 - Audi-Klaus<\/title>\n<meta name=\"description\" content=\"Audi-Klaus Audi A1\/A3\/A4\/A5\/A6\/A7\/A8\/R8 Fu\u00dfraum Beleuchtung NOS 4E0947415 Audi A1\/A3\/A4\/A5\/A6\/A7\/A8\/R8 Fu\u00dfraum Beleuchtung NOS 4E0947415\" \/>\n<meta name=\"robots\" content=\"index, follow, max-snippet:-1, max-image-preview:large, max-video-preview:-1\" \/>\n<link rel=\"canonical\" href=\"https:\/\/audi-klaus.at\/shop\/produkt\/audi-a1-a3-a4-a5-a6-a7-a8-r8-fussraum-beleuchtung-nos-4e0947415\/\" \/>\n<meta property=\"og:locale\" content=\"de_DE\" \/>\n<meta property=\"og:type\" content=\"article\" \/>\n<meta property=\"og:title\" content=\"Audi A1\/A3\/A4\/A5\/A6\/A7\/A8\/R8 Fu\u00dfraum Beleuchtung NOS 4E0947415 - Audi-Klaus\" \/>\n<meta property=\"og:description\" content=\"Audi-Klaus Audi A1\/A3\/A4\/A5\/A6\/A7\/A8\/R8 Fu\u00dfraum Beleuchtung NOS 4E0947415 Audi A1\/A3\/A4\/A5\/A6\/A7\/A8\/R8 Fu\u00dfraum Beleuchtung NOS 4E0947415\" \/>\n<meta property=\"og:url\" content=\"https:\/\/audi-klaus.at\/shop\/produkt\/audi-a1-a3-a4-a5-a6-a7-a8-r8-fussraum-beleuchtung-nos-4e0947415\/\" \/>\n<meta property=\"og:site_name\" content=\"Audi-Klaus\" \/>\n<meta property=\"article:publisher\" content=\"https:\/\/www.facebook.com\/audi.klaus.1312\/\" \/>\n<meta property=\"article:modified_time\" content=\"2026-01-07T20:52:45+00:00\" \/>\n<meta property=\"og:image\" content=\"https:\/\/audi-klaus.at\/shop\/wp-content\/uploads\/2022\/08\/IA2209-2.jpg\" \/>\n\t<meta property=\"og:image:width\" content=\"418\" \/>\n\t<meta property=\"og:image:height\" content=\"418\" \/>\n\t<meta property=\"og:image:type\" content=\"image\/jpeg\" \/>\n<meta name=\"twitter:card\" content=\"summary_large_image\" \/>\n<meta name=\"twitter:label1\" content=\"Gesch\u00e4tzte Lesezeit\" \/>\n\t<meta name=\"twitter:data1\" content=\"1 Minute\" \/>\n<script type=\"application\/ld+json\" class=\"yoast-schema-graph\">{\"@context\":\"https:\\\/\\\/schema.org\",\"@graph\":[{\"@type\":\"WebPage\",\"@id\":\"https:\\\/\\\/audi-klaus.at\\\/shop\\\/produkt\\\/audi-a1-a3-a4-a5-a6-a7-a8-r8-fussraum-beleuchtung-nos-4e0947415\\\/\",\"url\":\"https:\\\/\\\/audi-klaus.at\\\/shop\\\/produkt\\\/audi-a1-a3-a4-a5-a6-a7-a8-r8-fussraum-beleuchtung-nos-4e0947415\\\/\",\"name\":\"Audi A1\\\/A3\\\/A4\\\/A5\\\/A6\\\/A7\\\/A8\\\/R8 Fu\u00dfraum Beleuchtung NOS 4E0947415 - Audi-Klaus\",\"isPartOf\":{\"@id\":\"https:\\\/\\\/audi-klaus.at\\\/shop\\\/#website\"},\"primaryImageOfPage\":{\"@id\":\"https:\\\/\\\/audi-klaus.at\\\/shop\\\/produkt\\\/audi-a1-a3-a4-a5-a6-a7-a8-r8-fussraum-beleuchtung-nos-4e0947415\\\/#primaryimage\"},\"image\":{\"@id\":\"https:\\\/\\\/audi-klaus.at\\\/shop\\\/produkt\\\/audi-a1-a3-a4-a5-a6-a7-a8-r8-fussraum-beleuchtung-nos-4e0947415\\\/#primaryimage\"},\"thumbnailUrl\":\"https:\\\/\\\/audi-klaus.at\\\/shop\\\/wp-content\\\/uploads\\\/2022\\\/08\\\/IA2209-2.jpg\",\"datePublished\":\"2022-08-16T15:42:38+00:00\",\"dateModified\":\"2026-01-07T20:52:45+00:00\",\"description\":\"Audi-Klaus Audi A1\\\/A3\\\/A4\\\/A5\\\/A6\\\/A7\\\/A8\\\/R8 Fu\u00dfraum Beleuchtung NOS 4E0947415 Audi A1\\\/A3\\\/A4\\\/A5\\\/A6\\\/A7\\\/A8\\\/R8 Fu\u00dfraum Beleuchtung NOS 4E0947415\",\"breadcrumb\":{\"@id\":\"https:\\\/\\\/audi-klaus.at\\\/shop\\\/produkt\\\/audi-a1-a3-a4-a5-a6-a7-a8-r8-fussraum-beleuchtung-nos-4e0947415\\\/#breadcrumb\"},\"inLanguage\":\"de-AT\",\"potentialAction\":[{\"@type\":\"ReadAction\",\"target\":[\"https:\\\/\\\/audi-klaus.at\\\/shop\\\/produkt\\\/audi-a1-a3-a4-a5-a6-a7-a8-r8-fussraum-beleuchtung-nos-4e0947415\\\/\"]}]},{\"@type\":\"ImageObject\",\"inLanguage\":\"de-AT\",\"@id\":\"https:\\\/\\\/audi-klaus.at\\\/shop\\\/produkt\\\/audi-a1-a3-a4-a5-a6-a7-a8-r8-fussraum-beleuchtung-nos-4e0947415\\\/#primaryimage\",\"url\":\"https:\\\/\\\/audi-klaus.at\\\/shop\\\/wp-content\\\/uploads\\\/2022\\\/08\\\/IA2209-2.jpg\",\"contentUrl\":\"https:\\\/\\\/audi-klaus.at\\\/shop\\\/wp-content\\\/uploads\\\/2022\\\/08\\\/IA2209-2.jpg\",\"width\":418,\"height\":418},{\"@type\":\"BreadcrumbList\",\"@id\":\"https:\\\/\\\/audi-klaus.at\\\/shop\\\/produkt\\\/audi-a1-a3-a4-a5-a6-a7-a8-r8-fussraum-beleuchtung-nos-4e0947415\\\/#breadcrumb\",\"itemListElement\":[{\"@type\":\"ListItem\",\"position\":1,\"name\":\"Startseite\",\"item\":\"https:\\\/\\\/audi-klaus.at\\\/shop\\\/\"},{\"@type\":\"ListItem\",\"position\":2,\"name\":\"Shop\",\"item\":\"https:\\\/\\\/audi-klaus.at\\\/shop\\\/\"},{\"@type\":\"ListItem\",\"position\":3,\"name\":\"Audi A1\\\/A3\\\/A4\\\/A5\\\/A6\\\/A7\\\/A8\\\/R8 Fu\u00dfraum Beleuchtung NOS 4E0947415\"}]},{\"@type\":\"WebSite\",\"@id\":\"https:\\\/\\\/audi-klaus.at\\\/shop\\\/#website\",\"url\":\"https:\\\/\\\/audi-klaus.at\\\/shop\\\/\",\"name\":\"Audi-Klaus\",\"description\":\"Ihr Gebrauchtteile Spezialist f\u00fcr die Marken Audi, VW (VAG)\",\"publisher\":{\"@id\":\"https:\\\/\\\/audi-klaus.at\\\/shop\\\/#organization\"},\"potentialAction\":[{\"@type\":\"SearchAction\",\"target\":{\"@type\":\"EntryPoint\",\"urlTemplate\":\"https:\\\/\\\/audi-klaus.at\\\/shop\\\/?s={search_term_string}\"},\"query-input\":{\"@type\":\"PropertyValueSpecification\",\"valueRequired\":true,\"valueName\":\"search_term_string\"}}],\"inLanguage\":\"de-AT\"},{\"@type\":\"Organization\",\"@id\":\"https:\\\/\\\/audi-klaus.at\\\/shop\\\/#organization\",\"name\":\"Audi-Klaus\",\"url\":\"https:\\\/\\\/audi-klaus.at\\\/shop\\\/\",\"logo\":{\"@type\":\"ImageObject\",\"inLanguage\":\"de-AT\",\"@id\":\"https:\\\/\\\/audi-klaus.at\\\/shop\\\/#\\\/schema\\\/logo\\\/image\\\/\",\"url\":\"https:\\\/\\\/audi-klaus.at\\\/shop\\\/wp-content\\\/uploads\\\/2024\\\/10\\\/Logo-Shop.webp\",\"contentUrl\":\"https:\\\/\\\/audi-klaus.at\\\/shop\\\/wp-content\\\/uploads\\\/2024\\\/10\\\/Logo-Shop.webp\",\"width\":470,\"height\":164,\"caption\":\"Audi-Klaus\"},\"image\":{\"@id\":\"https:\\\/\\\/audi-klaus.at\\\/shop\\\/#\\\/schema\\\/logo\\\/image\\\/\"},\"sameAs\":[\"https:\\\/\\\/www.facebook.com\\\/audi.klaus.1312\\\/\",\"https:\\\/\\\/www.instagram.com\\\/audi_klaus\\\/?igshid=1eca3qu2mdayg\"]}]}<\/script>\n<!-- \/ Yoast SEO plugin. -->","yoast_head_json":{"title":"Audi A1\/A3\/A4\/A5\/A6\/A7\/A8\/R8 Fu\u00dfraum Beleuchtung NOS 4E0947415 - Audi-Klaus","description":"Audi-Klaus Audi A1\/A3\/A4\/A5\/A6\/A7\/A8\/R8 Fu\u00dfraum Beleuchtung NOS 4E0947415 Audi A1\/A3\/A4\/A5\/A6\/A7\/A8\/R8 Fu\u00dfraum Beleuchtung NOS 4E0947415","robots":{"index":"index","follow":"follow","max-snippet":"max-snippet:-1","max-image-preview":"max-image-preview:large","max-video-preview":"max-video-preview:-1"},"canonical":"https:\/\/audi-klaus.at\/shop\/produkt\/audi-a1-a3-a4-a5-a6-a7-a8-r8-fussraum-beleuchtung-nos-4e0947415\/","og_locale":"de_DE","og_type":"article","og_title":"Audi A1\/A3\/A4\/A5\/A6\/A7\/A8\/R8 Fu\u00dfraum Beleuchtung NOS 4E0947415 - Audi-Klaus","og_description":"Audi-Klaus Audi A1\/A3\/A4\/A5\/A6\/A7\/A8\/R8 Fu\u00dfraum Beleuchtung NOS 4E0947415 Audi A1\/A3\/A4\/A5\/A6\/A7\/A8\/R8 Fu\u00dfraum Beleuchtung NOS 4E0947415","og_url":"https:\/\/audi-klaus.at\/shop\/produkt\/audi-a1-a3-a4-a5-a6-a7-a8-r8-fussraum-beleuchtung-nos-4e0947415\/","og_site_name":"Audi-Klaus","article_publisher":"https:\/\/www.facebook.com\/audi.klaus.1312\/","article_modified_time":"2026-01-07T20:52:45+00:00","og_image":[{"width":418,"height":418,"url":"https:\/\/audi-klaus.at\/shop\/wp-content\/uploads\/2022\/08\/IA2209-2.jpg","type":"image\/jpeg"}],"twitter_card":"summary_large_image","twitter_misc":{"Gesch\u00e4tzte Lesezeit":"1 Minute"},"schema":{"@context":"https:\/\/schema.org","@graph":[{"@type":"WebPage","@id":"https:\/\/audi-klaus.at\/shop\/produkt\/audi-a1-a3-a4-a5-a6-a7-a8-r8-fussraum-beleuchtung-nos-4e0947415\/","url":"https:\/\/audi-klaus.at\/shop\/produkt\/audi-a1-a3-a4-a5-a6-a7-a8-r8-fussraum-beleuchtung-nos-4e0947415\/","name":"Audi A1\/A3\/A4\/A5\/A6\/A7\/A8\/R8 Fu\u00dfraum Beleuchtung NOS 4E0947415 - Audi-Klaus","isPartOf":{"@id":"https:\/\/audi-klaus.at\/shop\/#website"},"primaryImageOfPage":{"@id":"https:\/\/audi-klaus.at\/shop\/produkt\/audi-a1-a3-a4-a5-a6-a7-a8-r8-fussraum-beleuchtung-nos-4e0947415\/#primaryimage"},"image":{"@id":"https:\/\/audi-klaus.at\/shop\/produkt\/audi-a1-a3-a4-a5-a6-a7-a8-r8-fussraum-beleuchtung-nos-4e0947415\/#primaryimage"},"thumbnailUrl":"https:\/\/audi-klaus.at\/shop\/wp-content\/uploads\/2022\/08\/IA2209-2.jpg","datePublished":"2022-08-16T15:42:38+00:00","dateModified":"2026-01-07T20:52:45+00:00","description":"Audi-Klaus Audi A1\/A3\/A4\/A5\/A6\/A7\/A8\/R8 Fu\u00dfraum Beleuchtung NOS 4E0947415 Audi A1\/A3\/A4\/A5\/A6\/A7\/A8\/R8 Fu\u00dfraum Beleuchtung NOS 4E0947415","breadcrumb":{"@id":"https:\/\/audi-klaus.at\/shop\/produkt\/audi-a1-a3-a4-a5-a6-a7-a8-r8-fussraum-beleuchtung-nos-4e0947415\/#breadcrumb"},"inLanguage":"de-AT","potentialAction":[{"@type":"ReadAction","target":["https:\/\/audi-klaus.at\/shop\/produkt\/audi-a1-a3-a4-a5-a6-a7-a8-r8-fussraum-beleuchtung-nos-4e0947415\/"]}]},{"@type":"ImageObject","inLanguage":"de-AT","@id":"https:\/\/audi-klaus.at\/shop\/produkt\/audi-a1-a3-a4-a5-a6-a7-a8-r8-fussraum-beleuchtung-nos-4e0947415\/#primaryimage","url":"https:\/\/audi-klaus.at\/shop\/wp-content\/uploads\/2022\/08\/IA2209-2.jpg","contentUrl":"https:\/\/audi-klaus.at\/shop\/wp-content\/uploads\/2022\/08\/IA2209-2.jpg","width":418,"height":418},{"@type":"BreadcrumbList","@id":"https:\/\/audi-klaus.at\/shop\/produkt\/audi-a1-a3-a4-a5-a6-a7-a8-r8-fussraum-beleuchtung-nos-4e0947415\/#breadcrumb","itemListElement":[{"@type":"ListItem","position":1,"name":"Startseite","item":"https:\/\/audi-klaus.at\/shop\/"},{"@type":"ListItem","position":2,"name":"Shop","item":"https:\/\/audi-klaus.at\/shop\/"},{"@type":"ListItem","position":3,"name":"Audi A1\/A3\/A4\/A5\/A6\/A7\/A8\/R8 Fu\u00dfraum Beleuchtung NOS 4E0947415"}]},{"@type":"WebSite","@id":"https:\/\/audi-klaus.at\/shop\/#website","url":"https:\/\/audi-klaus.at\/shop\/","name":"Audi-Klaus","description":"Ihr Gebrauchtteile Spezialist f\u00fcr die Marken Audi, VW (VAG)","publisher":{"@id":"https:\/\/audi-klaus.at\/shop\/#organization"},"potentialAction":[{"@type":"SearchAction","target":{"@type":"EntryPoint","urlTemplate":"https:\/\/audi-klaus.at\/shop\/?s={search_term_string}"},"query-input":{"@type":"PropertyValueSpecification","valueRequired":true,"valueName":"search_term_string"}}],"inLanguage":"de-AT"},{"@type":"Organization","@id":"https:\/\/audi-klaus.at\/shop\/#organization","name":"Audi-Klaus","url":"https:\/\/audi-klaus.at\/shop\/","logo":{"@type":"ImageObject","inLanguage":"de-AT","@id":"https:\/\/audi-klaus.at\/shop\/#\/schema\/logo\/image\/","url":"https:\/\/audi-klaus.at\/shop\/wp-content\/uploads\/2024\/10\/Logo-Shop.webp","contentUrl":"https:\/\/audi-klaus.at\/shop\/wp-content\/uploads\/2024\/10\/Logo-Shop.webp","width":470,"height":164,"caption":"Audi-Klaus"},"image":{"@id":"https:\/\/audi-klaus.at\/shop\/#\/schema\/logo\/image\/"},"sameAs":["https:\/\/www.facebook.com\/audi.klaus.1312\/","https:\/\/www.instagram.com\/audi_klaus\/?igshid=1eca3qu2mdayg"]}]}},"_links":{"self":[{"href":"https:\/\/audi-klaus.at\/shop\/wp-json\/wp\/v2\/product\/46724","targetHints":{"allow":["GET"]}}],"collection":[{"href":"https:\/\/audi-klaus.at\/shop\/wp-json\/wp\/v2\/product"}],"about":[{"href":"https:\/\/audi-klaus.at\/shop\/wp-json\/wp\/v2\/types\/product"}],"wp:featuredmedia":[{"embeddable":true,"href":"https:\/\/audi-klaus.at\/shop\/wp-json\/wp\/v2\/media\/46574"}],"wp:attachment":[{"href":"https:\/\/audi-klaus.at\/shop\/wp-json\/wp\/v2\/media?parent=46724"}],"wp:term":[{"taxonomy":"product_brand","embeddable":true,"href":"https:\/\/audi-klaus.at\/shop\/wp-json\/wp\/v2\/product_brand?post=46724"},{"taxonomy":"product_cat","embeddable":true,"href":"https:\/\/audi-klaus.at\/shop\/wp-json\/wp\/v2\/product_cat?post=46724"},{"taxonomy":"product_tag","embeddable":true,"href":"https:\/\/audi-klaus.at\/shop\/wp-json\/wp\/v2\/product_tag?post=46724"}],"curies":[{"name":"wp","href":"https:\/\/api.w.org\/{rel}","templated":true}]}}