{"id":44600,"date":"2022-07-01T15:17:07","date_gmt":"2022-07-01T13:17:07","guid":{"rendered":"https:\/\/audi-klaus.at\/shop\/?post_type=product&#038;p=44600"},"modified":"2026-01-07T21:52:05","modified_gmt":"2026-01-07T20:52:05","slug":"vw-bus-t2-corrado-golf-1-2-passat-b1-b3-b4-polo-3-scirocco-1-lampenfassung-neu-411941669","status":"publish","type":"product","link":"https:\/\/audi-klaus.at\/shop\/produkt\/vw-bus-t2-corrado-golf-1-2-passat-b1-b3-b4-polo-3-scirocco-1-lampenfassung-neu-411941669\/","title":{"rendered":"Vw Bus\/T2\/Corrado\/Golf\/1\/2\/Passat\/B1\/B3\/B4\/Polo\/3\/Scirocco\/1 Lampenfassung NEU 411941669"},"content":{"rendered":"<p><strong><span style=\"color: #000000\"><span style=\"font-family: Source Sans Pro, sans-serif\"><span style=\"font-size: medium\"><b>VAG Teilenummer<\/b><\/span><\/span><\/span><\/strong><span style=\"color: #000000\"><span style=\"font-family: Source Sans Pro, sans-serif\"><span style=\"font-size: medium\"><b>:<\/b><\/span><\/span><\/span> 411 941 669<span style=\"font-family: Source Sans Pro, sans-serif\"><span style=\"font-size: medium\"><br \/>\n<\/span><\/span><strong><span style=\"color: #000000\"><span style=\"font-family: Source Sans Pro, sans-serif\"><span style=\"font-size: medium\"><b>Zustand:<\/b><\/span><\/span><\/span><\/strong><span style=\"color: #000000\"><span style=\"font-family: Source Sans Pro, sans-serif\"><span style=\"font-size: medium\"> Neu<\/span><\/span><\/span><span style=\"font-family: Source Sans Pro, sans-serif\"><span style=\"font-size: medium\"><br \/>\n<\/span><\/span><strong><span style=\"color: #000000\"><span style=\"font-family: Source Sans Pro, sans-serif\"><span style=\"font-size: medium\"><b>Lieferumfang:<\/b><\/span><\/span><\/span><\/strong> <span style=\"color: #000000\"><span style=\"font-family: Source Sans Pro, sans-serif\"><span style=\"font-size: medium\">wie in den Original-Abbildungen angegeben<\/span><\/span><\/span><span style=\"font-family: Source Sans Pro, sans-serif\"><span style=\"font-size: medium\"><br \/>\n<\/span><\/span><span style=\"color: #000000\"><span style=\"font-family: Source Sans Pro, sans-serif\"><span style=\"font-size: medium\">Hinweis: Bitte \u00fcberpr\u00fcfen Sie vor dem Kauf anhand der eindeutigen Teilenummern, ob der Artikel zum Fahrzeug passt, um R\u00fccksendungen zu vermeiden! Trotz Angabe der entsprechenden Fahrzeugdaten ist eine eindeutige Zuordnung nur \u00fcber die Teilenummer m\u00f6glich! Die abgelesene Teilenummer ist die Teilenummer des Teils, welches geliefert wird. Die Originalteilnummer ist diejenige, die bei Neubestellung f\u00fcr dieses Teil gilt und der m\u00f6glicherweise abweichenden, gelieferten Teilenummer entspricht. Sollten weitere Fragen offen sein, kontaktieren Sie uns bitte unter <\/span><\/span><\/span><a href=\"mailto:office@audi-klaus.at\"><span style=\"font-family: Source Sans Pro, sans-serif\"><span style=\"font-size: medium\">office@audi-klaus.at<\/span><\/span><\/a><\/p>\n","protected":false},"excerpt":{"rendered":"<p><strong><span style=\"color: #000000\"><span style=\"font-family: Source Sans Pro, sans-serif\"><span style=\"font-size: x-large\">Marke: Vw<br \/>\nModell: Bus\/Corrado\/Golf\/Passat\/Polo\/Scirocco<br \/>\nTyp: T2\/1\/2\/B1\/B3\/B4\/3\/1<\/span><\/span><\/span><\/strong><\/p>\n","protected":false},"featured_media":44603,"template":"","meta":[],"product_brand":[],"product_cat":[1176,1284,1186,1456,1193,1486,1194,1526,1211,1636,1214,1656,1164,1218,1666,1165,1229,1897,1170,1232,1171,1254,1172,1274],"product_tag":[13837,13838],"class_list":{"0":"post-44600","1":"product","2":"type-product","3":"status-publish","4":"has-post-thumbnail","6":"product_cat-passat","7":"product_cat-beleuchtung-2-191-1983-1992","8":"product_cat-bus","9":"product_cat-beleuchtung-1-53-1974-1981","10":"product_cat-1-171-1974-1985","11":"product_cat-beleuchtung-53i-1988-1995","12":"product_cat-2-191-1983-1992","13":"product_cat-beleuchtung-3-6n-1994-1999","14":"product_cat-1-53-1974-1981","15":"product_cat-beleuchtung-b1-32-1973-1977","16":"product_cat-53i-1988-1995","17":"product_cat-beleuchtung-b3-35i-1988-1993","18":"product_cat-vw","19":"product_cat-3-6n-1994-1999","20":"product_cat-beleuchtung-b4-3a-1993-1997","21":"product_cat-golf","22":"product_cat-b1-32-1973-1977","23":"product_cat-beleuchtung-t2-211-1967-1979","24":"product_cat-scirocco","25":"product_cat-b4-3a-1993-1997","26":"product_cat-corrado","27":"product_cat-t2-211-1967-1979","28":"product_cat-polo","29":"product_cat-beleuchtung-1-171-1974-1985","30":"product_tag-13837","31":"product_tag-bl796","33":"first","34":"instock","35":"taxable","36":"shipping-taxable","37":"purchasable","38":"product-type-simple"},"yoast_head":"<!-- This site is optimized with the Yoast SEO plugin v27.4 - https:\/\/yoast.com\/product\/yoast-seo-wordpress\/ -->\n<title>Vw Bus\/T2\/Corrado\/Golf\/1\/2\/Passat\/B1\/B3\/B4\/Polo\/3\/Scirocco\/1 Lampenfassung NEU 411941669 - Audi-Klaus<\/title>\n<meta name=\"description\" content=\"Audi-Klaus Vw Bus\/T2\/Corrado\/Golf\/1\/2\/Passat\/B1\/B3\/B4\/Polo\/3\/Scirocco\/1 Lampenfassung NEU 411941669 - Vw Bus\/T2\/Corrado\/Golf\/1\/2\/Passat\/B1\/B3\/B4\/Polo\/3\/Scirocco\/1 Lampenfassung NEU 411941669\" \/>\n<meta name=\"robots\" content=\"index, follow, max-snippet:-1, max-image-preview:large, max-video-preview:-1\" \/>\n<link rel=\"canonical\" href=\"https:\/\/audi-klaus.at\/shop\/produkt\/vw-bus-t2-corrado-golf-1-2-passat-b1-b3-b4-polo-3-scirocco-1-lampenfassung-neu-411941669\/\" \/>\n<meta property=\"og:locale\" content=\"de_DE\" \/>\n<meta property=\"og:type\" content=\"article\" \/>\n<meta property=\"og:title\" content=\"Vw Bus\/T2\/Corrado\/Golf\/1\/2\/Passat\/B1\/B3\/B4\/Polo\/3\/Scirocco\/1 Lampenfassung NEU 411941669 - Audi-Klaus\" \/>\n<meta property=\"og:description\" content=\"Audi-Klaus Vw Bus\/T2\/Corrado\/Golf\/1\/2\/Passat\/B1\/B3\/B4\/Polo\/3\/Scirocco\/1 Lampenfassung NEU 411941669 - Vw Bus\/T2\/Corrado\/Golf\/1\/2\/Passat\/B1\/B3\/B4\/Polo\/3\/Scirocco\/1 Lampenfassung NEU 411941669\" \/>\n<meta property=\"og:url\" content=\"https:\/\/audi-klaus.at\/shop\/produkt\/vw-bus-t2-corrado-golf-1-2-passat-b1-b3-b4-polo-3-scirocco-1-lampenfassung-neu-411941669\/\" \/>\n<meta property=\"og:site_name\" content=\"Audi-Klaus\" \/>\n<meta property=\"article:publisher\" content=\"https:\/\/www.facebook.com\/audi.klaus.1312\/\" \/>\n<meta property=\"article:modified_time\" content=\"2026-01-07T20:52:05+00:00\" \/>\n<meta property=\"og:image\" content=\"https:\/\/audi-klaus.at\/shop\/wp-content\/uploads\/2022\/07\/BL796.jpg\" \/>\n\t<meta property=\"og:image:width\" content=\"418\" \/>\n\t<meta property=\"og:image:height\" content=\"418\" \/>\n\t<meta property=\"og:image:type\" content=\"image\/jpeg\" \/>\n<meta name=\"twitter:card\" content=\"summary_large_image\" \/>\n<meta name=\"twitter:label1\" content=\"Gesch\u00e4tzte Lesezeit\" \/>\n\t<meta name=\"twitter:data1\" content=\"1 Minute\" \/>\n<script type=\"application\/ld+json\" class=\"yoast-schema-graph\">{\"@context\":\"https:\\\/\\\/schema.org\",\"@graph\":[{\"@type\":\"WebPage\",\"@id\":\"https:\\\/\\\/audi-klaus.at\\\/shop\\\/produkt\\\/vw-bus-t2-corrado-golf-1-2-passat-b1-b3-b4-polo-3-scirocco-1-lampenfassung-neu-411941669\\\/\",\"url\":\"https:\\\/\\\/audi-klaus.at\\\/shop\\\/produkt\\\/vw-bus-t2-corrado-golf-1-2-passat-b1-b3-b4-polo-3-scirocco-1-lampenfassung-neu-411941669\\\/\",\"name\":\"Vw Bus\\\/T2\\\/Corrado\\\/Golf\\\/1\\\/2\\\/Passat\\\/B1\\\/B3\\\/B4\\\/Polo\\\/3\\\/Scirocco\\\/1 Lampenfassung NEU 411941669 - Audi-Klaus\",\"isPartOf\":{\"@id\":\"https:\\\/\\\/audi-klaus.at\\\/shop\\\/#website\"},\"primaryImageOfPage\":{\"@id\":\"https:\\\/\\\/audi-klaus.at\\\/shop\\\/produkt\\\/vw-bus-t2-corrado-golf-1-2-passat-b1-b3-b4-polo-3-scirocco-1-lampenfassung-neu-411941669\\\/#primaryimage\"},\"image\":{\"@id\":\"https:\\\/\\\/audi-klaus.at\\\/shop\\\/produkt\\\/vw-bus-t2-corrado-golf-1-2-passat-b1-b3-b4-polo-3-scirocco-1-lampenfassung-neu-411941669\\\/#primaryimage\"},\"thumbnailUrl\":\"https:\\\/\\\/audi-klaus.at\\\/shop\\\/wp-content\\\/uploads\\\/2022\\\/07\\\/BL796.jpg\",\"datePublished\":\"2022-07-01T13:17:07+00:00\",\"dateModified\":\"2026-01-07T20:52:05+00:00\",\"description\":\"Audi-Klaus Vw Bus\\\/T2\\\/Corrado\\\/Golf\\\/1\\\/2\\\/Passat\\\/B1\\\/B3\\\/B4\\\/Polo\\\/3\\\/Scirocco\\\/1 Lampenfassung NEU 411941669 - Vw Bus\\\/T2\\\/Corrado\\\/Golf\\\/1\\\/2\\\/Passat\\\/B1\\\/B3\\\/B4\\\/Polo\\\/3\\\/Scirocco\\\/1 Lampenfassung NEU 411941669\",\"breadcrumb\":{\"@id\":\"https:\\\/\\\/audi-klaus.at\\\/shop\\\/produkt\\\/vw-bus-t2-corrado-golf-1-2-passat-b1-b3-b4-polo-3-scirocco-1-lampenfassung-neu-411941669\\\/#breadcrumb\"},\"inLanguage\":\"de-AT\",\"potentialAction\":[{\"@type\":\"ReadAction\",\"target\":[\"https:\\\/\\\/audi-klaus.at\\\/shop\\\/produkt\\\/vw-bus-t2-corrado-golf-1-2-passat-b1-b3-b4-polo-3-scirocco-1-lampenfassung-neu-411941669\\\/\"]}]},{\"@type\":\"ImageObject\",\"inLanguage\":\"de-AT\",\"@id\":\"https:\\\/\\\/audi-klaus.at\\\/shop\\\/produkt\\\/vw-bus-t2-corrado-golf-1-2-passat-b1-b3-b4-polo-3-scirocco-1-lampenfassung-neu-411941669\\\/#primaryimage\",\"url\":\"https:\\\/\\\/audi-klaus.at\\\/shop\\\/wp-content\\\/uploads\\\/2022\\\/07\\\/BL796.jpg\",\"contentUrl\":\"https:\\\/\\\/audi-klaus.at\\\/shop\\\/wp-content\\\/uploads\\\/2022\\\/07\\\/BL796.jpg\",\"width\":418,\"height\":418},{\"@type\":\"BreadcrumbList\",\"@id\":\"https:\\\/\\\/audi-klaus.at\\\/shop\\\/produkt\\\/vw-bus-t2-corrado-golf-1-2-passat-b1-b3-b4-polo-3-scirocco-1-lampenfassung-neu-411941669\\\/#breadcrumb\",\"itemListElement\":[{\"@type\":\"ListItem\",\"position\":1,\"name\":\"Startseite\",\"item\":\"https:\\\/\\\/audi-klaus.at\\\/shop\\\/\"},{\"@type\":\"ListItem\",\"position\":2,\"name\":\"Shop\",\"item\":\"https:\\\/\\\/audi-klaus.at\\\/shop\\\/\"},{\"@type\":\"ListItem\",\"position\":3,\"name\":\"Vw Bus\\\/T2\\\/Corrado\\\/Golf\\\/1\\\/2\\\/Passat\\\/B1\\\/B3\\\/B4\\\/Polo\\\/3\\\/Scirocco\\\/1 Lampenfassung NEU 411941669\"}]},{\"@type\":\"WebSite\",\"@id\":\"https:\\\/\\\/audi-klaus.at\\\/shop\\\/#website\",\"url\":\"https:\\\/\\\/audi-klaus.at\\\/shop\\\/\",\"name\":\"Audi-Klaus\",\"description\":\"Ihr Gebrauchtteile Spezialist f\u00fcr die Marken Audi, VW (VAG)\",\"publisher\":{\"@id\":\"https:\\\/\\\/audi-klaus.at\\\/shop\\\/#organization\"},\"potentialAction\":[{\"@type\":\"SearchAction\",\"target\":{\"@type\":\"EntryPoint\",\"urlTemplate\":\"https:\\\/\\\/audi-klaus.at\\\/shop\\\/?s={search_term_string}\"},\"query-input\":{\"@type\":\"PropertyValueSpecification\",\"valueRequired\":true,\"valueName\":\"search_term_string\"}}],\"inLanguage\":\"de-AT\"},{\"@type\":\"Organization\",\"@id\":\"https:\\\/\\\/audi-klaus.at\\\/shop\\\/#organization\",\"name\":\"Audi-Klaus\",\"url\":\"https:\\\/\\\/audi-klaus.at\\\/shop\\\/\",\"logo\":{\"@type\":\"ImageObject\",\"inLanguage\":\"de-AT\",\"@id\":\"https:\\\/\\\/audi-klaus.at\\\/shop\\\/#\\\/schema\\\/logo\\\/image\\\/\",\"url\":\"https:\\\/\\\/audi-klaus.at\\\/shop\\\/wp-content\\\/uploads\\\/2024\\\/10\\\/Logo-Shop.webp\",\"contentUrl\":\"https:\\\/\\\/audi-klaus.at\\\/shop\\\/wp-content\\\/uploads\\\/2024\\\/10\\\/Logo-Shop.webp\",\"width\":470,\"height\":164,\"caption\":\"Audi-Klaus\"},\"image\":{\"@id\":\"https:\\\/\\\/audi-klaus.at\\\/shop\\\/#\\\/schema\\\/logo\\\/image\\\/\"},\"sameAs\":[\"https:\\\/\\\/www.facebook.com\\\/audi.klaus.1312\\\/\",\"https:\\\/\\\/www.instagram.com\\\/audi_klaus\\\/?igshid=1eca3qu2mdayg\"]}]}<\/script>\n<!-- \/ Yoast SEO plugin. -->","yoast_head_json":{"title":"Vw Bus\/T2\/Corrado\/Golf\/1\/2\/Passat\/B1\/B3\/B4\/Polo\/3\/Scirocco\/1 Lampenfassung NEU 411941669 - Audi-Klaus","description":"Audi-Klaus Vw Bus\/T2\/Corrado\/Golf\/1\/2\/Passat\/B1\/B3\/B4\/Polo\/3\/Scirocco\/1 Lampenfassung NEU 411941669 - Vw Bus\/T2\/Corrado\/Golf\/1\/2\/Passat\/B1\/B3\/B4\/Polo\/3\/Scirocco\/1 Lampenfassung NEU 411941669","robots":{"index":"index","follow":"follow","max-snippet":"max-snippet:-1","max-image-preview":"max-image-preview:large","max-video-preview":"max-video-preview:-1"},"canonical":"https:\/\/audi-klaus.at\/shop\/produkt\/vw-bus-t2-corrado-golf-1-2-passat-b1-b3-b4-polo-3-scirocco-1-lampenfassung-neu-411941669\/","og_locale":"de_DE","og_type":"article","og_title":"Vw Bus\/T2\/Corrado\/Golf\/1\/2\/Passat\/B1\/B3\/B4\/Polo\/3\/Scirocco\/1 Lampenfassung NEU 411941669 - Audi-Klaus","og_description":"Audi-Klaus Vw Bus\/T2\/Corrado\/Golf\/1\/2\/Passat\/B1\/B3\/B4\/Polo\/3\/Scirocco\/1 Lampenfassung NEU 411941669 - Vw Bus\/T2\/Corrado\/Golf\/1\/2\/Passat\/B1\/B3\/B4\/Polo\/3\/Scirocco\/1 Lampenfassung NEU 411941669","og_url":"https:\/\/audi-klaus.at\/shop\/produkt\/vw-bus-t2-corrado-golf-1-2-passat-b1-b3-b4-polo-3-scirocco-1-lampenfassung-neu-411941669\/","og_site_name":"Audi-Klaus","article_publisher":"https:\/\/www.facebook.com\/audi.klaus.1312\/","article_modified_time":"2026-01-07T20:52:05+00:00","og_image":[{"width":418,"height":418,"url":"https:\/\/audi-klaus.at\/shop\/wp-content\/uploads\/2022\/07\/BL796.jpg","type":"image\/jpeg"}],"twitter_card":"summary_large_image","twitter_misc":{"Gesch\u00e4tzte Lesezeit":"1 Minute"},"schema":{"@context":"https:\/\/schema.org","@graph":[{"@type":"WebPage","@id":"https:\/\/audi-klaus.at\/shop\/produkt\/vw-bus-t2-corrado-golf-1-2-passat-b1-b3-b4-polo-3-scirocco-1-lampenfassung-neu-411941669\/","url":"https:\/\/audi-klaus.at\/shop\/produkt\/vw-bus-t2-corrado-golf-1-2-passat-b1-b3-b4-polo-3-scirocco-1-lampenfassung-neu-411941669\/","name":"Vw Bus\/T2\/Corrado\/Golf\/1\/2\/Passat\/B1\/B3\/B4\/Polo\/3\/Scirocco\/1 Lampenfassung NEU 411941669 - Audi-Klaus","isPartOf":{"@id":"https:\/\/audi-klaus.at\/shop\/#website"},"primaryImageOfPage":{"@id":"https:\/\/audi-klaus.at\/shop\/produkt\/vw-bus-t2-corrado-golf-1-2-passat-b1-b3-b4-polo-3-scirocco-1-lampenfassung-neu-411941669\/#primaryimage"},"image":{"@id":"https:\/\/audi-klaus.at\/shop\/produkt\/vw-bus-t2-corrado-golf-1-2-passat-b1-b3-b4-polo-3-scirocco-1-lampenfassung-neu-411941669\/#primaryimage"},"thumbnailUrl":"https:\/\/audi-klaus.at\/shop\/wp-content\/uploads\/2022\/07\/BL796.jpg","datePublished":"2022-07-01T13:17:07+00:00","dateModified":"2026-01-07T20:52:05+00:00","description":"Audi-Klaus Vw Bus\/T2\/Corrado\/Golf\/1\/2\/Passat\/B1\/B3\/B4\/Polo\/3\/Scirocco\/1 Lampenfassung NEU 411941669 - Vw Bus\/T2\/Corrado\/Golf\/1\/2\/Passat\/B1\/B3\/B4\/Polo\/3\/Scirocco\/1 Lampenfassung NEU 411941669","breadcrumb":{"@id":"https:\/\/audi-klaus.at\/shop\/produkt\/vw-bus-t2-corrado-golf-1-2-passat-b1-b3-b4-polo-3-scirocco-1-lampenfassung-neu-411941669\/#breadcrumb"},"inLanguage":"de-AT","potentialAction":[{"@type":"ReadAction","target":["https:\/\/audi-klaus.at\/shop\/produkt\/vw-bus-t2-corrado-golf-1-2-passat-b1-b3-b4-polo-3-scirocco-1-lampenfassung-neu-411941669\/"]}]},{"@type":"ImageObject","inLanguage":"de-AT","@id":"https:\/\/audi-klaus.at\/shop\/produkt\/vw-bus-t2-corrado-golf-1-2-passat-b1-b3-b4-polo-3-scirocco-1-lampenfassung-neu-411941669\/#primaryimage","url":"https:\/\/audi-klaus.at\/shop\/wp-content\/uploads\/2022\/07\/BL796.jpg","contentUrl":"https:\/\/audi-klaus.at\/shop\/wp-content\/uploads\/2022\/07\/BL796.jpg","width":418,"height":418},{"@type":"BreadcrumbList","@id":"https:\/\/audi-klaus.at\/shop\/produkt\/vw-bus-t2-corrado-golf-1-2-passat-b1-b3-b4-polo-3-scirocco-1-lampenfassung-neu-411941669\/#breadcrumb","itemListElement":[{"@type":"ListItem","position":1,"name":"Startseite","item":"https:\/\/audi-klaus.at\/shop\/"},{"@type":"ListItem","position":2,"name":"Shop","item":"https:\/\/audi-klaus.at\/shop\/"},{"@type":"ListItem","position":3,"name":"Vw Bus\/T2\/Corrado\/Golf\/1\/2\/Passat\/B1\/B3\/B4\/Polo\/3\/Scirocco\/1 Lampenfassung NEU 411941669"}]},{"@type":"WebSite","@id":"https:\/\/audi-klaus.at\/shop\/#website","url":"https:\/\/audi-klaus.at\/shop\/","name":"Audi-Klaus","description":"Ihr Gebrauchtteile Spezialist f\u00fcr die Marken Audi, VW (VAG)","publisher":{"@id":"https:\/\/audi-klaus.at\/shop\/#organization"},"potentialAction":[{"@type":"SearchAction","target":{"@type":"EntryPoint","urlTemplate":"https:\/\/audi-klaus.at\/shop\/?s={search_term_string}"},"query-input":{"@type":"PropertyValueSpecification","valueRequired":true,"valueName":"search_term_string"}}],"inLanguage":"de-AT"},{"@type":"Organization","@id":"https:\/\/audi-klaus.at\/shop\/#organization","name":"Audi-Klaus","url":"https:\/\/audi-klaus.at\/shop\/","logo":{"@type":"ImageObject","inLanguage":"de-AT","@id":"https:\/\/audi-klaus.at\/shop\/#\/schema\/logo\/image\/","url":"https:\/\/audi-klaus.at\/shop\/wp-content\/uploads\/2024\/10\/Logo-Shop.webp","contentUrl":"https:\/\/audi-klaus.at\/shop\/wp-content\/uploads\/2024\/10\/Logo-Shop.webp","width":470,"height":164,"caption":"Audi-Klaus"},"image":{"@id":"https:\/\/audi-klaus.at\/shop\/#\/schema\/logo\/image\/"},"sameAs":["https:\/\/www.facebook.com\/audi.klaus.1312\/","https:\/\/www.instagram.com\/audi_klaus\/?igshid=1eca3qu2mdayg"]}]}},"_links":{"self":[{"href":"https:\/\/audi-klaus.at\/shop\/wp-json\/wp\/v2\/product\/44600","targetHints":{"allow":["GET"]}}],"collection":[{"href":"https:\/\/audi-klaus.at\/shop\/wp-json\/wp\/v2\/product"}],"about":[{"href":"https:\/\/audi-klaus.at\/shop\/wp-json\/wp\/v2\/types\/product"}],"wp:featuredmedia":[{"embeddable":true,"href":"https:\/\/audi-klaus.at\/shop\/wp-json\/wp\/v2\/media\/44603"}],"wp:attachment":[{"href":"https:\/\/audi-klaus.at\/shop\/wp-json\/wp\/v2\/media?parent=44600"}],"wp:term":[{"taxonomy":"product_brand","embeddable":true,"href":"https:\/\/audi-klaus.at\/shop\/wp-json\/wp\/v2\/product_brand?post=44600"},{"taxonomy":"product_cat","embeddable":true,"href":"https:\/\/audi-klaus.at\/shop\/wp-json\/wp\/v2\/product_cat?post=44600"},{"taxonomy":"product_tag","embeddable":true,"href":"https:\/\/audi-klaus.at\/shop\/wp-json\/wp\/v2\/product_tag?post=44600"}],"curies":[{"name":"wp","href":"https:\/\/api.w.org\/{rel}","templated":true}]}}