{"id":3506,"date":"2021-11-16T10:41:42","date_gmt":"2021-11-16T09:41:42","guid":{"rendered":"http:\/\/audi-klaus.at.server171-han.server-routing.com\/shop\/?post_type=product&#038;p=3506"},"modified":"2026-01-07T20:56:16","modified_gmt":"2026-01-07T19:56:16","slug":"vw-passat-santana-32b-audi-80-90-cabrio-coupe-b2-b3-gummilager-set-vorderachse-neu-857407181-febi-07558","status":"publish","type":"product","link":"https:\/\/audi-klaus.at\/shop\/produkt\/vw-passat-santana-32b-audi-80-90-cabrio-coupe-b2-b3-gummilager-set-vorderachse-neu-857407181-febi-07558\/","title":{"rendered":"VW Passat\/Santana 32B\/Audi 80\/90\/Cabrio\/Coupe\/B2\/B3 Gummilager-Set Vorderachse NEU  857407181\/Febi 07558"},"content":{"rendered":"<p><strong><span style=\"color: #000000\"><span style=\"font-family: Source Sans Pro, sans-serif\"><span style=\"font-size: medium\"><b>VAG Teilenummer<\/b><\/span><\/span><\/span><\/strong><span style=\"color: #000000\"><span style=\"font-family: Source Sans Pro, sans-serif\"><span style=\"font-size: medium\"><b>:<\/b><\/span><\/span><\/span> 857 407 181, Febi 075 58<span style=\"font-family: Source Sans Pro, sans-serif\"><span style=\"font-size: medium\"><br \/>\n<\/span><\/span><strong><span style=\"color: #000000\"><span style=\"font-family: Source Sans Pro, sans-serif\"><span style=\"font-size: medium\"><b>Zustand:<\/b><\/span><\/span><\/span><\/strong><span style=\"color: #000000\"><span style=\"font-family: Source Sans Pro, sans-serif\"><span style=\"font-size: medium\"> Gebraucht<\/span><\/span><\/span><span style=\"font-family: Source Sans Pro, sans-serif\"><span style=\"font-size: medium\"><br \/>\n<\/span><\/span><strong><span style=\"color: #000000\"><span style=\"font-family: Source Sans Pro, sans-serif\"><span style=\"font-size: medium\"><b>Lieferumfang:<\/b><\/span><\/span><\/span><\/strong> <span style=\"color: #000000\"><span style=\"font-family: Source Sans Pro, sans-serif\"><span style=\"font-size: medium\">wie in den Original-Abbildungen angegeben<\/span><\/span><\/span><span style=\"font-family: Source Sans Pro, sans-serif\"><span style=\"font-size: medium\"><br \/>\n<\/span><\/span><span style=\"color: #000000\"><span style=\"font-family: Source Sans Pro, sans-serif\"><span style=\"font-size: medium\">Hinweis: Bitte \u00fcberpr\u00fcfen Sie vor dem Kauf anhand der eindeutigen Teilenummern, ob der Artikel zum Fahrzeug passt, um R\u00fccksendungen zu vermeiden! Trotz Angabe der entsprechenden Fahrzeugdaten ist eine eindeutige Zuordnung nur \u00fcber die Teilenummer m\u00f6glich! Die abgelesene Teilenummer ist die Teilenummer des Teils, welches geliefert wird. Die Originalteilnummer ist diejenige, die bei Neubestellung f\u00fcr dieses Teil gilt und der m\u00f6glicherweise abweichenden, gelieferten Teilenummer entspricht. Sollten weitere Fragen offen sein, kontaktieren Sie uns bitte unter <\/span><\/span><\/span><a href=\"mailto:office@audi-klaus.at\"><span style=\"font-family: Source Sans Pro, sans-serif\"><span style=\"font-size: medium\">office@audi-klaus.at<\/span><\/span><\/a><\/p>\n","protected":false},"excerpt":{"rendered":"<h5><strong><span style=\"font-size: 18pt\">Marke: Vw\/Audi<\/span><\/strong><\/h5>\n<h5><strong><span style=\"font-size: 18pt\">Modell: Passat\/Santana\/80\/90\/Cabrio\/Coupe<\/span><\/strong><\/h5>\n<h5><strong><span style=\"font-size: 18pt\">Typ: 32B\/B2\/B3<\/span><\/strong><\/h5>\n","protected":false},"featured_media":3192,"template":"","meta":[],"product_brand":[],"product_cat":[1230,78,218,1231,80,228,1238,81,247,1645,83,258,1655,84,268,1725,85,299,2497,86,309,2939,87,1164,154,1176,166,1177,32,167],"product_tag":[3172,3173,3174],"class_list":{"0":"post-3506","1":"product","2":"type-product","3":"status-publish","4":"has-post-thumbnail","6":"product_cat-b2-32b-1980-1988","7":"product_cat-78","8":"product_cat-vorder-hinterachse-b2-78","9":"product_cat-b3-35i-1988-1993","10":"product_cat-b2-typ81-85-78","11":"product_cat-vorder-hinterachse-b3-86","12":"product_cat-b2-1981","13":"product_cat-b3-86","14":"product_cat-vorder-hinterachse-typ89","15":"product_cat-vorder-hinterachse-b2-32b-1980-1988","16":"product_cat-cabrio80","17":"product_cat-vorder-hinterachse-b2-80","18":"product_cat-vorder-hinterachse-b3-35i-1988-1993","19":"product_cat-typ89","20":"product_cat-vorder-hinterachse-b3-80","21":"product_cat-vorder-hinterachse-b2-1981","22":"product_cat-coupe80","23":"product_cat-vorder-hinterachse-b2-1984-1987","24":"product_cat-servicematerial","25":"product_cat-b2-type81-85-80","26":"product_cat-vorder-hinterachse-b3-1987-1991","27":"product_cat-querlenkergummi","28":"product_cat-b3-typ89-80","29":"product_cat-vw","30":"product_cat-154","31":"product_cat-passat","32":"product_cat-b2-type81-85-1984-1987","33":"product_cat-santana","34":"product_cat-audi","35":"product_cat-b3-1987-1991","36":"product_tag-3172","37":"product_tag-febi-07558","38":"product_tag-febi07558","40":"first","41":"outofstock","42":"taxable","43":"shipping-taxable","44":"purchasable","45":"product-type-simple"},"yoast_head":"<!-- This site is optimized with the Yoast SEO plugin v27.3 - https:\/\/yoast.com\/product\/yoast-seo-wordpress\/ -->\n<title>VW Passat\/Santana 32B\/Audi 80\/90\/Cabrio\/Coupe\/B2\/B3 Gummilager-Set Vorderachse NEU 857407181\/Febi 07558 - Audi-Klaus<\/title>\n<meta name=\"robots\" content=\"index, follow, max-snippet:-1, max-image-preview:large, max-video-preview:-1\" \/>\n<link rel=\"canonical\" href=\"https:\/\/audi-klaus.at\/shop\/produkt\/vw-passat-santana-32b-audi-80-90-cabrio-coupe-b2-b3-gummilager-set-vorderachse-neu-857407181-febi-07558\/\" \/>\n<meta property=\"og:locale\" content=\"de_DE\" \/>\n<meta property=\"og:type\" content=\"article\" \/>\n<meta property=\"og:title\" content=\"VW Passat\/Santana 32B\/Audi 80\/90\/Cabrio\/Coupe\/B2\/B3 Gummilager-Set Vorderachse NEU 857407181\/Febi 07558 - Audi-Klaus\" \/>\n<meta property=\"og:description\" content=\"Marke: Vw\/Audi Modell: Passat\/Santana\/80\/90\/Cabrio\/Coupe Typ: 32B\/B2\/B3\" \/>\n<meta property=\"og:url\" content=\"https:\/\/audi-klaus.at\/shop\/produkt\/vw-passat-santana-32b-audi-80-90-cabrio-coupe-b2-b3-gummilager-set-vorderachse-neu-857407181-febi-07558\/\" \/>\n<meta property=\"og:site_name\" content=\"Audi-Klaus\" \/>\n<meta property=\"article:publisher\" content=\"https:\/\/www.facebook.com\/audi.klaus.1312\/\" \/>\n<meta property=\"article:modified_time\" content=\"2026-01-07T19:56:16+00:00\" \/>\n<meta property=\"og:image\" content=\"https:\/\/audi-klaus.at\/shop\/wp-content\/uploads\/2021\/11\/L75.jpg\" \/>\n\t<meta property=\"og:image:width\" content=\"430\" \/>\n\t<meta property=\"og:image:height\" content=\"430\" \/>\n\t<meta property=\"og:image:type\" content=\"image\/jpeg\" \/>\n<meta name=\"twitter:card\" content=\"summary_large_image\" \/>\n<script type=\"application\/ld+json\" class=\"yoast-schema-graph\">{\"@context\":\"https:\\\/\\\/schema.org\",\"@graph\":[{\"@type\":\"WebPage\",\"@id\":\"https:\\\/\\\/audi-klaus.at\\\/shop\\\/produkt\\\/vw-passat-santana-32b-audi-80-90-cabrio-coupe-b2-b3-gummilager-set-vorderachse-neu-857407181-febi-07558\\\/\",\"url\":\"https:\\\/\\\/audi-klaus.at\\\/shop\\\/produkt\\\/vw-passat-santana-32b-audi-80-90-cabrio-coupe-b2-b3-gummilager-set-vorderachse-neu-857407181-febi-07558\\\/\",\"name\":\"VW Passat\\\/Santana 32B\\\/Audi 80\\\/90\\\/Cabrio\\\/Coupe\\\/B2\\\/B3 Gummilager-Set Vorderachse NEU 857407181\\\/Febi 07558 - Audi-Klaus\",\"isPartOf\":{\"@id\":\"https:\\\/\\\/audi-klaus.at\\\/shop\\\/#website\"},\"primaryImageOfPage\":{\"@id\":\"https:\\\/\\\/audi-klaus.at\\\/shop\\\/produkt\\\/vw-passat-santana-32b-audi-80-90-cabrio-coupe-b2-b3-gummilager-set-vorderachse-neu-857407181-febi-07558\\\/#primaryimage\"},\"image\":{\"@id\":\"https:\\\/\\\/audi-klaus.at\\\/shop\\\/produkt\\\/vw-passat-santana-32b-audi-80-90-cabrio-coupe-b2-b3-gummilager-set-vorderachse-neu-857407181-febi-07558\\\/#primaryimage\"},\"thumbnailUrl\":\"https:\\\/\\\/audi-klaus.at\\\/shop\\\/wp-content\\\/uploads\\\/2021\\\/11\\\/L75.jpg\",\"datePublished\":\"2021-11-16T09:41:42+00:00\",\"dateModified\":\"2026-01-07T19:56:16+00:00\",\"breadcrumb\":{\"@id\":\"https:\\\/\\\/audi-klaus.at\\\/shop\\\/produkt\\\/vw-passat-santana-32b-audi-80-90-cabrio-coupe-b2-b3-gummilager-set-vorderachse-neu-857407181-febi-07558\\\/#breadcrumb\"},\"inLanguage\":\"de-AT\",\"potentialAction\":[{\"@type\":\"ReadAction\",\"target\":[\"https:\\\/\\\/audi-klaus.at\\\/shop\\\/produkt\\\/vw-passat-santana-32b-audi-80-90-cabrio-coupe-b2-b3-gummilager-set-vorderachse-neu-857407181-febi-07558\\\/\"]}]},{\"@type\":\"ImageObject\",\"inLanguage\":\"de-AT\",\"@id\":\"https:\\\/\\\/audi-klaus.at\\\/shop\\\/produkt\\\/vw-passat-santana-32b-audi-80-90-cabrio-coupe-b2-b3-gummilager-set-vorderachse-neu-857407181-febi-07558\\\/#primaryimage\",\"url\":\"https:\\\/\\\/audi-klaus.at\\\/shop\\\/wp-content\\\/uploads\\\/2021\\\/11\\\/L75.jpg\",\"contentUrl\":\"https:\\\/\\\/audi-klaus.at\\\/shop\\\/wp-content\\\/uploads\\\/2021\\\/11\\\/L75.jpg\",\"width\":430,\"height\":430},{\"@type\":\"BreadcrumbList\",\"@id\":\"https:\\\/\\\/audi-klaus.at\\\/shop\\\/produkt\\\/vw-passat-santana-32b-audi-80-90-cabrio-coupe-b2-b3-gummilager-set-vorderachse-neu-857407181-febi-07558\\\/#breadcrumb\",\"itemListElement\":[{\"@type\":\"ListItem\",\"position\":1,\"name\":\"Startseite\",\"item\":\"https:\\\/\\\/audi-klaus.at\\\/shop\\\/\"},{\"@type\":\"ListItem\",\"position\":2,\"name\":\"Shop\",\"item\":\"https:\\\/\\\/audi-klaus.at\\\/shop\\\/\"},{\"@type\":\"ListItem\",\"position\":3,\"name\":\"VW Passat\\\/Santana 32B\\\/Audi 80\\\/90\\\/Cabrio\\\/Coupe\\\/B2\\\/B3 Gummilager-Set Vorderachse NEU 857407181\\\/Febi 07558\"}]},{\"@type\":\"WebSite\",\"@id\":\"https:\\\/\\\/audi-klaus.at\\\/shop\\\/#website\",\"url\":\"https:\\\/\\\/audi-klaus.at\\\/shop\\\/\",\"name\":\"Audi-Klaus\",\"description\":\"Ihr Gebrauchtteile Spezialist f\u00fcr die Marken Audi, VW (VAG)\",\"publisher\":{\"@id\":\"https:\\\/\\\/audi-klaus.at\\\/shop\\\/#organization\"},\"potentialAction\":[{\"@type\":\"SearchAction\",\"target\":{\"@type\":\"EntryPoint\",\"urlTemplate\":\"https:\\\/\\\/audi-klaus.at\\\/shop\\\/?s={search_term_string}\"},\"query-input\":{\"@type\":\"PropertyValueSpecification\",\"valueRequired\":true,\"valueName\":\"search_term_string\"}}],\"inLanguage\":\"de-AT\"},{\"@type\":\"Organization\",\"@id\":\"https:\\\/\\\/audi-klaus.at\\\/shop\\\/#organization\",\"name\":\"Audi-Klaus\",\"url\":\"https:\\\/\\\/audi-klaus.at\\\/shop\\\/\",\"logo\":{\"@type\":\"ImageObject\",\"inLanguage\":\"de-AT\",\"@id\":\"https:\\\/\\\/audi-klaus.at\\\/shop\\\/#\\\/schema\\\/logo\\\/image\\\/\",\"url\":\"https:\\\/\\\/audi-klaus.at\\\/shop\\\/wp-content\\\/uploads\\\/2024\\\/10\\\/Logo-Shop.webp\",\"contentUrl\":\"https:\\\/\\\/audi-klaus.at\\\/shop\\\/wp-content\\\/uploads\\\/2024\\\/10\\\/Logo-Shop.webp\",\"width\":470,\"height\":164,\"caption\":\"Audi-Klaus\"},\"image\":{\"@id\":\"https:\\\/\\\/audi-klaus.at\\\/shop\\\/#\\\/schema\\\/logo\\\/image\\\/\"},\"sameAs\":[\"https:\\\/\\\/www.facebook.com\\\/audi.klaus.1312\\\/\",\"https:\\\/\\\/www.instagram.com\\\/audi_klaus\\\/?igshid=1eca3qu2mdayg\"]}]}<\/script>\n<!-- \/ Yoast SEO plugin. -->","yoast_head_json":{"title":"VW Passat\/Santana 32B\/Audi 80\/90\/Cabrio\/Coupe\/B2\/B3 Gummilager-Set Vorderachse NEU 857407181\/Febi 07558 - Audi-Klaus","robots":{"index":"index","follow":"follow","max-snippet":"max-snippet:-1","max-image-preview":"max-image-preview:large","max-video-preview":"max-video-preview:-1"},"canonical":"https:\/\/audi-klaus.at\/shop\/produkt\/vw-passat-santana-32b-audi-80-90-cabrio-coupe-b2-b3-gummilager-set-vorderachse-neu-857407181-febi-07558\/","og_locale":"de_DE","og_type":"article","og_title":"VW Passat\/Santana 32B\/Audi 80\/90\/Cabrio\/Coupe\/B2\/B3 Gummilager-Set Vorderachse NEU 857407181\/Febi 07558 - Audi-Klaus","og_description":"Marke: Vw\/Audi Modell: Passat\/Santana\/80\/90\/Cabrio\/Coupe Typ: 32B\/B2\/B3","og_url":"https:\/\/audi-klaus.at\/shop\/produkt\/vw-passat-santana-32b-audi-80-90-cabrio-coupe-b2-b3-gummilager-set-vorderachse-neu-857407181-febi-07558\/","og_site_name":"Audi-Klaus","article_publisher":"https:\/\/www.facebook.com\/audi.klaus.1312\/","article_modified_time":"2026-01-07T19:56:16+00:00","og_image":[{"width":430,"height":430,"url":"https:\/\/audi-klaus.at\/shop\/wp-content\/uploads\/2021\/11\/L75.jpg","type":"image\/jpeg"}],"twitter_card":"summary_large_image","schema":{"@context":"https:\/\/schema.org","@graph":[{"@type":"WebPage","@id":"https:\/\/audi-klaus.at\/shop\/produkt\/vw-passat-santana-32b-audi-80-90-cabrio-coupe-b2-b3-gummilager-set-vorderachse-neu-857407181-febi-07558\/","url":"https:\/\/audi-klaus.at\/shop\/produkt\/vw-passat-santana-32b-audi-80-90-cabrio-coupe-b2-b3-gummilager-set-vorderachse-neu-857407181-febi-07558\/","name":"VW Passat\/Santana 32B\/Audi 80\/90\/Cabrio\/Coupe\/B2\/B3 Gummilager-Set Vorderachse NEU 857407181\/Febi 07558 - Audi-Klaus","isPartOf":{"@id":"https:\/\/audi-klaus.at\/shop\/#website"},"primaryImageOfPage":{"@id":"https:\/\/audi-klaus.at\/shop\/produkt\/vw-passat-santana-32b-audi-80-90-cabrio-coupe-b2-b3-gummilager-set-vorderachse-neu-857407181-febi-07558\/#primaryimage"},"image":{"@id":"https:\/\/audi-klaus.at\/shop\/produkt\/vw-passat-santana-32b-audi-80-90-cabrio-coupe-b2-b3-gummilager-set-vorderachse-neu-857407181-febi-07558\/#primaryimage"},"thumbnailUrl":"https:\/\/audi-klaus.at\/shop\/wp-content\/uploads\/2021\/11\/L75.jpg","datePublished":"2021-11-16T09:41:42+00:00","dateModified":"2026-01-07T19:56:16+00:00","breadcrumb":{"@id":"https:\/\/audi-klaus.at\/shop\/produkt\/vw-passat-santana-32b-audi-80-90-cabrio-coupe-b2-b3-gummilager-set-vorderachse-neu-857407181-febi-07558\/#breadcrumb"},"inLanguage":"de-AT","potentialAction":[{"@type":"ReadAction","target":["https:\/\/audi-klaus.at\/shop\/produkt\/vw-passat-santana-32b-audi-80-90-cabrio-coupe-b2-b3-gummilager-set-vorderachse-neu-857407181-febi-07558\/"]}]},{"@type":"ImageObject","inLanguage":"de-AT","@id":"https:\/\/audi-klaus.at\/shop\/produkt\/vw-passat-santana-32b-audi-80-90-cabrio-coupe-b2-b3-gummilager-set-vorderachse-neu-857407181-febi-07558\/#primaryimage","url":"https:\/\/audi-klaus.at\/shop\/wp-content\/uploads\/2021\/11\/L75.jpg","contentUrl":"https:\/\/audi-klaus.at\/shop\/wp-content\/uploads\/2021\/11\/L75.jpg","width":430,"height":430},{"@type":"BreadcrumbList","@id":"https:\/\/audi-klaus.at\/shop\/produkt\/vw-passat-santana-32b-audi-80-90-cabrio-coupe-b2-b3-gummilager-set-vorderachse-neu-857407181-febi-07558\/#breadcrumb","itemListElement":[{"@type":"ListItem","position":1,"name":"Startseite","item":"https:\/\/audi-klaus.at\/shop\/"},{"@type":"ListItem","position":2,"name":"Shop","item":"https:\/\/audi-klaus.at\/shop\/"},{"@type":"ListItem","position":3,"name":"VW Passat\/Santana 32B\/Audi 80\/90\/Cabrio\/Coupe\/B2\/B3 Gummilager-Set Vorderachse NEU 857407181\/Febi 07558"}]},{"@type":"WebSite","@id":"https:\/\/audi-klaus.at\/shop\/#website","url":"https:\/\/audi-klaus.at\/shop\/","name":"Audi-Klaus","description":"Ihr Gebrauchtteile Spezialist f\u00fcr die Marken Audi, VW (VAG)","publisher":{"@id":"https:\/\/audi-klaus.at\/shop\/#organization"},"potentialAction":[{"@type":"SearchAction","target":{"@type":"EntryPoint","urlTemplate":"https:\/\/audi-klaus.at\/shop\/?s={search_term_string}"},"query-input":{"@type":"PropertyValueSpecification","valueRequired":true,"valueName":"search_term_string"}}],"inLanguage":"de-AT"},{"@type":"Organization","@id":"https:\/\/audi-klaus.at\/shop\/#organization","name":"Audi-Klaus","url":"https:\/\/audi-klaus.at\/shop\/","logo":{"@type":"ImageObject","inLanguage":"de-AT","@id":"https:\/\/audi-klaus.at\/shop\/#\/schema\/logo\/image\/","url":"https:\/\/audi-klaus.at\/shop\/wp-content\/uploads\/2024\/10\/Logo-Shop.webp","contentUrl":"https:\/\/audi-klaus.at\/shop\/wp-content\/uploads\/2024\/10\/Logo-Shop.webp","width":470,"height":164,"caption":"Audi-Klaus"},"image":{"@id":"https:\/\/audi-klaus.at\/shop\/#\/schema\/logo\/image\/"},"sameAs":["https:\/\/www.facebook.com\/audi.klaus.1312\/","https:\/\/www.instagram.com\/audi_klaus\/?igshid=1eca3qu2mdayg"]}]}},"_links":{"self":[{"href":"https:\/\/audi-klaus.at\/shop\/wp-json\/wp\/v2\/product\/3506","targetHints":{"allow":["GET"]}}],"collection":[{"href":"https:\/\/audi-klaus.at\/shop\/wp-json\/wp\/v2\/product"}],"about":[{"href":"https:\/\/audi-klaus.at\/shop\/wp-json\/wp\/v2\/types\/product"}],"wp:featuredmedia":[{"embeddable":true,"href":"https:\/\/audi-klaus.at\/shop\/wp-json\/wp\/v2\/media\/3192"}],"wp:attachment":[{"href":"https:\/\/audi-klaus.at\/shop\/wp-json\/wp\/v2\/media?parent=3506"}],"wp:term":[{"taxonomy":"product_brand","embeddable":true,"href":"https:\/\/audi-klaus.at\/shop\/wp-json\/wp\/v2\/product_brand?post=3506"},{"taxonomy":"product_cat","embeddable":true,"href":"https:\/\/audi-klaus.at\/shop\/wp-json\/wp\/v2\/product_cat?post=3506"},{"taxonomy":"product_tag","embeddable":true,"href":"https:\/\/audi-klaus.at\/shop\/wp-json\/wp\/v2\/product_tag?post=3506"}],"curies":[{"name":"wp","href":"https:\/\/api.w.org\/{rel}","templated":true}]}}