{"id":31653,"date":"2022-03-25T12:58:50","date_gmt":"2022-03-25T11:58:50","guid":{"rendered":"http:\/\/audi-klaus.at.server171-han.server-routing.com\/shop\/?post_type=product&#038;p=31653"},"modified":"2026-01-21T13:56:03","modified_gmt":"2026-01-21T12:56:03","slug":"vw-caddy-golf-jetta-scirocco-1-2-polo-2-passat-b1-b2-santana-blende-chrom-neu-433837239","status":"publish","type":"product","link":"https:\/\/audi-klaus.at\/shop\/produkt\/vw-caddy-golf-jetta-scirocco-1-2-polo-2-passat-b1-b2-santana-blende-chrom-neu-433837239\/","title":{"rendered":"VW Caddy\/Golf\/Jetta\/Scirocco\/1\/2\/Polo\/2\/Passat\/B1\/B2\/Santana Blende Chrom NOS 433837239"},"content":{"rendered":"<h5 class=\"western\"><span style=\"color: #060606;\"><span style=\"font-family: Verdana, serif;\"><span style=\"font-size: small;\"><b>VAG Teilenummer<\/b><\/span><\/span><\/span><span style=\"color: #060606;\"><span style=\"font-family: Verdana, serif;\"><span style=\"font-size: small;\">: 433 837 239<\/span><\/span><\/span><\/h5>\n<h5 class=\"western\"><span style=\"color: #060606;\"><span style=\"font-family: Verdana, serif;\"><span style=\"font-size: small;\"><b>Zustand:<\/b><\/span><\/span><\/span><span style=\"color: #060606;\"><span style=\"font-family: Verdana, serif;\"><span style=\"font-size: small;\">\u00a0<\/span><\/span><\/span><span style=\"color: #060606;\"><span style=\"font-family: Verdana, serif;\"><span style=\"font-size: small;\"><span lang=\"de-DE\">NOS ( New Old Stock \/ kann Lagerspuren aufweisen)<\/span><\/span><\/span><\/span><\/h5>\n<h5 class=\"western\"><span style=\"color: #060606;\"><span style=\"font-family: Verdana, serif;\"><span style=\"font-size: small;\"><b>Lieferumfang:<\/b><\/span><\/span><\/span><span style=\"color: #060606;\"><span style=\"font-family: Verdana, serif;\"><span style=\"font-size: small;\">\u00a0wie in den Original-Abbildungen angegeben<\/span><\/span><\/span><\/h5>\n<h5 class=\"western\"><span style=\"color: #060606;\"><span style=\"font-family: Verdana, serif;\"><span style=\"font-size: small;\"><b>Hinweis:<\/b><\/span><\/span><\/span><span style=\"color: #060606;\"><span style=\"font-family: Verdana, serif;\"><span style=\"font-size: small;\">\u00a0Bitte \u00fcberpr\u00fcfen Sie vor dem Kauf anhand der eindeutigen Teilenummern, ob der Artikel zum Fahrzeug passt, um R\u00fccksendungen zu vermeiden! Trotz Angabe der entsprechenden Fahrzeugdaten ist eine eindeutige Zuordnung nur \u00fcber die Teilenummer m\u00f6glich! Die abgelesene Teilenummer ist die Teilenummer des Teils, welches geliefert wird. Die Originalteilnummer ist diejenige, die bei Neubestellung f\u00fcr dieses Teil gilt und der m\u00f6glicherweise abweichenden, gelieferten Teilenummer entspricht. <\/span><\/span><\/span><\/h5>\n<h5 class=\"western\"><span style=\"color: #060606;\"><span style=\"font-family: Verdana, serif;\"><span style=\"font-size: small;\"><span lang=\"de-DE\">Neu<\/span><\/span><\/span><\/span><span style=\"color: #060606;\"><span style=\"font-family: Verdana, serif;\"><span style=\"font-size: small;\"> mit Gebrauchsspuren in Form von Verunreinigungen\/ kleinen Kratzern m\u00f6glich. Die Ware wird ungereinigt geliefert.<\/span><\/span><\/span><\/h5>\n<h5 class=\"western\"><span style=\"color: #060606;\"><span style=\"font-family: Verdana, serif;\"><span style=\"font-size: small;\">Sollten weitere Fragen offen sein, kontaktieren Sie uns bitte unter<\/span><\/span><\/span><span style=\"color: #060606;\"><span style=\"font-family: Verdana, serif;\"><span style=\"font-size: small;\"><u>\u00a0<\/u><\/span><\/span><\/span><a href=\"mailto:office@audi-klaus.at\"><span style=\"color: #0000ff;\"><span style=\"font-family: Verdana, serif;\"><span style=\"font-size: small;\"><u>office@audi-klaus.at<\/u><\/span><\/span><\/span><\/a><\/h5>\n","protected":false},"excerpt":{"rendered":"<h5><strong><span style=\"font-size: 18pt;\">Marke: VW<\/span><\/strong><\/h5>\n<h5><strong><span style=\"font-size: 18pt;\">Modell: Caddy\/Golf\/Jetta\/Passat\/Polo\/Scirocco\/Santana<\/span><\/strong><\/h5>\n<h5><strong><span style=\"font-size: 18pt;\">Typ: 1\/2\/B1\/B2<\/span><\/strong><\/h5>\n","protected":false},"featured_media":31424,"template":"","meta":[],"product_brand":[],"product_cat":[1172,1229,1638,1176,1230,1648,1177,1238,1728,1180,1241,1769,1193,1276,1194,1286,1204,1388,1164,1205,1398,1165,1211,1458,1167,1212,1468,1170,1216,1518],"product_tag":[10234],"class_list":{"0":"post-31653","1":"product","2":"type-product","3":"status-publish","4":"has-post-thumbnail","6":"product_cat-polo","7":"product_cat-b1-32-1973-1977","8":"product_cat-karosserie-b1-32-1973-1977","9":"product_cat-passat","10":"product_cat-b2-32b-1980-1988","11":"product_cat-karosserie-b2-32b-1980-1988","12":"product_cat-santana","13":"product_cat-b2-1981","14":"product_cat-karosserie-b2-1981","15":"product_cat-caddy","16":"product_cat-1-14d-1978-1992","17":"product_cat-karosserie-1-14d-1978-1992","18":"product_cat-1-171-1974-1985","19":"product_cat-karosserie-1-171-1974-1985","20":"product_cat-2-191-1983-1992","21":"product_cat-karosserie-2-191-1983-1992","22":"product_cat-1-161-1978-1987","23":"product_cat-karosserie-1-161-1978-1987","24":"product_cat-vw","25":"product_cat-2-165-1983-1992","26":"product_cat-karosserie-2-165-1983-1992","27":"product_cat-golf","28":"product_cat-1-53-1974-1981","29":"product_cat-karosserie-1-53-1974-1981","30":"product_cat-jetta","31":"product_cat-2-53b-1981-1992","32":"product_cat-karosserie-2-53b-1981-1992","33":"product_cat-scirocco","34":"product_cat-2-86c-1981-1990","35":"product_cat-karosserie-2-86c-1981-1990","36":"product_tag-10234","38":"first","39":"instock","40":"taxable","41":"shipping-taxable","42":"purchasable","43":"product-type-simple"},"yoast_head":"<!-- This site is optimized with the Yoast SEO plugin v27.3 - https:\/\/yoast.com\/product\/yoast-seo-wordpress\/ -->\n<title>VW Caddy\/Golf\/Jetta\/Scirocco\/1\/2\/Polo\/2\/Passat\/B1\/B2\/Santana Blende Chrom NOS 433837239 - Audi-Klaus<\/title>\n<meta name=\"description\" content=\"VW Caddy\/Golf\/Jetta\/Scirocco\/1\/2\/Polo\/2\/Passat\/B1\/B2\/Santana Blende Chrom NOS 433837239 VW Caddy\/Golf\/Jetta\/Scirocco\/1\/2\/Polo\/2\/Passat\/B1\/B2\/Santana Blende Chrom NOS 433837239 Audi-Klaus - Audi-Klaus\" \/>\n<meta name=\"robots\" content=\"index, follow, max-snippet:-1, max-image-preview:large, max-video-preview:-1\" \/>\n<link rel=\"canonical\" href=\"https:\/\/audi-klaus.at\/shop\/produkt\/vw-caddy-golf-jetta-scirocco-1-2-polo-2-passat-b1-b2-santana-blende-chrom-neu-433837239\/\" \/>\n<meta property=\"og:locale\" content=\"de_DE\" \/>\n<meta property=\"og:type\" content=\"article\" \/>\n<meta property=\"og:title\" content=\"VW Caddy\/Golf\/Jetta\/Scirocco\/1\/2\/Polo\/2\/Passat\/B1\/B2\/Santana Blende Chrom NOS 433837239 - Audi-Klaus\" \/>\n<meta property=\"og:description\" content=\"VW Caddy\/Golf\/Jetta\/Scirocco\/1\/2\/Polo\/2\/Passat\/B1\/B2\/Santana Blende Chrom NOS 433837239 VW Caddy\/Golf\/Jetta\/Scirocco\/1\/2\/Polo\/2\/Passat\/B1\/B2\/Santana Blende Chrom NOS 433837239 Audi-Klaus - Audi-Klaus\" \/>\n<meta property=\"og:url\" content=\"https:\/\/audi-klaus.at\/shop\/produkt\/vw-caddy-golf-jetta-scirocco-1-2-polo-2-passat-b1-b2-santana-blende-chrom-neu-433837239\/\" \/>\n<meta property=\"og:site_name\" content=\"Audi-Klaus\" \/>\n<meta property=\"article:publisher\" content=\"https:\/\/www.facebook.com\/audi.klaus.1312\/\" \/>\n<meta property=\"article:modified_time\" content=\"2026-01-21T12:56:03+00:00\" \/>\n<meta property=\"og:image\" content=\"https:\/\/audi-klaus.at\/shop\/wp-content\/uploads\/2022\/03\/K1337-2.jpg\" \/>\n\t<meta property=\"og:image:width\" content=\"644\" \/>\n\t<meta property=\"og:image:height\" content=\"430\" \/>\n\t<meta property=\"og:image:type\" content=\"image\/jpeg\" \/>\n<meta name=\"twitter:card\" content=\"summary_large_image\" \/>\n<meta name=\"twitter:label1\" content=\"Gesch\u00e4tzte Lesezeit\" \/>\n\t<meta name=\"twitter:data1\" content=\"1 Minute\" \/>\n<script type=\"application\/ld+json\" class=\"yoast-schema-graph\">{\"@context\":\"https:\\\/\\\/schema.org\",\"@graph\":[{\"@type\":\"WebPage\",\"@id\":\"https:\\\/\\\/audi-klaus.at\\\/shop\\\/produkt\\\/vw-caddy-golf-jetta-scirocco-1-2-polo-2-passat-b1-b2-santana-blende-chrom-neu-433837239\\\/\",\"url\":\"https:\\\/\\\/audi-klaus.at\\\/shop\\\/produkt\\\/vw-caddy-golf-jetta-scirocco-1-2-polo-2-passat-b1-b2-santana-blende-chrom-neu-433837239\\\/\",\"name\":\"VW Caddy\\\/Golf\\\/Jetta\\\/Scirocco\\\/1\\\/2\\\/Polo\\\/2\\\/Passat\\\/B1\\\/B2\\\/Santana Blende Chrom NOS 433837239 - Audi-Klaus\",\"isPartOf\":{\"@id\":\"https:\\\/\\\/audi-klaus.at\\\/shop\\\/#website\"},\"primaryImageOfPage\":{\"@id\":\"https:\\\/\\\/audi-klaus.at\\\/shop\\\/produkt\\\/vw-caddy-golf-jetta-scirocco-1-2-polo-2-passat-b1-b2-santana-blende-chrom-neu-433837239\\\/#primaryimage\"},\"image\":{\"@id\":\"https:\\\/\\\/audi-klaus.at\\\/shop\\\/produkt\\\/vw-caddy-golf-jetta-scirocco-1-2-polo-2-passat-b1-b2-santana-blende-chrom-neu-433837239\\\/#primaryimage\"},\"thumbnailUrl\":\"https:\\\/\\\/audi-klaus.at\\\/shop\\\/wp-content\\\/uploads\\\/2022\\\/03\\\/K1337-2.jpg\",\"datePublished\":\"2022-03-25T11:58:50+00:00\",\"dateModified\":\"2026-01-21T12:56:03+00:00\",\"description\":\"VW Caddy\\\/Golf\\\/Jetta\\\/Scirocco\\\/1\\\/2\\\/Polo\\\/2\\\/Passat\\\/B1\\\/B2\\\/Santana Blende Chrom NOS 433837239 VW Caddy\\\/Golf\\\/Jetta\\\/Scirocco\\\/1\\\/2\\\/Polo\\\/2\\\/Passat\\\/B1\\\/B2\\\/Santana Blende Chrom NOS 433837239 Audi-Klaus - Audi-Klaus\",\"breadcrumb\":{\"@id\":\"https:\\\/\\\/audi-klaus.at\\\/shop\\\/produkt\\\/vw-caddy-golf-jetta-scirocco-1-2-polo-2-passat-b1-b2-santana-blende-chrom-neu-433837239\\\/#breadcrumb\"},\"inLanguage\":\"de-AT\",\"potentialAction\":[{\"@type\":\"ReadAction\",\"target\":[\"https:\\\/\\\/audi-klaus.at\\\/shop\\\/produkt\\\/vw-caddy-golf-jetta-scirocco-1-2-polo-2-passat-b1-b2-santana-blende-chrom-neu-433837239\\\/\"]}]},{\"@type\":\"ImageObject\",\"inLanguage\":\"de-AT\",\"@id\":\"https:\\\/\\\/audi-klaus.at\\\/shop\\\/produkt\\\/vw-caddy-golf-jetta-scirocco-1-2-polo-2-passat-b1-b2-santana-blende-chrom-neu-433837239\\\/#primaryimage\",\"url\":\"https:\\\/\\\/audi-klaus.at\\\/shop\\\/wp-content\\\/uploads\\\/2022\\\/03\\\/K1337-2.jpg\",\"contentUrl\":\"https:\\\/\\\/audi-klaus.at\\\/shop\\\/wp-content\\\/uploads\\\/2022\\\/03\\\/K1337-2.jpg\",\"width\":644,\"height\":430},{\"@type\":\"BreadcrumbList\",\"@id\":\"https:\\\/\\\/audi-klaus.at\\\/shop\\\/produkt\\\/vw-caddy-golf-jetta-scirocco-1-2-polo-2-passat-b1-b2-santana-blende-chrom-neu-433837239\\\/#breadcrumb\",\"itemListElement\":[{\"@type\":\"ListItem\",\"position\":1,\"name\":\"Startseite\",\"item\":\"https:\\\/\\\/audi-klaus.at\\\/shop\\\/\"},{\"@type\":\"ListItem\",\"position\":2,\"name\":\"Shop\",\"item\":\"https:\\\/\\\/audi-klaus.at\\\/shop\\\/\"},{\"@type\":\"ListItem\",\"position\":3,\"name\":\"VW Caddy\\\/Golf\\\/Jetta\\\/Scirocco\\\/1\\\/2\\\/Polo\\\/2\\\/Passat\\\/B1\\\/B2\\\/Santana Blende Chrom NOS 433837239\"}]},{\"@type\":\"WebSite\",\"@id\":\"https:\\\/\\\/audi-klaus.at\\\/shop\\\/#website\",\"url\":\"https:\\\/\\\/audi-klaus.at\\\/shop\\\/\",\"name\":\"Audi-Klaus\",\"description\":\"Ihr Gebrauchtteile Spezialist f\u00fcr die Marken Audi, VW (VAG)\",\"publisher\":{\"@id\":\"https:\\\/\\\/audi-klaus.at\\\/shop\\\/#organization\"},\"potentialAction\":[{\"@type\":\"SearchAction\",\"target\":{\"@type\":\"EntryPoint\",\"urlTemplate\":\"https:\\\/\\\/audi-klaus.at\\\/shop\\\/?s={search_term_string}\"},\"query-input\":{\"@type\":\"PropertyValueSpecification\",\"valueRequired\":true,\"valueName\":\"search_term_string\"}}],\"inLanguage\":\"de-AT\"},{\"@type\":\"Organization\",\"@id\":\"https:\\\/\\\/audi-klaus.at\\\/shop\\\/#organization\",\"name\":\"Audi-Klaus\",\"url\":\"https:\\\/\\\/audi-klaus.at\\\/shop\\\/\",\"logo\":{\"@type\":\"ImageObject\",\"inLanguage\":\"de-AT\",\"@id\":\"https:\\\/\\\/audi-klaus.at\\\/shop\\\/#\\\/schema\\\/logo\\\/image\\\/\",\"url\":\"https:\\\/\\\/audi-klaus.at\\\/shop\\\/wp-content\\\/uploads\\\/2024\\\/10\\\/Logo-Shop.webp\",\"contentUrl\":\"https:\\\/\\\/audi-klaus.at\\\/shop\\\/wp-content\\\/uploads\\\/2024\\\/10\\\/Logo-Shop.webp\",\"width\":470,\"height\":164,\"caption\":\"Audi-Klaus\"},\"image\":{\"@id\":\"https:\\\/\\\/audi-klaus.at\\\/shop\\\/#\\\/schema\\\/logo\\\/image\\\/\"},\"sameAs\":[\"https:\\\/\\\/www.facebook.com\\\/audi.klaus.1312\\\/\",\"https:\\\/\\\/www.instagram.com\\\/audi_klaus\\\/?igshid=1eca3qu2mdayg\"]}]}<\/script>\n<!-- \/ Yoast SEO plugin. -->","yoast_head_json":{"title":"VW Caddy\/Golf\/Jetta\/Scirocco\/1\/2\/Polo\/2\/Passat\/B1\/B2\/Santana Blende Chrom NOS 433837239 - Audi-Klaus","description":"VW Caddy\/Golf\/Jetta\/Scirocco\/1\/2\/Polo\/2\/Passat\/B1\/B2\/Santana Blende Chrom NOS 433837239 VW Caddy\/Golf\/Jetta\/Scirocco\/1\/2\/Polo\/2\/Passat\/B1\/B2\/Santana Blende Chrom NOS 433837239 Audi-Klaus - Audi-Klaus","robots":{"index":"index","follow":"follow","max-snippet":"max-snippet:-1","max-image-preview":"max-image-preview:large","max-video-preview":"max-video-preview:-1"},"canonical":"https:\/\/audi-klaus.at\/shop\/produkt\/vw-caddy-golf-jetta-scirocco-1-2-polo-2-passat-b1-b2-santana-blende-chrom-neu-433837239\/","og_locale":"de_DE","og_type":"article","og_title":"VW Caddy\/Golf\/Jetta\/Scirocco\/1\/2\/Polo\/2\/Passat\/B1\/B2\/Santana Blende Chrom NOS 433837239 - Audi-Klaus","og_description":"VW Caddy\/Golf\/Jetta\/Scirocco\/1\/2\/Polo\/2\/Passat\/B1\/B2\/Santana Blende Chrom NOS 433837239 VW Caddy\/Golf\/Jetta\/Scirocco\/1\/2\/Polo\/2\/Passat\/B1\/B2\/Santana Blende Chrom NOS 433837239 Audi-Klaus - Audi-Klaus","og_url":"https:\/\/audi-klaus.at\/shop\/produkt\/vw-caddy-golf-jetta-scirocco-1-2-polo-2-passat-b1-b2-santana-blende-chrom-neu-433837239\/","og_site_name":"Audi-Klaus","article_publisher":"https:\/\/www.facebook.com\/audi.klaus.1312\/","article_modified_time":"2026-01-21T12:56:03+00:00","og_image":[{"width":644,"height":430,"url":"https:\/\/audi-klaus.at\/shop\/wp-content\/uploads\/2022\/03\/K1337-2.jpg","type":"image\/jpeg"}],"twitter_card":"summary_large_image","twitter_misc":{"Gesch\u00e4tzte Lesezeit":"1 Minute"},"schema":{"@context":"https:\/\/schema.org","@graph":[{"@type":"WebPage","@id":"https:\/\/audi-klaus.at\/shop\/produkt\/vw-caddy-golf-jetta-scirocco-1-2-polo-2-passat-b1-b2-santana-blende-chrom-neu-433837239\/","url":"https:\/\/audi-klaus.at\/shop\/produkt\/vw-caddy-golf-jetta-scirocco-1-2-polo-2-passat-b1-b2-santana-blende-chrom-neu-433837239\/","name":"VW Caddy\/Golf\/Jetta\/Scirocco\/1\/2\/Polo\/2\/Passat\/B1\/B2\/Santana Blende Chrom NOS 433837239 - Audi-Klaus","isPartOf":{"@id":"https:\/\/audi-klaus.at\/shop\/#website"},"primaryImageOfPage":{"@id":"https:\/\/audi-klaus.at\/shop\/produkt\/vw-caddy-golf-jetta-scirocco-1-2-polo-2-passat-b1-b2-santana-blende-chrom-neu-433837239\/#primaryimage"},"image":{"@id":"https:\/\/audi-klaus.at\/shop\/produkt\/vw-caddy-golf-jetta-scirocco-1-2-polo-2-passat-b1-b2-santana-blende-chrom-neu-433837239\/#primaryimage"},"thumbnailUrl":"https:\/\/audi-klaus.at\/shop\/wp-content\/uploads\/2022\/03\/K1337-2.jpg","datePublished":"2022-03-25T11:58:50+00:00","dateModified":"2026-01-21T12:56:03+00:00","description":"VW Caddy\/Golf\/Jetta\/Scirocco\/1\/2\/Polo\/2\/Passat\/B1\/B2\/Santana Blende Chrom NOS 433837239 VW Caddy\/Golf\/Jetta\/Scirocco\/1\/2\/Polo\/2\/Passat\/B1\/B2\/Santana Blende Chrom NOS 433837239 Audi-Klaus - Audi-Klaus","breadcrumb":{"@id":"https:\/\/audi-klaus.at\/shop\/produkt\/vw-caddy-golf-jetta-scirocco-1-2-polo-2-passat-b1-b2-santana-blende-chrom-neu-433837239\/#breadcrumb"},"inLanguage":"de-AT","potentialAction":[{"@type":"ReadAction","target":["https:\/\/audi-klaus.at\/shop\/produkt\/vw-caddy-golf-jetta-scirocco-1-2-polo-2-passat-b1-b2-santana-blende-chrom-neu-433837239\/"]}]},{"@type":"ImageObject","inLanguage":"de-AT","@id":"https:\/\/audi-klaus.at\/shop\/produkt\/vw-caddy-golf-jetta-scirocco-1-2-polo-2-passat-b1-b2-santana-blende-chrom-neu-433837239\/#primaryimage","url":"https:\/\/audi-klaus.at\/shop\/wp-content\/uploads\/2022\/03\/K1337-2.jpg","contentUrl":"https:\/\/audi-klaus.at\/shop\/wp-content\/uploads\/2022\/03\/K1337-2.jpg","width":644,"height":430},{"@type":"BreadcrumbList","@id":"https:\/\/audi-klaus.at\/shop\/produkt\/vw-caddy-golf-jetta-scirocco-1-2-polo-2-passat-b1-b2-santana-blende-chrom-neu-433837239\/#breadcrumb","itemListElement":[{"@type":"ListItem","position":1,"name":"Startseite","item":"https:\/\/audi-klaus.at\/shop\/"},{"@type":"ListItem","position":2,"name":"Shop","item":"https:\/\/audi-klaus.at\/shop\/"},{"@type":"ListItem","position":3,"name":"VW Caddy\/Golf\/Jetta\/Scirocco\/1\/2\/Polo\/2\/Passat\/B1\/B2\/Santana Blende Chrom NOS 433837239"}]},{"@type":"WebSite","@id":"https:\/\/audi-klaus.at\/shop\/#website","url":"https:\/\/audi-klaus.at\/shop\/","name":"Audi-Klaus","description":"Ihr Gebrauchtteile Spezialist f\u00fcr die Marken Audi, VW (VAG)","publisher":{"@id":"https:\/\/audi-klaus.at\/shop\/#organization"},"potentialAction":[{"@type":"SearchAction","target":{"@type":"EntryPoint","urlTemplate":"https:\/\/audi-klaus.at\/shop\/?s={search_term_string}"},"query-input":{"@type":"PropertyValueSpecification","valueRequired":true,"valueName":"search_term_string"}}],"inLanguage":"de-AT"},{"@type":"Organization","@id":"https:\/\/audi-klaus.at\/shop\/#organization","name":"Audi-Klaus","url":"https:\/\/audi-klaus.at\/shop\/","logo":{"@type":"ImageObject","inLanguage":"de-AT","@id":"https:\/\/audi-klaus.at\/shop\/#\/schema\/logo\/image\/","url":"https:\/\/audi-klaus.at\/shop\/wp-content\/uploads\/2024\/10\/Logo-Shop.webp","contentUrl":"https:\/\/audi-klaus.at\/shop\/wp-content\/uploads\/2024\/10\/Logo-Shop.webp","width":470,"height":164,"caption":"Audi-Klaus"},"image":{"@id":"https:\/\/audi-klaus.at\/shop\/#\/schema\/logo\/image\/"},"sameAs":["https:\/\/www.facebook.com\/audi.klaus.1312\/","https:\/\/www.instagram.com\/audi_klaus\/?igshid=1eca3qu2mdayg"]}]}},"_links":{"self":[{"href":"https:\/\/audi-klaus.at\/shop\/wp-json\/wp\/v2\/product\/31653","targetHints":{"allow":["GET"]}}],"collection":[{"href":"https:\/\/audi-klaus.at\/shop\/wp-json\/wp\/v2\/product"}],"about":[{"href":"https:\/\/audi-klaus.at\/shop\/wp-json\/wp\/v2\/types\/product"}],"wp:featuredmedia":[{"embeddable":true,"href":"https:\/\/audi-klaus.at\/shop\/wp-json\/wp\/v2\/media\/31424"}],"wp:attachment":[{"href":"https:\/\/audi-klaus.at\/shop\/wp-json\/wp\/v2\/media?parent=31653"}],"wp:term":[{"taxonomy":"product_brand","embeddable":true,"href":"https:\/\/audi-klaus.at\/shop\/wp-json\/wp\/v2\/product_brand?post=31653"},{"taxonomy":"product_cat","embeddable":true,"href":"https:\/\/audi-klaus.at\/shop\/wp-json\/wp\/v2\/product_cat?post=31653"},{"taxonomy":"product_tag","embeddable":true,"href":"https:\/\/audi-klaus.at\/shop\/wp-json\/wp\/v2\/product_tag?post=31653"}],"curies":[{"name":"wp","href":"https:\/\/api.w.org\/{rel}","templated":true}]}}