{"id":23065,"date":"2022-02-18T09:22:41","date_gmt":"2022-02-18T08:22:41","guid":{"rendered":"http:\/\/audi-klaus.at.server171-han.server-routing.com\/shop\/?post_type=product&#038;p=23065"},"modified":"2026-01-07T21:07:19","modified_gmt":"2026-01-07T20:07:19","slug":"vw-golf-jetta-2-3-lupo-passat-b2-b3-b4-bus-t4-polo-2-3-sharan-1-audi-80-b1-b2-90-b2-bremspedalgummi-321721173","status":"publish","type":"product","link":"https:\/\/audi-klaus.at\/shop\/produkt\/vw-golf-jetta-2-3-lupo-passat-b2-b3-b4-bus-t4-polo-2-3-sharan-1-audi-80-b1-b2-90-b2-bremspedalgummi-321721173\/","title":{"rendered":"VW Golf\/Jetta\/2\/3\/Lupo\/Passat\/B2\/B3\/B4\/Bus\/T4\/Polo\/2\/3\/Sharan\/1\/Audi 80\/B1\/B2\/90\/B2 Bremspedalgummi 321721173"},"content":{"rendered":"<h5><span style=\"color: #060606; font-size: 10pt;\"><strong>VAG Teilenummer<\/strong>: 321 721 173<\/span><\/h5>\n<h5><span style=\"color: #060606; font-size: 10pt;\"><strong>Zustand:<\/strong>\u00a0Gebraucht<\/span><\/h5>\n<h5><span style=\"color: #060606; font-size: 10pt;\"><strong>Lieferumfang:<\/strong>\u00a0wie in den Original-Abbildungen angegeben<\/span><\/h5>\n<h5><span style=\"color: #060606; font-size: 10pt;\"><strong>Hinweis:<\/strong>\u00a0Bitte \u00fcberpr\u00fcfen Sie vor dem Kauf anhand der eindeutigen Teilenummern, ob der Artikel \u00a0zum Fahrzeug passt, um R\u00fccksendungen zu vermeiden! Trotz Angabe der entsprechenden Fahrzeugdaten ist eine eindeutige Zuordnung nur \u00fcber die Teilenummer m\u00f6glich! Die abgelesene Teilenummer ist die Teilenummer des Teils, welches geliefert wird. Die Originalteilnummer ist diejenige, die bei Neubestellung f\u00fcr dieses Teil gilt und der m\u00f6glicherweise abweichenden, gelieferten Teilenummer entspricht. Sollten weitere Fragen offen sein, kontaktieren Sie uns bitte unter office@audi-klaus.at<\/span><\/h5>\n","protected":false},"excerpt":{"rendered":"<h5><strong><span style=\"font-size: 18pt;\">Marke: VW\/Audi<\/span><\/strong><\/h5>\n<h5><strong><span style=\"font-size: 18pt;\">Modell: Golf\/Jetta\/Lupo\/Passat\/Polo\/Bus\/Sharan\/80\/90<\/span><\/strong><\/h5>\n<h5><strong><span style=\"font-size: 18pt;\">Typ: 2\/3\/3L\/B2\/B3\/B4\/2\/3\/T4\/1\/B1\/B2<\/span><\/strong><\/h5>\n<h5><\/h5>\n","protected":false},"featured_media":23050,"template":"","meta":[],"product_brand":[],"product_cat":[166,1510,1186,1231,203,1520,1189,1232,213,1530,1194,1239,294,1640,1195,1256,1164,1650,1205,1264,1165,1660,1209,32,1278,1167,1731,1216,78,1288,1168,1911,1217,79,1390,1172,1991,1218,80,1430,1176,1219,154,1500,1178,1230],"product_tag":[8134],"class_list":{"0":"post-23065","1":"product","2":"type-product","3":"status-publish","4":"has-post-thumbnail","6":"product_cat-b2-type81-85-1984-1987","7":"product_cat-innenraum-2-86c-1981-1990","8":"product_cat-bus","9":"product_cat-b3-35i-1988-1993","10":"product_cat-innenraum-b1-75","11":"product_cat-innenraum-3-6n-1994-1999","12":"product_cat-lupo","13":"product_cat-b4-3a-1993-1997","14":"product_cat-innenraum-b2-78","15":"product_cat-innenraum-3-6n2-1999-2001","16":"product_cat-2-191-1983-1992","17":"product_cat-1-7m-1995-2010","18":"product_cat-innenraum-b2-1984-1987","19":"product_cat-innenraum-b2-32b-1980-1988","20":"product_cat-3-1h-1990-1998","21":"product_cat-t4-7d-1990-2003","22":"product_cat-vw","23":"product_cat-innenraum-b3-35i-1988-1993","24":"product_cat-2-165-1983-1992","25":"product_cat-3l-1998-2005","26":"product_cat-golf","27":"product_cat-innenraum-b4-3a-1993-1997","28":"product_cat-1h5-1991-1998","29":"product_cat-audi","30":"product_cat-innenraum-2-191-1983-1992","31":"product_cat-jetta","32":"product_cat-innenraum-1-7m-1995-2010","33":"product_cat-2-86c-1981-1990","34":"product_cat-78","35":"product_cat-innenraum-3-1h-1990-1998","36":"product_cat-vento","37":"product_cat-innenraum-t4-7d-1990-2003","38":"product_cat-2-2f-1990-1994","39":"product_cat-b1-typ82-75","40":"product_cat-innenraum-2-165-1983-1992","41":"product_cat-polo","42":"product_cat-innenraum-3l-1998-2005","43":"product_cat-3-6n-1994-1999","44":"product_cat-b2-typ81-85-78","45":"product_cat-innenraum-1h5-1991-1998","46":"product_cat-passat","47":"product_cat-3-6n2-1999-2001","48":"product_cat-154","49":"product_cat-innenraum-2-2f-1990-1994","50":"product_cat-sharan","51":"product_cat-b2-32b-1980-1988","52":"product_tag-8134","54":"first","55":"outofstock","56":"taxable","57":"shipping-taxable","58":"purchasable","59":"product-type-simple"},"yoast_head":"<!-- This site is optimized with the Yoast SEO plugin v27.4 - https:\/\/yoast.com\/product\/yoast-seo-wordpress\/ -->\n<title>VW Golf\/Jetta\/2\/3\/Lupo\/Passat\/B2\/B3\/B4\/Bus\/T4\/Polo\/2\/3\/Sharan\/1\/Audi 80\/B1\/B2\/90\/B2 Bremspedalgummi 321721173 - Audi-Klaus<\/title>\n<meta name=\"robots\" content=\"index, follow, max-snippet:-1, max-image-preview:large, max-video-preview:-1\" \/>\n<link rel=\"canonical\" href=\"https:\/\/audi-klaus.at\/shop\/produkt\/vw-golf-jetta-2-3-lupo-passat-b2-b3-b4-bus-t4-polo-2-3-sharan-1-audi-80-b1-b2-90-b2-bremspedalgummi-321721173\/\" \/>\n<meta property=\"og:locale\" content=\"de_DE\" \/>\n<meta property=\"og:type\" content=\"article\" \/>\n<meta property=\"og:title\" content=\"VW Golf\/Jetta\/2\/3\/Lupo\/Passat\/B2\/B3\/B4\/Bus\/T4\/Polo\/2\/3\/Sharan\/1\/Audi 80\/B1\/B2\/90\/B2 Bremspedalgummi 321721173 - Audi-Klaus\" \/>\n<meta property=\"og:description\" content=\"Marke: VW\/Audi Modell: Golf\/Jetta\/Lupo\/Passat\/Polo\/Bus\/Sharan\/80\/90 Typ: 2\/3\/3L\/B2\/B3\/B4\/2\/3\/T4\/1\/B1\/B2\" \/>\n<meta property=\"og:url\" content=\"https:\/\/audi-klaus.at\/shop\/produkt\/vw-golf-jetta-2-3-lupo-passat-b2-b3-b4-bus-t4-polo-2-3-sharan-1-audi-80-b1-b2-90-b2-bremspedalgummi-321721173\/\" \/>\n<meta property=\"og:site_name\" content=\"Audi-Klaus\" \/>\n<meta property=\"article:publisher\" content=\"https:\/\/www.facebook.com\/audi.klaus.1312\/\" \/>\n<meta property=\"article:modified_time\" content=\"2026-01-07T20:07:19+00:00\" \/>\n<meta property=\"og:image\" content=\"https:\/\/audi-klaus.at\/shop\/wp-content\/uploads\/2022\/02\/ia907.jpg\" \/>\n\t<meta property=\"og:image:width\" content=\"418\" \/>\n\t<meta property=\"og:image:height\" content=\"418\" \/>\n\t<meta property=\"og:image:type\" content=\"image\/jpeg\" \/>\n<meta name=\"twitter:card\" content=\"summary_large_image\" \/>\n<script type=\"application\/ld+json\" class=\"yoast-schema-graph\">{\"@context\":\"https:\\\/\\\/schema.org\",\"@graph\":[{\"@type\":\"WebPage\",\"@id\":\"https:\\\/\\\/audi-klaus.at\\\/shop\\\/produkt\\\/vw-golf-jetta-2-3-lupo-passat-b2-b3-b4-bus-t4-polo-2-3-sharan-1-audi-80-b1-b2-90-b2-bremspedalgummi-321721173\\\/\",\"url\":\"https:\\\/\\\/audi-klaus.at\\\/shop\\\/produkt\\\/vw-golf-jetta-2-3-lupo-passat-b2-b3-b4-bus-t4-polo-2-3-sharan-1-audi-80-b1-b2-90-b2-bremspedalgummi-321721173\\\/\",\"name\":\"VW Golf\\\/Jetta\\\/2\\\/3\\\/Lupo\\\/Passat\\\/B2\\\/B3\\\/B4\\\/Bus\\\/T4\\\/Polo\\\/2\\\/3\\\/Sharan\\\/1\\\/Audi 80\\\/B1\\\/B2\\\/90\\\/B2 Bremspedalgummi 321721173 - Audi-Klaus\",\"isPartOf\":{\"@id\":\"https:\\\/\\\/audi-klaus.at\\\/shop\\\/#website\"},\"primaryImageOfPage\":{\"@id\":\"https:\\\/\\\/audi-klaus.at\\\/shop\\\/produkt\\\/vw-golf-jetta-2-3-lupo-passat-b2-b3-b4-bus-t4-polo-2-3-sharan-1-audi-80-b1-b2-90-b2-bremspedalgummi-321721173\\\/#primaryimage\"},\"image\":{\"@id\":\"https:\\\/\\\/audi-klaus.at\\\/shop\\\/produkt\\\/vw-golf-jetta-2-3-lupo-passat-b2-b3-b4-bus-t4-polo-2-3-sharan-1-audi-80-b1-b2-90-b2-bremspedalgummi-321721173\\\/#primaryimage\"},\"thumbnailUrl\":\"https:\\\/\\\/audi-klaus.at\\\/shop\\\/wp-content\\\/uploads\\\/2022\\\/02\\\/ia907.jpg\",\"datePublished\":\"2022-02-18T08:22:41+00:00\",\"dateModified\":\"2026-01-07T20:07:19+00:00\",\"breadcrumb\":{\"@id\":\"https:\\\/\\\/audi-klaus.at\\\/shop\\\/produkt\\\/vw-golf-jetta-2-3-lupo-passat-b2-b3-b4-bus-t4-polo-2-3-sharan-1-audi-80-b1-b2-90-b2-bremspedalgummi-321721173\\\/#breadcrumb\"},\"inLanguage\":\"de-AT\",\"potentialAction\":[{\"@type\":\"ReadAction\",\"target\":[\"https:\\\/\\\/audi-klaus.at\\\/shop\\\/produkt\\\/vw-golf-jetta-2-3-lupo-passat-b2-b3-b4-bus-t4-polo-2-3-sharan-1-audi-80-b1-b2-90-b2-bremspedalgummi-321721173\\\/\"]}]},{\"@type\":\"ImageObject\",\"inLanguage\":\"de-AT\",\"@id\":\"https:\\\/\\\/audi-klaus.at\\\/shop\\\/produkt\\\/vw-golf-jetta-2-3-lupo-passat-b2-b3-b4-bus-t4-polo-2-3-sharan-1-audi-80-b1-b2-90-b2-bremspedalgummi-321721173\\\/#primaryimage\",\"url\":\"https:\\\/\\\/audi-klaus.at\\\/shop\\\/wp-content\\\/uploads\\\/2022\\\/02\\\/ia907.jpg\",\"contentUrl\":\"https:\\\/\\\/audi-klaus.at\\\/shop\\\/wp-content\\\/uploads\\\/2022\\\/02\\\/ia907.jpg\",\"width\":418,\"height\":418},{\"@type\":\"BreadcrumbList\",\"@id\":\"https:\\\/\\\/audi-klaus.at\\\/shop\\\/produkt\\\/vw-golf-jetta-2-3-lupo-passat-b2-b3-b4-bus-t4-polo-2-3-sharan-1-audi-80-b1-b2-90-b2-bremspedalgummi-321721173\\\/#breadcrumb\",\"itemListElement\":[{\"@type\":\"ListItem\",\"position\":1,\"name\":\"Startseite\",\"item\":\"https:\\\/\\\/audi-klaus.at\\\/shop\\\/\"},{\"@type\":\"ListItem\",\"position\":2,\"name\":\"Shop\",\"item\":\"https:\\\/\\\/audi-klaus.at\\\/shop\\\/\"},{\"@type\":\"ListItem\",\"position\":3,\"name\":\"VW Golf\\\/Jetta\\\/2\\\/3\\\/Lupo\\\/Passat\\\/B2\\\/B3\\\/B4\\\/Bus\\\/T4\\\/Polo\\\/2\\\/3\\\/Sharan\\\/1\\\/Audi 80\\\/B1\\\/B2\\\/90\\\/B2 Bremspedalgummi 321721173\"}]},{\"@type\":\"WebSite\",\"@id\":\"https:\\\/\\\/audi-klaus.at\\\/shop\\\/#website\",\"url\":\"https:\\\/\\\/audi-klaus.at\\\/shop\\\/\",\"name\":\"Audi-Klaus\",\"description\":\"Ihr Gebrauchtteile Spezialist f\u00fcr die Marken Audi, VW (VAG)\",\"publisher\":{\"@id\":\"https:\\\/\\\/audi-klaus.at\\\/shop\\\/#organization\"},\"potentialAction\":[{\"@type\":\"SearchAction\",\"target\":{\"@type\":\"EntryPoint\",\"urlTemplate\":\"https:\\\/\\\/audi-klaus.at\\\/shop\\\/?s={search_term_string}\"},\"query-input\":{\"@type\":\"PropertyValueSpecification\",\"valueRequired\":true,\"valueName\":\"search_term_string\"}}],\"inLanguage\":\"de-AT\"},{\"@type\":\"Organization\",\"@id\":\"https:\\\/\\\/audi-klaus.at\\\/shop\\\/#organization\",\"name\":\"Audi-Klaus\",\"url\":\"https:\\\/\\\/audi-klaus.at\\\/shop\\\/\",\"logo\":{\"@type\":\"ImageObject\",\"inLanguage\":\"de-AT\",\"@id\":\"https:\\\/\\\/audi-klaus.at\\\/shop\\\/#\\\/schema\\\/logo\\\/image\\\/\",\"url\":\"https:\\\/\\\/audi-klaus.at\\\/shop\\\/wp-content\\\/uploads\\\/2024\\\/10\\\/Logo-Shop.webp\",\"contentUrl\":\"https:\\\/\\\/audi-klaus.at\\\/shop\\\/wp-content\\\/uploads\\\/2024\\\/10\\\/Logo-Shop.webp\",\"width\":470,\"height\":164,\"caption\":\"Audi-Klaus\"},\"image\":{\"@id\":\"https:\\\/\\\/audi-klaus.at\\\/shop\\\/#\\\/schema\\\/logo\\\/image\\\/\"},\"sameAs\":[\"https:\\\/\\\/www.facebook.com\\\/audi.klaus.1312\\\/\",\"https:\\\/\\\/www.instagram.com\\\/audi_klaus\\\/?igshid=1eca3qu2mdayg\"]}]}<\/script>\n<!-- \/ Yoast SEO plugin. -->","yoast_head_json":{"title":"VW Golf\/Jetta\/2\/3\/Lupo\/Passat\/B2\/B3\/B4\/Bus\/T4\/Polo\/2\/3\/Sharan\/1\/Audi 80\/B1\/B2\/90\/B2 Bremspedalgummi 321721173 - Audi-Klaus","robots":{"index":"index","follow":"follow","max-snippet":"max-snippet:-1","max-image-preview":"max-image-preview:large","max-video-preview":"max-video-preview:-1"},"canonical":"https:\/\/audi-klaus.at\/shop\/produkt\/vw-golf-jetta-2-3-lupo-passat-b2-b3-b4-bus-t4-polo-2-3-sharan-1-audi-80-b1-b2-90-b2-bremspedalgummi-321721173\/","og_locale":"de_DE","og_type":"article","og_title":"VW Golf\/Jetta\/2\/3\/Lupo\/Passat\/B2\/B3\/B4\/Bus\/T4\/Polo\/2\/3\/Sharan\/1\/Audi 80\/B1\/B2\/90\/B2 Bremspedalgummi 321721173 - Audi-Klaus","og_description":"Marke: VW\/Audi Modell: Golf\/Jetta\/Lupo\/Passat\/Polo\/Bus\/Sharan\/80\/90 Typ: 2\/3\/3L\/B2\/B3\/B4\/2\/3\/T4\/1\/B1\/B2","og_url":"https:\/\/audi-klaus.at\/shop\/produkt\/vw-golf-jetta-2-3-lupo-passat-b2-b3-b4-bus-t4-polo-2-3-sharan-1-audi-80-b1-b2-90-b2-bremspedalgummi-321721173\/","og_site_name":"Audi-Klaus","article_publisher":"https:\/\/www.facebook.com\/audi.klaus.1312\/","article_modified_time":"2026-01-07T20:07:19+00:00","og_image":[{"width":418,"height":418,"url":"https:\/\/audi-klaus.at\/shop\/wp-content\/uploads\/2022\/02\/ia907.jpg","type":"image\/jpeg"}],"twitter_card":"summary_large_image","schema":{"@context":"https:\/\/schema.org","@graph":[{"@type":"WebPage","@id":"https:\/\/audi-klaus.at\/shop\/produkt\/vw-golf-jetta-2-3-lupo-passat-b2-b3-b4-bus-t4-polo-2-3-sharan-1-audi-80-b1-b2-90-b2-bremspedalgummi-321721173\/","url":"https:\/\/audi-klaus.at\/shop\/produkt\/vw-golf-jetta-2-3-lupo-passat-b2-b3-b4-bus-t4-polo-2-3-sharan-1-audi-80-b1-b2-90-b2-bremspedalgummi-321721173\/","name":"VW Golf\/Jetta\/2\/3\/Lupo\/Passat\/B2\/B3\/B4\/Bus\/T4\/Polo\/2\/3\/Sharan\/1\/Audi 80\/B1\/B2\/90\/B2 Bremspedalgummi 321721173 - Audi-Klaus","isPartOf":{"@id":"https:\/\/audi-klaus.at\/shop\/#website"},"primaryImageOfPage":{"@id":"https:\/\/audi-klaus.at\/shop\/produkt\/vw-golf-jetta-2-3-lupo-passat-b2-b3-b4-bus-t4-polo-2-3-sharan-1-audi-80-b1-b2-90-b2-bremspedalgummi-321721173\/#primaryimage"},"image":{"@id":"https:\/\/audi-klaus.at\/shop\/produkt\/vw-golf-jetta-2-3-lupo-passat-b2-b3-b4-bus-t4-polo-2-3-sharan-1-audi-80-b1-b2-90-b2-bremspedalgummi-321721173\/#primaryimage"},"thumbnailUrl":"https:\/\/audi-klaus.at\/shop\/wp-content\/uploads\/2022\/02\/ia907.jpg","datePublished":"2022-02-18T08:22:41+00:00","dateModified":"2026-01-07T20:07:19+00:00","breadcrumb":{"@id":"https:\/\/audi-klaus.at\/shop\/produkt\/vw-golf-jetta-2-3-lupo-passat-b2-b3-b4-bus-t4-polo-2-3-sharan-1-audi-80-b1-b2-90-b2-bremspedalgummi-321721173\/#breadcrumb"},"inLanguage":"de-AT","potentialAction":[{"@type":"ReadAction","target":["https:\/\/audi-klaus.at\/shop\/produkt\/vw-golf-jetta-2-3-lupo-passat-b2-b3-b4-bus-t4-polo-2-3-sharan-1-audi-80-b1-b2-90-b2-bremspedalgummi-321721173\/"]}]},{"@type":"ImageObject","inLanguage":"de-AT","@id":"https:\/\/audi-klaus.at\/shop\/produkt\/vw-golf-jetta-2-3-lupo-passat-b2-b3-b4-bus-t4-polo-2-3-sharan-1-audi-80-b1-b2-90-b2-bremspedalgummi-321721173\/#primaryimage","url":"https:\/\/audi-klaus.at\/shop\/wp-content\/uploads\/2022\/02\/ia907.jpg","contentUrl":"https:\/\/audi-klaus.at\/shop\/wp-content\/uploads\/2022\/02\/ia907.jpg","width":418,"height":418},{"@type":"BreadcrumbList","@id":"https:\/\/audi-klaus.at\/shop\/produkt\/vw-golf-jetta-2-3-lupo-passat-b2-b3-b4-bus-t4-polo-2-3-sharan-1-audi-80-b1-b2-90-b2-bremspedalgummi-321721173\/#breadcrumb","itemListElement":[{"@type":"ListItem","position":1,"name":"Startseite","item":"https:\/\/audi-klaus.at\/shop\/"},{"@type":"ListItem","position":2,"name":"Shop","item":"https:\/\/audi-klaus.at\/shop\/"},{"@type":"ListItem","position":3,"name":"VW Golf\/Jetta\/2\/3\/Lupo\/Passat\/B2\/B3\/B4\/Bus\/T4\/Polo\/2\/3\/Sharan\/1\/Audi 80\/B1\/B2\/90\/B2 Bremspedalgummi 321721173"}]},{"@type":"WebSite","@id":"https:\/\/audi-klaus.at\/shop\/#website","url":"https:\/\/audi-klaus.at\/shop\/","name":"Audi-Klaus","description":"Ihr Gebrauchtteile Spezialist f\u00fcr die Marken Audi, VW (VAG)","publisher":{"@id":"https:\/\/audi-klaus.at\/shop\/#organization"},"potentialAction":[{"@type":"SearchAction","target":{"@type":"EntryPoint","urlTemplate":"https:\/\/audi-klaus.at\/shop\/?s={search_term_string}"},"query-input":{"@type":"PropertyValueSpecification","valueRequired":true,"valueName":"search_term_string"}}],"inLanguage":"de-AT"},{"@type":"Organization","@id":"https:\/\/audi-klaus.at\/shop\/#organization","name":"Audi-Klaus","url":"https:\/\/audi-klaus.at\/shop\/","logo":{"@type":"ImageObject","inLanguage":"de-AT","@id":"https:\/\/audi-klaus.at\/shop\/#\/schema\/logo\/image\/","url":"https:\/\/audi-klaus.at\/shop\/wp-content\/uploads\/2024\/10\/Logo-Shop.webp","contentUrl":"https:\/\/audi-klaus.at\/shop\/wp-content\/uploads\/2024\/10\/Logo-Shop.webp","width":470,"height":164,"caption":"Audi-Klaus"},"image":{"@id":"https:\/\/audi-klaus.at\/shop\/#\/schema\/logo\/image\/"},"sameAs":["https:\/\/www.facebook.com\/audi.klaus.1312\/","https:\/\/www.instagram.com\/audi_klaus\/?igshid=1eca3qu2mdayg"]}]}},"_links":{"self":[{"href":"https:\/\/audi-klaus.at\/shop\/wp-json\/wp\/v2\/product\/23065","targetHints":{"allow":["GET"]}}],"collection":[{"href":"https:\/\/audi-klaus.at\/shop\/wp-json\/wp\/v2\/product"}],"about":[{"href":"https:\/\/audi-klaus.at\/shop\/wp-json\/wp\/v2\/types\/product"}],"wp:featuredmedia":[{"embeddable":true,"href":"https:\/\/audi-klaus.at\/shop\/wp-json\/wp\/v2\/media\/23050"}],"wp:attachment":[{"href":"https:\/\/audi-klaus.at\/shop\/wp-json\/wp\/v2\/media?parent=23065"}],"wp:term":[{"taxonomy":"product_brand","embeddable":true,"href":"https:\/\/audi-klaus.at\/shop\/wp-json\/wp\/v2\/product_brand?post=23065"},{"taxonomy":"product_cat","embeddable":true,"href":"https:\/\/audi-klaus.at\/shop\/wp-json\/wp\/v2\/product_cat?post=23065"},{"taxonomy":"product_tag","embeddable":true,"href":"https:\/\/audi-klaus.at\/shop\/wp-json\/wp\/v2\/product_tag?post=23065"}],"curies":[{"name":"wp","href":"https:\/\/api.w.org\/{rel}","templated":true}]}}