{"id":20020,"date":"2022-01-28T17:04:24","date_gmt":"2022-01-28T16:04:24","guid":{"rendered":"http:\/\/audi-klaus.at.server171-han.server-routing.com\/shop\/?post_type=product&#038;p=20020"},"modified":"2026-01-07T21:04:37","modified_gmt":"2026-01-07T20:04:37","slug":"vw-golf-jetta-cabrio-caddy-scirocco-1-2passat-b1-32b-bus-t3-gummi-zur-befestigung-der-kurbelscheibe-neu-831837565","status":"publish","type":"product","link":"https:\/\/audi-klaus.at\/shop\/produkt\/vw-golf-jetta-cabrio-caddy-scirocco-1-2passat-b1-32b-bus-t3-gummi-zur-befestigung-der-kurbelscheibe-neu-831837565\/","title":{"rendered":"VW Golf\/Jetta\/Cabrio\/Caddy\/Scirocco\/1\/2Passat\/B1\/32B\/Bus\/T3 Gummi zur Befestigung der Kurbelscheibe NEU 831837565"},"content":{"rendered":"<p><strong><span style=\"color: #000000;\"><span style=\"font-family: Source Sans Pro, sans-serif;\"><span style=\"font-size: medium;\"><b>VAG Teilenummer<\/b><\/span><\/span><\/span><\/strong><span style=\"color: #000000;\"><span style=\"font-family: Source Sans Pro, sans-serif;\"><span style=\"font-size: medium;\"><b>:<\/b><\/span><\/span><\/span> 831 837 565<span style=\"font-family: Source Sans Pro, sans-serif;\"><span style=\"font-size: medium;\"><br \/>\n<\/span><\/span><strong><span style=\"color: #000000;\"><span style=\"font-family: Source Sans Pro, sans-serif;\"><span style=\"font-size: medium;\"><b>Zustand:<\/b><\/span><\/span><\/span><\/strong><span style=\"color: #000000;\"><span style=\"font-family: Source Sans Pro, sans-serif;\"><span style=\"font-size: medium;\"> Neu<\/span><\/span><\/span><span style=\"font-family: Source Sans Pro, sans-serif;\"><span style=\"font-size: medium;\"><br \/>\n<\/span><\/span><strong><span style=\"color: #000000;\"><span style=\"font-family: Source Sans Pro, sans-serif;\"><span style=\"font-size: medium;\"><b>Lieferumfang:<\/b><\/span><\/span><\/span><\/strong> <span style=\"color: #000000;\"><span style=\"font-family: Source Sans Pro, sans-serif;\"><span style=\"font-size: medium;\">wie in den Original-Abbildungen angegeben<\/span><\/span><\/span><span style=\"font-family: Source Sans Pro, sans-serif;\"><span style=\"font-size: medium;\"><br \/>\n<\/span><\/span><span style=\"color: #000000;\"><span style=\"font-family: Source Sans Pro, sans-serif;\"><span style=\"font-size: medium;\">Hinweis: Bitte \u00fcberpr\u00fcfen Sie vor dem Kauf anhand der eindeutigen Teilenummern, ob der Artikel zum Fahrzeug passt, um R\u00fccksendungen zu vermeiden! Trotz Angabe der entsprechenden Fahrzeugdaten ist eine eindeutige Zuordnung nur \u00fcber die Teilenummer m\u00f6glich! Die abgelesene Teilenummer ist die Teilenummer des Teils, welches geliefert wird. Die Originalteilnummer ist diejenige, die bei Neubestellung f\u00fcr dieses Teil gilt und der m\u00f6glicherweise abweichenden, gelieferten Teilenummer entspricht. Sollten weitere Fragen offen sein, kontaktieren Sie uns bitte unter <\/span><\/span><\/span><a href=\"mailto:office@audi-klaus.at\"><span style=\"font-family: Source Sans Pro, sans-serif;\"><span style=\"font-size: medium;\">office@audi-klaus.at<\/span><\/span><\/a><\/p>\n","protected":false},"excerpt":{"rendered":"<h5><strong><span style=\"font-size: 18pt;\">Marke: VW<\/span><\/strong><\/h5>\n<h5><strong><span style=\"font-size: 18pt;\">Modell: Golf\/Jetta\/Cabrio\/Caddy\/Scirocco\/Passat\/Bus<\/span><\/strong><\/h5>\n<h5><strong><span style=\"font-size: 18pt;\">Typ: 1\/2\/B1\/32B\/T3<\/span><\/strong><\/h5>\n<h5><strong><span style=\"font-size: 18pt;\">L\u00e4nge: 350mm<\/span><\/strong><\/h5>\n","protected":false},"featured_media":20017,"template":"","meta":[],"product_brand":[],"product_cat":[1176,1230,1641,1180,1241,1762,1186,1255,1902,1193,1269,1194,1279,1201,1353,1164,1204,1381,1165,1205,1391,1166,1211,1451,1167,1212,1461,1170,1229,1631],"product_tag":[7215],"class_list":{"0":"post-20020","1":"product","2":"type-product","3":"status-publish","4":"has-post-thumbnail","6":"product_cat-passat","7":"product_cat-b2-32b-1980-1988","8":"product_cat-motor-getriebe-b2-32b-1980-1988","9":"product_cat-caddy","10":"product_cat-1-14d-1978-1992","11":"product_cat-motor-getriebe-1-14d-1978-1992","12":"product_cat-bus","13":"product_cat-t3-251-1979-1992","14":"product_cat-motor-getriebe-t3-251-1979-1992","15":"product_cat-1-171-1974-1985","16":"product_cat-motor-getriebe-1-171-1974-1985","17":"product_cat-2-191-1983-1992","18":"product_cat-motor-getriebe-2-191-1983-1992","19":"product_cat-1-155-1979-1993","20":"product_cat-vorder-hinterachse-1-155-1979-1993","21":"product_cat-vw","22":"product_cat-1-161-1978-1987","23":"product_cat-motor-getriebe-1-161-1978-1987","24":"product_cat-golf","25":"product_cat-2-165-1983-1992","26":"product_cat-motor-getriebe-2-165-1983-1992","27":"product_cat-golf-cabrio","28":"product_cat-1-53-1974-1981","29":"product_cat-motor-getriebe-1-53-1974-1981","30":"product_cat-jetta","31":"product_cat-2-53b-1981-1992","32":"product_cat-motor-getriebe-2-53b-1981-1992","33":"product_cat-scirocco","34":"product_cat-b1-32-1973-1977","35":"product_cat-motor-getriebe-b1-32-1973-1977","36":"product_tag-7215","38":"first","39":"outofstock","40":"taxable","41":"shipping-taxable","42":"purchasable","43":"product-type-simple"},"yoast_head":"<!-- This site is optimized with the Yoast SEO plugin v27.4 - https:\/\/yoast.com\/product\/yoast-seo-wordpress\/ -->\n<title>VW Golf\/Jetta\/Cabrio\/Caddy\/Scirocco\/1\/2Passat\/B1\/32B\/Bus\/T3 Gummi zur Befestigung der Kurbelscheibe NEU 831837565 - Audi-Klaus<\/title>\n<meta name=\"robots\" content=\"index, follow, max-snippet:-1, max-image-preview:large, max-video-preview:-1\" \/>\n<link rel=\"canonical\" href=\"https:\/\/audi-klaus.at\/shop\/produkt\/vw-golf-jetta-cabrio-caddy-scirocco-1-2passat-b1-32b-bus-t3-gummi-zur-befestigung-der-kurbelscheibe-neu-831837565\/\" \/>\n<meta property=\"og:locale\" content=\"de_DE\" \/>\n<meta property=\"og:type\" content=\"article\" \/>\n<meta property=\"og:title\" content=\"VW Golf\/Jetta\/Cabrio\/Caddy\/Scirocco\/1\/2Passat\/B1\/32B\/Bus\/T3 Gummi zur Befestigung der Kurbelscheibe NEU 831837565 - Audi-Klaus\" \/>\n<meta property=\"og:description\" content=\"Marke: VW Modell: Golf\/Jetta\/Cabrio\/Caddy\/Scirocco\/Passat\/Bus Typ: 1\/2\/B1\/32B\/T3 L\u00e4nge: 350mm\" \/>\n<meta property=\"og:url\" content=\"https:\/\/audi-klaus.at\/shop\/produkt\/vw-golf-jetta-cabrio-caddy-scirocco-1-2passat-b1-32b-bus-t3-gummi-zur-befestigung-der-kurbelscheibe-neu-831837565\/\" \/>\n<meta property=\"og:site_name\" content=\"Audi-Klaus\" \/>\n<meta property=\"article:publisher\" content=\"https:\/\/www.facebook.com\/audi.klaus.1312\/\" \/>\n<meta property=\"article:modified_time\" content=\"2026-01-07T20:04:37+00:00\" \/>\n<meta property=\"og:image\" content=\"https:\/\/audi-klaus.at\/shop\/wp-content\/uploads\/2022\/01\/m1189-1.jpg\" \/>\n\t<meta property=\"og:image:width\" content=\"237\" \/>\n\t<meta property=\"og:image:height\" content=\"430\" \/>\n\t<meta property=\"og:image:type\" content=\"image\/jpeg\" \/>\n<meta name=\"twitter:card\" content=\"summary_large_image\" \/>\n<script type=\"application\/ld+json\" class=\"yoast-schema-graph\">{\"@context\":\"https:\\\/\\\/schema.org\",\"@graph\":[{\"@type\":\"WebPage\",\"@id\":\"https:\\\/\\\/audi-klaus.at\\\/shop\\\/produkt\\\/vw-golf-jetta-cabrio-caddy-scirocco-1-2passat-b1-32b-bus-t3-gummi-zur-befestigung-der-kurbelscheibe-neu-831837565\\\/\",\"url\":\"https:\\\/\\\/audi-klaus.at\\\/shop\\\/produkt\\\/vw-golf-jetta-cabrio-caddy-scirocco-1-2passat-b1-32b-bus-t3-gummi-zur-befestigung-der-kurbelscheibe-neu-831837565\\\/\",\"name\":\"VW Golf\\\/Jetta\\\/Cabrio\\\/Caddy\\\/Scirocco\\\/1\\\/2Passat\\\/B1\\\/32B\\\/Bus\\\/T3 Gummi zur Befestigung der Kurbelscheibe NEU 831837565 - Audi-Klaus\",\"isPartOf\":{\"@id\":\"https:\\\/\\\/audi-klaus.at\\\/shop\\\/#website\"},\"primaryImageOfPage\":{\"@id\":\"https:\\\/\\\/audi-klaus.at\\\/shop\\\/produkt\\\/vw-golf-jetta-cabrio-caddy-scirocco-1-2passat-b1-32b-bus-t3-gummi-zur-befestigung-der-kurbelscheibe-neu-831837565\\\/#primaryimage\"},\"image\":{\"@id\":\"https:\\\/\\\/audi-klaus.at\\\/shop\\\/produkt\\\/vw-golf-jetta-cabrio-caddy-scirocco-1-2passat-b1-32b-bus-t3-gummi-zur-befestigung-der-kurbelscheibe-neu-831837565\\\/#primaryimage\"},\"thumbnailUrl\":\"https:\\\/\\\/audi-klaus.at\\\/shop\\\/wp-content\\\/uploads\\\/2022\\\/01\\\/m1189-1.jpg\",\"datePublished\":\"2022-01-28T16:04:24+00:00\",\"dateModified\":\"2026-01-07T20:04:37+00:00\",\"breadcrumb\":{\"@id\":\"https:\\\/\\\/audi-klaus.at\\\/shop\\\/produkt\\\/vw-golf-jetta-cabrio-caddy-scirocco-1-2passat-b1-32b-bus-t3-gummi-zur-befestigung-der-kurbelscheibe-neu-831837565\\\/#breadcrumb\"},\"inLanguage\":\"de-AT\",\"potentialAction\":[{\"@type\":\"ReadAction\",\"target\":[\"https:\\\/\\\/audi-klaus.at\\\/shop\\\/produkt\\\/vw-golf-jetta-cabrio-caddy-scirocco-1-2passat-b1-32b-bus-t3-gummi-zur-befestigung-der-kurbelscheibe-neu-831837565\\\/\"]}]},{\"@type\":\"ImageObject\",\"inLanguage\":\"de-AT\",\"@id\":\"https:\\\/\\\/audi-klaus.at\\\/shop\\\/produkt\\\/vw-golf-jetta-cabrio-caddy-scirocco-1-2passat-b1-32b-bus-t3-gummi-zur-befestigung-der-kurbelscheibe-neu-831837565\\\/#primaryimage\",\"url\":\"https:\\\/\\\/audi-klaus.at\\\/shop\\\/wp-content\\\/uploads\\\/2022\\\/01\\\/m1189-1.jpg\",\"contentUrl\":\"https:\\\/\\\/audi-klaus.at\\\/shop\\\/wp-content\\\/uploads\\\/2022\\\/01\\\/m1189-1.jpg\",\"width\":237,\"height\":430},{\"@type\":\"BreadcrumbList\",\"@id\":\"https:\\\/\\\/audi-klaus.at\\\/shop\\\/produkt\\\/vw-golf-jetta-cabrio-caddy-scirocco-1-2passat-b1-32b-bus-t3-gummi-zur-befestigung-der-kurbelscheibe-neu-831837565\\\/#breadcrumb\",\"itemListElement\":[{\"@type\":\"ListItem\",\"position\":1,\"name\":\"Startseite\",\"item\":\"https:\\\/\\\/audi-klaus.at\\\/shop\\\/\"},{\"@type\":\"ListItem\",\"position\":2,\"name\":\"Shop\",\"item\":\"https:\\\/\\\/audi-klaus.at\\\/shop\\\/\"},{\"@type\":\"ListItem\",\"position\":3,\"name\":\"VW Golf\\\/Jetta\\\/Cabrio\\\/Caddy\\\/Scirocco\\\/1\\\/2Passat\\\/B1\\\/32B\\\/Bus\\\/T3 Gummi zur Befestigung der Kurbelscheibe NEU 831837565\"}]},{\"@type\":\"WebSite\",\"@id\":\"https:\\\/\\\/audi-klaus.at\\\/shop\\\/#website\",\"url\":\"https:\\\/\\\/audi-klaus.at\\\/shop\\\/\",\"name\":\"Audi-Klaus\",\"description\":\"Ihr Gebrauchtteile Spezialist f\u00fcr die Marken Audi, VW (VAG)\",\"publisher\":{\"@id\":\"https:\\\/\\\/audi-klaus.at\\\/shop\\\/#organization\"},\"potentialAction\":[{\"@type\":\"SearchAction\",\"target\":{\"@type\":\"EntryPoint\",\"urlTemplate\":\"https:\\\/\\\/audi-klaus.at\\\/shop\\\/?s={search_term_string}\"},\"query-input\":{\"@type\":\"PropertyValueSpecification\",\"valueRequired\":true,\"valueName\":\"search_term_string\"}}],\"inLanguage\":\"de-AT\"},{\"@type\":\"Organization\",\"@id\":\"https:\\\/\\\/audi-klaus.at\\\/shop\\\/#organization\",\"name\":\"Audi-Klaus\",\"url\":\"https:\\\/\\\/audi-klaus.at\\\/shop\\\/\",\"logo\":{\"@type\":\"ImageObject\",\"inLanguage\":\"de-AT\",\"@id\":\"https:\\\/\\\/audi-klaus.at\\\/shop\\\/#\\\/schema\\\/logo\\\/image\\\/\",\"url\":\"https:\\\/\\\/audi-klaus.at\\\/shop\\\/wp-content\\\/uploads\\\/2024\\\/10\\\/Logo-Shop.webp\",\"contentUrl\":\"https:\\\/\\\/audi-klaus.at\\\/shop\\\/wp-content\\\/uploads\\\/2024\\\/10\\\/Logo-Shop.webp\",\"width\":470,\"height\":164,\"caption\":\"Audi-Klaus\"},\"image\":{\"@id\":\"https:\\\/\\\/audi-klaus.at\\\/shop\\\/#\\\/schema\\\/logo\\\/image\\\/\"},\"sameAs\":[\"https:\\\/\\\/www.facebook.com\\\/audi.klaus.1312\\\/\",\"https:\\\/\\\/www.instagram.com\\\/audi_klaus\\\/?igshid=1eca3qu2mdayg\"]}]}<\/script>\n<!-- \/ Yoast SEO plugin. -->","yoast_head_json":{"title":"VW Golf\/Jetta\/Cabrio\/Caddy\/Scirocco\/1\/2Passat\/B1\/32B\/Bus\/T3 Gummi zur Befestigung der Kurbelscheibe NEU 831837565 - Audi-Klaus","robots":{"index":"index","follow":"follow","max-snippet":"max-snippet:-1","max-image-preview":"max-image-preview:large","max-video-preview":"max-video-preview:-1"},"canonical":"https:\/\/audi-klaus.at\/shop\/produkt\/vw-golf-jetta-cabrio-caddy-scirocco-1-2passat-b1-32b-bus-t3-gummi-zur-befestigung-der-kurbelscheibe-neu-831837565\/","og_locale":"de_DE","og_type":"article","og_title":"VW Golf\/Jetta\/Cabrio\/Caddy\/Scirocco\/1\/2Passat\/B1\/32B\/Bus\/T3 Gummi zur Befestigung der Kurbelscheibe NEU 831837565 - Audi-Klaus","og_description":"Marke: VW Modell: Golf\/Jetta\/Cabrio\/Caddy\/Scirocco\/Passat\/Bus Typ: 1\/2\/B1\/32B\/T3 L\u00e4nge: 350mm","og_url":"https:\/\/audi-klaus.at\/shop\/produkt\/vw-golf-jetta-cabrio-caddy-scirocco-1-2passat-b1-32b-bus-t3-gummi-zur-befestigung-der-kurbelscheibe-neu-831837565\/","og_site_name":"Audi-Klaus","article_publisher":"https:\/\/www.facebook.com\/audi.klaus.1312\/","article_modified_time":"2026-01-07T20:04:37+00:00","og_image":[{"width":237,"height":430,"url":"https:\/\/audi-klaus.at\/shop\/wp-content\/uploads\/2022\/01\/m1189-1.jpg","type":"image\/jpeg"}],"twitter_card":"summary_large_image","schema":{"@context":"https:\/\/schema.org","@graph":[{"@type":"WebPage","@id":"https:\/\/audi-klaus.at\/shop\/produkt\/vw-golf-jetta-cabrio-caddy-scirocco-1-2passat-b1-32b-bus-t3-gummi-zur-befestigung-der-kurbelscheibe-neu-831837565\/","url":"https:\/\/audi-klaus.at\/shop\/produkt\/vw-golf-jetta-cabrio-caddy-scirocco-1-2passat-b1-32b-bus-t3-gummi-zur-befestigung-der-kurbelscheibe-neu-831837565\/","name":"VW Golf\/Jetta\/Cabrio\/Caddy\/Scirocco\/1\/2Passat\/B1\/32B\/Bus\/T3 Gummi zur Befestigung der Kurbelscheibe NEU 831837565 - Audi-Klaus","isPartOf":{"@id":"https:\/\/audi-klaus.at\/shop\/#website"},"primaryImageOfPage":{"@id":"https:\/\/audi-klaus.at\/shop\/produkt\/vw-golf-jetta-cabrio-caddy-scirocco-1-2passat-b1-32b-bus-t3-gummi-zur-befestigung-der-kurbelscheibe-neu-831837565\/#primaryimage"},"image":{"@id":"https:\/\/audi-klaus.at\/shop\/produkt\/vw-golf-jetta-cabrio-caddy-scirocco-1-2passat-b1-32b-bus-t3-gummi-zur-befestigung-der-kurbelscheibe-neu-831837565\/#primaryimage"},"thumbnailUrl":"https:\/\/audi-klaus.at\/shop\/wp-content\/uploads\/2022\/01\/m1189-1.jpg","datePublished":"2022-01-28T16:04:24+00:00","dateModified":"2026-01-07T20:04:37+00:00","breadcrumb":{"@id":"https:\/\/audi-klaus.at\/shop\/produkt\/vw-golf-jetta-cabrio-caddy-scirocco-1-2passat-b1-32b-bus-t3-gummi-zur-befestigung-der-kurbelscheibe-neu-831837565\/#breadcrumb"},"inLanguage":"de-AT","potentialAction":[{"@type":"ReadAction","target":["https:\/\/audi-klaus.at\/shop\/produkt\/vw-golf-jetta-cabrio-caddy-scirocco-1-2passat-b1-32b-bus-t3-gummi-zur-befestigung-der-kurbelscheibe-neu-831837565\/"]}]},{"@type":"ImageObject","inLanguage":"de-AT","@id":"https:\/\/audi-klaus.at\/shop\/produkt\/vw-golf-jetta-cabrio-caddy-scirocco-1-2passat-b1-32b-bus-t3-gummi-zur-befestigung-der-kurbelscheibe-neu-831837565\/#primaryimage","url":"https:\/\/audi-klaus.at\/shop\/wp-content\/uploads\/2022\/01\/m1189-1.jpg","contentUrl":"https:\/\/audi-klaus.at\/shop\/wp-content\/uploads\/2022\/01\/m1189-1.jpg","width":237,"height":430},{"@type":"BreadcrumbList","@id":"https:\/\/audi-klaus.at\/shop\/produkt\/vw-golf-jetta-cabrio-caddy-scirocco-1-2passat-b1-32b-bus-t3-gummi-zur-befestigung-der-kurbelscheibe-neu-831837565\/#breadcrumb","itemListElement":[{"@type":"ListItem","position":1,"name":"Startseite","item":"https:\/\/audi-klaus.at\/shop\/"},{"@type":"ListItem","position":2,"name":"Shop","item":"https:\/\/audi-klaus.at\/shop\/"},{"@type":"ListItem","position":3,"name":"VW Golf\/Jetta\/Cabrio\/Caddy\/Scirocco\/1\/2Passat\/B1\/32B\/Bus\/T3 Gummi zur Befestigung der Kurbelscheibe NEU 831837565"}]},{"@type":"WebSite","@id":"https:\/\/audi-klaus.at\/shop\/#website","url":"https:\/\/audi-klaus.at\/shop\/","name":"Audi-Klaus","description":"Ihr Gebrauchtteile Spezialist f\u00fcr die Marken Audi, VW (VAG)","publisher":{"@id":"https:\/\/audi-klaus.at\/shop\/#organization"},"potentialAction":[{"@type":"SearchAction","target":{"@type":"EntryPoint","urlTemplate":"https:\/\/audi-klaus.at\/shop\/?s={search_term_string}"},"query-input":{"@type":"PropertyValueSpecification","valueRequired":true,"valueName":"search_term_string"}}],"inLanguage":"de-AT"},{"@type":"Organization","@id":"https:\/\/audi-klaus.at\/shop\/#organization","name":"Audi-Klaus","url":"https:\/\/audi-klaus.at\/shop\/","logo":{"@type":"ImageObject","inLanguage":"de-AT","@id":"https:\/\/audi-klaus.at\/shop\/#\/schema\/logo\/image\/","url":"https:\/\/audi-klaus.at\/shop\/wp-content\/uploads\/2024\/10\/Logo-Shop.webp","contentUrl":"https:\/\/audi-klaus.at\/shop\/wp-content\/uploads\/2024\/10\/Logo-Shop.webp","width":470,"height":164,"caption":"Audi-Klaus"},"image":{"@id":"https:\/\/audi-klaus.at\/shop\/#\/schema\/logo\/image\/"},"sameAs":["https:\/\/www.facebook.com\/audi.klaus.1312\/","https:\/\/www.instagram.com\/audi_klaus\/?igshid=1eca3qu2mdayg"]}]}},"_links":{"self":[{"href":"https:\/\/audi-klaus.at\/shop\/wp-json\/wp\/v2\/product\/20020","targetHints":{"allow":["GET"]}}],"collection":[{"href":"https:\/\/audi-klaus.at\/shop\/wp-json\/wp\/v2\/product"}],"about":[{"href":"https:\/\/audi-klaus.at\/shop\/wp-json\/wp\/v2\/types\/product"}],"wp:featuredmedia":[{"embeddable":true,"href":"https:\/\/audi-klaus.at\/shop\/wp-json\/wp\/v2\/media\/20017"}],"wp:attachment":[{"href":"https:\/\/audi-klaus.at\/shop\/wp-json\/wp\/v2\/media?parent=20020"}],"wp:term":[{"taxonomy":"product_brand","embeddable":true,"href":"https:\/\/audi-klaus.at\/shop\/wp-json\/wp\/v2\/product_brand?post=20020"},{"taxonomy":"product_cat","embeddable":true,"href":"https:\/\/audi-klaus.at\/shop\/wp-json\/wp\/v2\/product_cat?post=20020"},{"taxonomy":"product_tag","embeddable":true,"href":"https:\/\/audi-klaus.at\/shop\/wp-json\/wp\/v2\/product_tag?post=20020"}],"curies":[{"name":"wp","href":"https:\/\/api.w.org\/{rel}","templated":true}]}}