{"id":18351,"date":"2022-01-22T10:43:07","date_gmt":"2022-01-22T09:43:07","guid":{"rendered":"http:\/\/audi-klaus.at.server171-han.server-routing.com\/shop\/?post_type=product&#038;p=18351"},"modified":"2026-01-07T21:02:57","modified_gmt":"2026-01-07T20:02:57","slug":"vw-arteon-golf-7-passat-b8-t-roc-tiguan-2-touran-2-audi-a3-8v-q2-q3-tt-radlager-neu-8v0498625a","status":"publish","type":"product","link":"https:\/\/audi-klaus.at\/shop\/produkt\/vw-arteon-golf-7-passat-b8-t-roc-tiguan-2-touran-2-audi-a3-8v-q2-q3-tt-radlager-neu-8v0498625a\/","title":{"rendered":"VW Arteon\/Golf\/7\/Passat\/B8\/T-Roc\/Tiguan\/2\/Touran\/2\/Audi\/A3\/8V\/Q2\/Q3\/TT Radlager NEU 8V0498625A"},"content":{"rendered":"<p><strong><span style=\"color: #000000;\"><span style=\"font-family: Source Sans Pro, sans-serif;\"><span style=\"font-size: medium;\"><b>VAG Teilenummer<\/b><\/span><\/span><\/span><\/strong><span style=\"color: #000000;\"><span style=\"font-family: Source Sans Pro, sans-serif;\"><span style=\"font-size: medium;\"><b>:<\/b><\/span><\/span><\/span> 8V0 498 625A<span style=\"font-family: Source Sans Pro, sans-serif;\"><span style=\"font-size: medium;\"><br \/>\n<\/span><\/span><strong><span style=\"color: #000000;\"><span style=\"font-family: Source Sans Pro, sans-serif;\"><span style=\"font-size: medium;\"><b>Zustand:<\/b><\/span><\/span><\/span><\/strong><span style=\"color: #000000;\"><span style=\"font-family: Source Sans Pro, sans-serif;\"><span style=\"font-size: medium;\"> Neu<\/span><\/span><\/span><span style=\"font-family: Source Sans Pro, sans-serif;\"><span style=\"font-size: medium;\"><br \/>\n<\/span><\/span><strong><span style=\"color: #000000;\"><span style=\"font-family: Source Sans Pro, sans-serif;\"><span style=\"font-size: medium;\"><b>Lieferumfang:<\/b><\/span><\/span><\/span><\/strong> <span style=\"color: #000000;\"><span style=\"font-family: Source Sans Pro, sans-serif;\"><span style=\"font-size: medium;\">wie in den Original-Abbildungen angegeben<\/span><\/span><\/span><span style=\"font-family: Source Sans Pro, sans-serif;\"><span style=\"font-size: medium;\"><br \/>\n<\/span><\/span><span style=\"color: #000000;\"><span style=\"font-family: Source Sans Pro, sans-serif;\"><span style=\"font-size: medium;\">Hinweis: Bitte \u00fcberpr\u00fcfen Sie vor dem Kauf anhand der eindeutigen Teilenummern, ob der Artikel zum Fahrzeug passt, um R\u00fccksendungen zu vermeiden! Trotz Angabe der entsprechenden Fahrzeugdaten ist eine eindeutige Zuordnung nur \u00fcber die Teilenummer m\u00f6glich! Die abgelesene Teilenummer ist die Teilenummer des Teils, welches geliefert wird. Die Originalteilnummer ist diejenige, die bei Neubestellung f\u00fcr dieses Teil gilt und der m\u00f6glicherweise abweichenden, gelieferten Teilenummer entspricht. Sollten weitere Fragen offen sein, kontaktieren Sie uns bitte unter <\/span><\/span><\/span><a href=\"mailto:office@audi-klaus.at\"><span style=\"font-family: Source Sans Pro, sans-serif;\"><span style=\"font-size: medium;\">office@audi-klaus.at<\/span><\/span><\/a><\/p>\n","protected":false},"excerpt":{"rendered":"<h5><strong><span style=\"font-size: 18pt;\">Marke: VW\/Audi<\/span><\/strong><\/h5>\n<h5><strong><span style=\"font-size: 18pt;\">Modell: Arteon\/Golf\/Passat\/T-Roc\/<\/span><\/strong><\/h5>\n<h5><strong><span style=\"font-size: 18pt;\">Tiguan\/Touran\/A3\/Q2\/Q3\/TT<\/span><\/strong><\/h5>\n<h5><strong><span style=\"font-size: 18pt;\">Typ: 7\/B8\/2\/8V<\/span><\/strong><\/h5>\n","protected":false},"featured_media":12475,"template":"","meta":[],"product_brand":[],"product_cat":[1025,1329,1045,1701,1164,1822,32,1165,1862,369,1176,2497,375,1182,2511,376,1184,384,1199,455,1237,478,1247,954,1251],"product_tag":[6517,6518],"class_list":{"0":"post-18351","1":"product","2":"type-product","3":"status-publish","4":"has-post-thumbnail","6":"product_cat-motor-getriebe-q2","7":"product_cat-motor-getriebe-7-5g-2012-2018","8":"product_cat-motor-getriebe-f3-2018","9":"product_cat-motor-getriebe-b8-3g-2014-2019","10":"product_cat-vw","11":"product_cat-motor-getriebe-2-ad1-2016","12":"product_cat-audi","13":"product_cat-golf","14":"product_cat-motor-getriebe-2-5t-2015","15":"product_cat-a3","16":"product_cat-passat","17":"product_cat-servicematerial","18":"product_cat-q2","19":"product_cat-tiguan","20":"product_cat-radlager","21":"product_cat-q3","22":"product_cat-touran","23":"product_cat-tt","24":"product_cat-7-5g-2012-2018","25":"product_cat-8v-2012-2020","26":"product_cat-b8-3g-2014-2019","27":"product_cat-motor-getriebe-8v-2012-2020","28":"product_cat-2-ad1-2016","29":"product_cat-f3-2018","30":"product_cat-2-5t-2015","31":"product_tag-8v0498625a","32":"product_tag-8v0498625","34":"first","35":"outofstock","36":"taxable","37":"shipping-taxable","38":"purchasable","39":"product-type-simple"},"yoast_head":"<!-- This site is optimized with the Yoast SEO plugin v27.5 - https:\/\/yoast.com\/product\/yoast-seo-wordpress\/ -->\n<title>VW Arteon\/Golf\/7\/Passat\/B8\/T-Roc\/Tiguan\/2\/Touran\/2\/Audi\/A3\/8V\/Q2\/Q3\/TT Radlager NEU 8V0498625A - Audi-Klaus<\/title>\n<meta name=\"robots\" content=\"index, follow, max-snippet:-1, max-image-preview:large, max-video-preview:-1\" \/>\n<link rel=\"canonical\" href=\"https:\/\/audi-klaus.at\/shop\/produkt\/vw-arteon-golf-7-passat-b8-t-roc-tiguan-2-touran-2-audi-a3-8v-q2-q3-tt-radlager-neu-8v0498625a\/\" \/>\n<meta property=\"og:locale\" content=\"de_DE\" \/>\n<meta property=\"og:type\" content=\"article\" \/>\n<meta property=\"og:title\" content=\"VW Arteon\/Golf\/7\/Passat\/B8\/T-Roc\/Tiguan\/2\/Touran\/2\/Audi\/A3\/8V\/Q2\/Q3\/TT Radlager NEU 8V0498625A - Audi-Klaus\" \/>\n<meta property=\"og:description\" content=\"Marke: VW\/Audi Modell: Arteon\/Golf\/Passat\/T-Roc\/ Tiguan\/Touran\/A3\/Q2\/Q3\/TT Typ: 7\/B8\/2\/8V\" \/>\n<meta property=\"og:url\" content=\"https:\/\/audi-klaus.at\/shop\/produkt\/vw-arteon-golf-7-passat-b8-t-roc-tiguan-2-touran-2-audi-a3-8v-q2-q3-tt-radlager-neu-8v0498625a\/\" \/>\n<meta property=\"og:site_name\" content=\"Audi-Klaus\" \/>\n<meta property=\"article:publisher\" content=\"https:\/\/www.facebook.com\/audi.klaus.1312\/\" \/>\n<meta property=\"article:modified_time\" content=\"2026-01-07T20:02:57+00:00\" \/>\n<meta property=\"og:image\" content=\"https:\/\/audi-klaus.at\/shop\/wp-content\/uploads\/2022\/01\/m784-4.jpg\" \/>\n\t<meta property=\"og:image:width\" content=\"430\" \/>\n\t<meta property=\"og:image:height\" content=\"430\" \/>\n\t<meta property=\"og:image:type\" content=\"image\/jpeg\" \/>\n<meta name=\"twitter:card\" content=\"summary_large_image\" \/>\n<meta name=\"twitter:label1\" content=\"Gesch\u00e4tzte Lesezeit\" \/>\n\t<meta name=\"twitter:data1\" content=\"1 Minute\" \/>\n<script type=\"application\/ld+json\" class=\"yoast-schema-graph\">{\"@context\":\"https:\\\/\\\/schema.org\",\"@graph\":[{\"@type\":\"WebPage\",\"@id\":\"https:\\\/\\\/audi-klaus.at\\\/shop\\\/produkt\\\/vw-arteon-golf-7-passat-b8-t-roc-tiguan-2-touran-2-audi-a3-8v-q2-q3-tt-radlager-neu-8v0498625a\\\/\",\"url\":\"https:\\\/\\\/audi-klaus.at\\\/shop\\\/produkt\\\/vw-arteon-golf-7-passat-b8-t-roc-tiguan-2-touran-2-audi-a3-8v-q2-q3-tt-radlager-neu-8v0498625a\\\/\",\"name\":\"VW Arteon\\\/Golf\\\/7\\\/Passat\\\/B8\\\/T-Roc\\\/Tiguan\\\/2\\\/Touran\\\/2\\\/Audi\\\/A3\\\/8V\\\/Q2\\\/Q3\\\/TT Radlager NEU 8V0498625A - Audi-Klaus\",\"isPartOf\":{\"@id\":\"https:\\\/\\\/audi-klaus.at\\\/shop\\\/#website\"},\"primaryImageOfPage\":{\"@id\":\"https:\\\/\\\/audi-klaus.at\\\/shop\\\/produkt\\\/vw-arteon-golf-7-passat-b8-t-roc-tiguan-2-touran-2-audi-a3-8v-q2-q3-tt-radlager-neu-8v0498625a\\\/#primaryimage\"},\"image\":{\"@id\":\"https:\\\/\\\/audi-klaus.at\\\/shop\\\/produkt\\\/vw-arteon-golf-7-passat-b8-t-roc-tiguan-2-touran-2-audi-a3-8v-q2-q3-tt-radlager-neu-8v0498625a\\\/#primaryimage\"},\"thumbnailUrl\":\"https:\\\/\\\/audi-klaus.at\\\/shop\\\/wp-content\\\/uploads\\\/2022\\\/01\\\/m784-4.jpg\",\"datePublished\":\"2022-01-22T09:43:07+00:00\",\"dateModified\":\"2026-01-07T20:02:57+00:00\",\"breadcrumb\":{\"@id\":\"https:\\\/\\\/audi-klaus.at\\\/shop\\\/produkt\\\/vw-arteon-golf-7-passat-b8-t-roc-tiguan-2-touran-2-audi-a3-8v-q2-q3-tt-radlager-neu-8v0498625a\\\/#breadcrumb\"},\"inLanguage\":\"de-AT\",\"potentialAction\":[{\"@type\":\"ReadAction\",\"target\":[\"https:\\\/\\\/audi-klaus.at\\\/shop\\\/produkt\\\/vw-arteon-golf-7-passat-b8-t-roc-tiguan-2-touran-2-audi-a3-8v-q2-q3-tt-radlager-neu-8v0498625a\\\/\"]}]},{\"@type\":\"ImageObject\",\"inLanguage\":\"de-AT\",\"@id\":\"https:\\\/\\\/audi-klaus.at\\\/shop\\\/produkt\\\/vw-arteon-golf-7-passat-b8-t-roc-tiguan-2-touran-2-audi-a3-8v-q2-q3-tt-radlager-neu-8v0498625a\\\/#primaryimage\",\"url\":\"https:\\\/\\\/audi-klaus.at\\\/shop\\\/wp-content\\\/uploads\\\/2022\\\/01\\\/m784-4.jpg\",\"contentUrl\":\"https:\\\/\\\/audi-klaus.at\\\/shop\\\/wp-content\\\/uploads\\\/2022\\\/01\\\/m784-4.jpg\",\"width\":430,\"height\":430},{\"@type\":\"BreadcrumbList\",\"@id\":\"https:\\\/\\\/audi-klaus.at\\\/shop\\\/produkt\\\/vw-arteon-golf-7-passat-b8-t-roc-tiguan-2-touran-2-audi-a3-8v-q2-q3-tt-radlager-neu-8v0498625a\\\/#breadcrumb\",\"itemListElement\":[{\"@type\":\"ListItem\",\"position\":1,\"name\":\"Startseite\",\"item\":\"https:\\\/\\\/audi-klaus.at\\\/shop\\\/\"},{\"@type\":\"ListItem\",\"position\":2,\"name\":\"Shop\",\"item\":\"https:\\\/\\\/audi-klaus.at\\\/shop\\\/\"},{\"@type\":\"ListItem\",\"position\":3,\"name\":\"VW Arteon\\\/Golf\\\/7\\\/Passat\\\/B8\\\/T-Roc\\\/Tiguan\\\/2\\\/Touran\\\/2\\\/Audi\\\/A3\\\/8V\\\/Q2\\\/Q3\\\/TT Radlager NEU 8V0498625A\"}]},{\"@type\":\"WebSite\",\"@id\":\"https:\\\/\\\/audi-klaus.at\\\/shop\\\/#website\",\"url\":\"https:\\\/\\\/audi-klaus.at\\\/shop\\\/\",\"name\":\"Audi-Klaus\",\"description\":\"Ihr Gebrauchtteile Spezialist f\u00fcr die Marken Audi, VW (VAG)\",\"publisher\":{\"@id\":\"https:\\\/\\\/audi-klaus.at\\\/shop\\\/#organization\"},\"potentialAction\":[{\"@type\":\"SearchAction\",\"target\":{\"@type\":\"EntryPoint\",\"urlTemplate\":\"https:\\\/\\\/audi-klaus.at\\\/shop\\\/?s={search_term_string}\"},\"query-input\":{\"@type\":\"PropertyValueSpecification\",\"valueRequired\":true,\"valueName\":\"search_term_string\"}}],\"inLanguage\":\"de-AT\"},{\"@type\":\"Organization\",\"@id\":\"https:\\\/\\\/audi-klaus.at\\\/shop\\\/#organization\",\"name\":\"Audi-Klaus\",\"url\":\"https:\\\/\\\/audi-klaus.at\\\/shop\\\/\",\"logo\":{\"@type\":\"ImageObject\",\"inLanguage\":\"de-AT\",\"@id\":\"https:\\\/\\\/audi-klaus.at\\\/shop\\\/#\\\/schema\\\/logo\\\/image\\\/\",\"url\":\"https:\\\/\\\/audi-klaus.at\\\/shop\\\/wp-content\\\/uploads\\\/2024\\\/10\\\/Logo-Shop.webp\",\"contentUrl\":\"https:\\\/\\\/audi-klaus.at\\\/shop\\\/wp-content\\\/uploads\\\/2024\\\/10\\\/Logo-Shop.webp\",\"width\":470,\"height\":164,\"caption\":\"Audi-Klaus\"},\"image\":{\"@id\":\"https:\\\/\\\/audi-klaus.at\\\/shop\\\/#\\\/schema\\\/logo\\\/image\\\/\"},\"sameAs\":[\"https:\\\/\\\/www.facebook.com\\\/audi.klaus.1312\\\/\",\"https:\\\/\\\/www.instagram.com\\\/audi_klaus\\\/?igshid=1eca3qu2mdayg\"]}]}<\/script>\n<!-- \/ Yoast SEO plugin. -->","yoast_head_json":{"title":"VW Arteon\/Golf\/7\/Passat\/B8\/T-Roc\/Tiguan\/2\/Touran\/2\/Audi\/A3\/8V\/Q2\/Q3\/TT Radlager NEU 8V0498625A - Audi-Klaus","robots":{"index":"index","follow":"follow","max-snippet":"max-snippet:-1","max-image-preview":"max-image-preview:large","max-video-preview":"max-video-preview:-1"},"canonical":"https:\/\/audi-klaus.at\/shop\/produkt\/vw-arteon-golf-7-passat-b8-t-roc-tiguan-2-touran-2-audi-a3-8v-q2-q3-tt-radlager-neu-8v0498625a\/","og_locale":"de_DE","og_type":"article","og_title":"VW Arteon\/Golf\/7\/Passat\/B8\/T-Roc\/Tiguan\/2\/Touran\/2\/Audi\/A3\/8V\/Q2\/Q3\/TT Radlager NEU 8V0498625A - Audi-Klaus","og_description":"Marke: VW\/Audi Modell: Arteon\/Golf\/Passat\/T-Roc\/ Tiguan\/Touran\/A3\/Q2\/Q3\/TT Typ: 7\/B8\/2\/8V","og_url":"https:\/\/audi-klaus.at\/shop\/produkt\/vw-arteon-golf-7-passat-b8-t-roc-tiguan-2-touran-2-audi-a3-8v-q2-q3-tt-radlager-neu-8v0498625a\/","og_site_name":"Audi-Klaus","article_publisher":"https:\/\/www.facebook.com\/audi.klaus.1312\/","article_modified_time":"2026-01-07T20:02:57+00:00","og_image":[{"width":430,"height":430,"url":"https:\/\/audi-klaus.at\/shop\/wp-content\/uploads\/2022\/01\/m784-4.jpg","type":"image\/jpeg"}],"twitter_card":"summary_large_image","twitter_misc":{"Gesch\u00e4tzte Lesezeit":"1 Minute"},"schema":{"@context":"https:\/\/schema.org","@graph":[{"@type":"WebPage","@id":"https:\/\/audi-klaus.at\/shop\/produkt\/vw-arteon-golf-7-passat-b8-t-roc-tiguan-2-touran-2-audi-a3-8v-q2-q3-tt-radlager-neu-8v0498625a\/","url":"https:\/\/audi-klaus.at\/shop\/produkt\/vw-arteon-golf-7-passat-b8-t-roc-tiguan-2-touran-2-audi-a3-8v-q2-q3-tt-radlager-neu-8v0498625a\/","name":"VW Arteon\/Golf\/7\/Passat\/B8\/T-Roc\/Tiguan\/2\/Touran\/2\/Audi\/A3\/8V\/Q2\/Q3\/TT Radlager NEU 8V0498625A - Audi-Klaus","isPartOf":{"@id":"https:\/\/audi-klaus.at\/shop\/#website"},"primaryImageOfPage":{"@id":"https:\/\/audi-klaus.at\/shop\/produkt\/vw-arteon-golf-7-passat-b8-t-roc-tiguan-2-touran-2-audi-a3-8v-q2-q3-tt-radlager-neu-8v0498625a\/#primaryimage"},"image":{"@id":"https:\/\/audi-klaus.at\/shop\/produkt\/vw-arteon-golf-7-passat-b8-t-roc-tiguan-2-touran-2-audi-a3-8v-q2-q3-tt-radlager-neu-8v0498625a\/#primaryimage"},"thumbnailUrl":"https:\/\/audi-klaus.at\/shop\/wp-content\/uploads\/2022\/01\/m784-4.jpg","datePublished":"2022-01-22T09:43:07+00:00","dateModified":"2026-01-07T20:02:57+00:00","breadcrumb":{"@id":"https:\/\/audi-klaus.at\/shop\/produkt\/vw-arteon-golf-7-passat-b8-t-roc-tiguan-2-touran-2-audi-a3-8v-q2-q3-tt-radlager-neu-8v0498625a\/#breadcrumb"},"inLanguage":"de-AT","potentialAction":[{"@type":"ReadAction","target":["https:\/\/audi-klaus.at\/shop\/produkt\/vw-arteon-golf-7-passat-b8-t-roc-tiguan-2-touran-2-audi-a3-8v-q2-q3-tt-radlager-neu-8v0498625a\/"]}]},{"@type":"ImageObject","inLanguage":"de-AT","@id":"https:\/\/audi-klaus.at\/shop\/produkt\/vw-arteon-golf-7-passat-b8-t-roc-tiguan-2-touran-2-audi-a3-8v-q2-q3-tt-radlager-neu-8v0498625a\/#primaryimage","url":"https:\/\/audi-klaus.at\/shop\/wp-content\/uploads\/2022\/01\/m784-4.jpg","contentUrl":"https:\/\/audi-klaus.at\/shop\/wp-content\/uploads\/2022\/01\/m784-4.jpg","width":430,"height":430},{"@type":"BreadcrumbList","@id":"https:\/\/audi-klaus.at\/shop\/produkt\/vw-arteon-golf-7-passat-b8-t-roc-tiguan-2-touran-2-audi-a3-8v-q2-q3-tt-radlager-neu-8v0498625a\/#breadcrumb","itemListElement":[{"@type":"ListItem","position":1,"name":"Startseite","item":"https:\/\/audi-klaus.at\/shop\/"},{"@type":"ListItem","position":2,"name":"Shop","item":"https:\/\/audi-klaus.at\/shop\/"},{"@type":"ListItem","position":3,"name":"VW Arteon\/Golf\/7\/Passat\/B8\/T-Roc\/Tiguan\/2\/Touran\/2\/Audi\/A3\/8V\/Q2\/Q3\/TT Radlager NEU 8V0498625A"}]},{"@type":"WebSite","@id":"https:\/\/audi-klaus.at\/shop\/#website","url":"https:\/\/audi-klaus.at\/shop\/","name":"Audi-Klaus","description":"Ihr Gebrauchtteile Spezialist f\u00fcr die Marken Audi, VW (VAG)","publisher":{"@id":"https:\/\/audi-klaus.at\/shop\/#organization"},"potentialAction":[{"@type":"SearchAction","target":{"@type":"EntryPoint","urlTemplate":"https:\/\/audi-klaus.at\/shop\/?s={search_term_string}"},"query-input":{"@type":"PropertyValueSpecification","valueRequired":true,"valueName":"search_term_string"}}],"inLanguage":"de-AT"},{"@type":"Organization","@id":"https:\/\/audi-klaus.at\/shop\/#organization","name":"Audi-Klaus","url":"https:\/\/audi-klaus.at\/shop\/","logo":{"@type":"ImageObject","inLanguage":"de-AT","@id":"https:\/\/audi-klaus.at\/shop\/#\/schema\/logo\/image\/","url":"https:\/\/audi-klaus.at\/shop\/wp-content\/uploads\/2024\/10\/Logo-Shop.webp","contentUrl":"https:\/\/audi-klaus.at\/shop\/wp-content\/uploads\/2024\/10\/Logo-Shop.webp","width":470,"height":164,"caption":"Audi-Klaus"},"image":{"@id":"https:\/\/audi-klaus.at\/shop\/#\/schema\/logo\/image\/"},"sameAs":["https:\/\/www.facebook.com\/audi.klaus.1312\/","https:\/\/www.instagram.com\/audi_klaus\/?igshid=1eca3qu2mdayg"]}]}},"_links":{"self":[{"href":"https:\/\/audi-klaus.at\/shop\/wp-json\/wp\/v2\/product\/18351","targetHints":{"allow":["GET"]}}],"collection":[{"href":"https:\/\/audi-klaus.at\/shop\/wp-json\/wp\/v2\/product"}],"about":[{"href":"https:\/\/audi-klaus.at\/shop\/wp-json\/wp\/v2\/types\/product"}],"wp:featuredmedia":[{"embeddable":true,"href":"https:\/\/audi-klaus.at\/shop\/wp-json\/wp\/v2\/media\/12475"}],"wp:attachment":[{"href":"https:\/\/audi-klaus.at\/shop\/wp-json\/wp\/v2\/media?parent=18351"}],"wp:term":[{"taxonomy":"product_brand","embeddable":true,"href":"https:\/\/audi-klaus.at\/shop\/wp-json\/wp\/v2\/product_brand?post=18351"},{"taxonomy":"product_cat","embeddable":true,"href":"https:\/\/audi-klaus.at\/shop\/wp-json\/wp\/v2\/product_cat?post=18351"},{"taxonomy":"product_tag","embeddable":true,"href":"https:\/\/audi-klaus.at\/shop\/wp-json\/wp\/v2\/product_tag?post=18351"}],"curies":[{"name":"wp","href":"https:\/\/api.w.org\/{rel}","templated":true}]}}