{"id":106012,"date":"2026-02-10T16:54:03","date_gmt":"2026-02-10T15:54:03","guid":{"rendered":"https:\/\/audi-klaus.at\/shop\/?post_type=product&#038;p=106012"},"modified":"2026-02-10T16:54:05","modified_gmt":"2026-02-10T15:54:05","slug":"vw-golf-jetta-cabrio-1-passat-santana-b1-b2-polo-scirocco-1-2-dichtung-ansauganlage-nos-036129717c","status":"publish","type":"product","link":"https:\/\/audi-klaus.at\/shop\/produkt\/vw-golf-jetta-cabrio-1-passat-santana-b1-b2-polo-scirocco-1-2-dichtung-ansauganlage-nos-036129717c\/","title":{"rendered":"Vw Golf\/Jetta\/Cabrio\/1\/Passat\/Santana\/B1\/B2\/Polo\/Scirocco\/1\/2 Dichtung Ansauganlage NOS 036129717C"},"content":{"rendered":"<h5 class=\"western\"><span style=\"color: #060606\"><span style=\"font-family: Verdana, serif\"><span style=\"font-size: small\"><b>VAG Teilenummer<\/b><\/span><\/span><\/span><span style=\"color: #060606\"><span style=\"font-family: Verdana, serif\"><span style=\"font-size: small\">: 036 129 717C<\/span><\/span><\/span><\/h5>\n<h5 class=\"western\"><span style=\"color: #060606\"><span style=\"font-family: Verdana, serif\"><span style=\"font-size: small\"><b>Zustand:<\/b><\/span><\/span><\/span><span style=\"color: #060606\"><span style=\"font-family: Verdana, serif\"><span style=\"font-size: small\">\u00a0<\/span><\/span><\/span><span style=\"color: #060606\"><span style=\"font-family: Verdana, serif\"><span style=\"font-size: small\"><span lang=\"de-DE\">NOS (New Old Stock \/ kann Lagerspuren aufweisen)<\/span><\/span><\/span><\/span><\/h5>\n<h5 class=\"western\"><span style=\"color: #060606\"><span style=\"font-family: Verdana, serif\"><span style=\"font-size: small\"><b>Lieferumfang:<\/b><\/span><\/span><\/span><span style=\"color: #060606\"><span style=\"font-family: Verdana, serif\"><span style=\"font-size: small\">\u00a0wie in den Original-Abbildungen angegeben<\/span><\/span><\/span><\/h5>\n<h5 class=\"western\"><span style=\"color: #060606\"><span style=\"font-family: Verdana, serif\"><span style=\"font-size: small\"><b>Hinweis:<\/b><\/span><\/span><\/span><span style=\"color: #060606\"><span style=\"font-family: Verdana, serif\"><span style=\"font-size: small\">\u00a0Bitte \u00fcberpr\u00fcfen Sie vor dem Kauf anhand der eindeutigen Teilenummern, ob der Artikel zum Fahrzeug passt, um R\u00fccksendungen zu vermeiden! Trotz Angabe der entsprechenden Fahrzeugdaten ist eine eindeutige Zuordnung nur \u00fcber die Teilenummer m\u00f6glich! Die abgelesene Teilenummer ist die Teilenummer des Teils, welches geliefert wird. Die Originalteilnummer ist diejenige, die bei Neubestellung f\u00fcr dieses Teil gilt und der m\u00f6glicherweise abweichenden, gelieferten Teilenummer entspricht. <\/span><\/span><\/span><\/h5>\n<h5 class=\"western\"><span style=\"color: #060606\"><span style=\"font-family: Verdana, serif\"><span style=\"font-size: small\"><span lang=\"de-DE\">Neu<\/span><\/span><\/span><\/span><span style=\"color: #060606\"><span style=\"font-family: Verdana, serif\"><span style=\"font-size: small\"> mit Gebrauchsspuren in Form von Verunreinigungen\/ kleinen Kratzern m\u00f6glich. Die Ware wird ungereinigt geliefert.<\/span><\/span><\/span><\/h5>\n<h5 class=\"western\"><span style=\"color: #060606\"><span style=\"font-family: Verdana, serif\"><span style=\"font-size: small\">Sollten weitere Fragen offen sein, kontaktieren Sie uns bitte unter<\/span><\/span><\/span><span style=\"color: #060606\"><span style=\"font-family: Verdana, serif\"><span style=\"font-size: small\"><u>\u00a0<\/u><\/span><\/span><\/span><a href=\"mailto:office@audi-klaus.at\"><span style=\"color: #0000ff\"><span style=\"font-family: Verdana, serif\"><span style=\"font-size: small\"><u>office@audi-klaus.at<\/u><\/span><\/span><\/span><\/a><\/h5>\n","protected":false},"excerpt":{"rendered":"<h5 class=\"western\"><strong><span style=\"color: #000000\"><span style=\"font-family: Source Sans Pro, serif\"><span style=\"font-size: x-large\"><b>Marke: Vw<br \/>\nModell: Golf\/Jetta\/Cabrio\/Passat\/Santana\/Polo\/Scirocco<br \/>\nTyp: 1\/B1\/B2\/2<\/b><\/span><\/span><\/span><\/strong><\/h5>\n<h5 class=\"western\"><strong><span style=\"color: #c9211e\"><span style=\"font-family: Source Sans Pro, serif\"><span style=\"font-size: large\">Motor: 1,1l\/1,3l<\/span><\/span><\/span><\/strong><\/h5>\n","protected":false},"featured_media":105982,"template":"","meta":[],"product_brand":[],"product_cat":[1201,1382,1204,1452,1164,1211,1462,1165,1212,1512,1166,1215,1632,1167,1216,1642,1170,1229,1722,1172,1230,1176,1238,1177,1270,1193,1350],"product_tag":[39394,39395,39396],"class_list":{"0":"post-106012","1":"product","2":"type-product","3":"status-publish","4":"has-post-thumbnail","6":"product_cat-1-155-1979-1993","7":"product_cat-abgas-1-161-1978-1987","8":"product_cat-1-161-1978-1987","9":"product_cat-abgas-1-53-1974-1981","10":"product_cat-vw","11":"product_cat-1-53-1974-1981","12":"product_cat-abgas-2-53b-1981-1992","13":"product_cat-golf","14":"product_cat-2-53b-1981-1992","15":"product_cat-abgas-2-86c-1981-1990","16":"product_cat-golf-cabrio","17":"product_cat-1-86-1975-1981","18":"product_cat-abgas-b1-32-1973-1977","19":"product_cat-jetta","20":"product_cat-2-86c-1981-1990","21":"product_cat-abgas-b2-32b-1980-1988","22":"product_cat-scirocco","23":"product_cat-b1-32-1973-1977","24":"product_cat-abgas-b2-1981","25":"product_cat-polo","26":"product_cat-b2-32b-1980-1988","27":"product_cat-passat","28":"product_cat-b2-1981","29":"product_cat-santana","30":"product_cat-abgas-1-171-1974-1985","31":"product_cat-1-171-1974-1985","32":"product_cat-abgas-1-155-1979-1993","33":"product_tag-036129717c","34":"product_tag-39395","35":"product_tag-ap232","37":"first","38":"instock","39":"taxable","40":"shipping-taxable","41":"purchasable","42":"product-type-simple"},"yoast_head":"<!-- This site is optimized with the Yoast SEO plugin v27.4 - https:\/\/yoast.com\/product\/yoast-seo-wordpress\/ -->\n<title>Vw Golf\/Jetta\/Cabrio\/1\/Passat\/Santana\/B1\/B2\/Polo\/Scirocco\/1\/2 Dichtung Ansauganlage NOS 036129717C - Audi-Klaus<\/title>\n<meta name=\"description\" content=\"Audi-Klaus Vw Golf\/Jetta\/Cabrio\/1\/Passat\/Santana\/B1\/B2\/Polo\/Scirocco\/1\/2 Dichtung Ansauganlage NOS 036129717C Vw Golf\/Jetta\/Cabrio\/1\/Passat\/Santana\/B1\/B2\/Polo\/Scirocco\/1\/2 Dichtung Ansauganlage NOS 036129717C\" \/>\n<meta name=\"robots\" content=\"index, follow, max-snippet:-1, max-image-preview:large, max-video-preview:-1\" \/>\n<link rel=\"canonical\" href=\"https:\/\/audi-klaus.at\/shop\/produkt\/vw-golf-jetta-cabrio-1-passat-santana-b1-b2-polo-scirocco-1-2-dichtung-ansauganlage-nos-036129717c\/\" \/>\n<meta property=\"og:locale\" content=\"de_DE\" \/>\n<meta property=\"og:type\" content=\"article\" \/>\n<meta property=\"og:title\" content=\"Vw Golf\/Jetta\/Cabrio\/1\/Passat\/Santana\/B1\/B2\/Polo\/Scirocco\/1\/2 Dichtung Ansauganlage NOS 036129717C - Audi-Klaus\" \/>\n<meta property=\"og:description\" content=\"Audi-Klaus Vw Golf\/Jetta\/Cabrio\/1\/Passat\/Santana\/B1\/B2\/Polo\/Scirocco\/1\/2 Dichtung Ansauganlage NOS 036129717C Vw Golf\/Jetta\/Cabrio\/1\/Passat\/Santana\/B1\/B2\/Polo\/Scirocco\/1\/2 Dichtung Ansauganlage NOS 036129717C\" \/>\n<meta property=\"og:url\" content=\"https:\/\/audi-klaus.at\/shop\/produkt\/vw-golf-jetta-cabrio-1-passat-santana-b1-b2-polo-scirocco-1-2-dichtung-ansauganlage-nos-036129717c\/\" \/>\n<meta property=\"og:site_name\" content=\"Audi-Klaus\" \/>\n<meta property=\"article:publisher\" content=\"https:\/\/www.facebook.com\/audi.klaus.1312\/\" \/>\n<meta property=\"article:modified_time\" content=\"2026-02-10T15:54:05+00:00\" \/>\n<meta property=\"og:image\" content=\"https:\/\/audi-klaus.at\/shop\/wp-content\/uploads\/2026\/02\/AP232.jpg\" \/>\n\t<meta property=\"og:image:width\" content=\"480\" \/>\n\t<meta property=\"og:image:height\" content=\"480\" \/>\n\t<meta property=\"og:image:type\" content=\"image\/jpeg\" \/>\n<meta name=\"twitter:card\" content=\"summary_large_image\" \/>\n<meta name=\"twitter:label1\" content=\"Gesch\u00e4tzte Lesezeit\" \/>\n\t<meta name=\"twitter:data1\" content=\"1 Minute\" \/>\n<script type=\"application\/ld+json\" class=\"yoast-schema-graph\">{\"@context\":\"https:\\\/\\\/schema.org\",\"@graph\":[{\"@type\":\"WebPage\",\"@id\":\"https:\\\/\\\/audi-klaus.at\\\/shop\\\/produkt\\\/vw-golf-jetta-cabrio-1-passat-santana-b1-b2-polo-scirocco-1-2-dichtung-ansauganlage-nos-036129717c\\\/\",\"url\":\"https:\\\/\\\/audi-klaus.at\\\/shop\\\/produkt\\\/vw-golf-jetta-cabrio-1-passat-santana-b1-b2-polo-scirocco-1-2-dichtung-ansauganlage-nos-036129717c\\\/\",\"name\":\"Vw Golf\\\/Jetta\\\/Cabrio\\\/1\\\/Passat\\\/Santana\\\/B1\\\/B2\\\/Polo\\\/Scirocco\\\/1\\\/2 Dichtung Ansauganlage NOS 036129717C - Audi-Klaus\",\"isPartOf\":{\"@id\":\"https:\\\/\\\/audi-klaus.at\\\/shop\\\/#website\"},\"primaryImageOfPage\":{\"@id\":\"https:\\\/\\\/audi-klaus.at\\\/shop\\\/produkt\\\/vw-golf-jetta-cabrio-1-passat-santana-b1-b2-polo-scirocco-1-2-dichtung-ansauganlage-nos-036129717c\\\/#primaryimage\"},\"image\":{\"@id\":\"https:\\\/\\\/audi-klaus.at\\\/shop\\\/produkt\\\/vw-golf-jetta-cabrio-1-passat-santana-b1-b2-polo-scirocco-1-2-dichtung-ansauganlage-nos-036129717c\\\/#primaryimage\"},\"thumbnailUrl\":\"https:\\\/\\\/audi-klaus.at\\\/shop\\\/wp-content\\\/uploads\\\/2026\\\/02\\\/AP232.jpg\",\"datePublished\":\"2026-02-10T15:54:03+00:00\",\"dateModified\":\"2026-02-10T15:54:05+00:00\",\"description\":\"Audi-Klaus Vw Golf\\\/Jetta\\\/Cabrio\\\/1\\\/Passat\\\/Santana\\\/B1\\\/B2\\\/Polo\\\/Scirocco\\\/1\\\/2 Dichtung Ansauganlage NOS 036129717C Vw Golf\\\/Jetta\\\/Cabrio\\\/1\\\/Passat\\\/Santana\\\/B1\\\/B2\\\/Polo\\\/Scirocco\\\/1\\\/2 Dichtung Ansauganlage NOS 036129717C\",\"breadcrumb\":{\"@id\":\"https:\\\/\\\/audi-klaus.at\\\/shop\\\/produkt\\\/vw-golf-jetta-cabrio-1-passat-santana-b1-b2-polo-scirocco-1-2-dichtung-ansauganlage-nos-036129717c\\\/#breadcrumb\"},\"inLanguage\":\"de-AT\",\"potentialAction\":[{\"@type\":\"ReadAction\",\"target\":[\"https:\\\/\\\/audi-klaus.at\\\/shop\\\/produkt\\\/vw-golf-jetta-cabrio-1-passat-santana-b1-b2-polo-scirocco-1-2-dichtung-ansauganlage-nos-036129717c\\\/\"]}]},{\"@type\":\"ImageObject\",\"inLanguage\":\"de-AT\",\"@id\":\"https:\\\/\\\/audi-klaus.at\\\/shop\\\/produkt\\\/vw-golf-jetta-cabrio-1-passat-santana-b1-b2-polo-scirocco-1-2-dichtung-ansauganlage-nos-036129717c\\\/#primaryimage\",\"url\":\"https:\\\/\\\/audi-klaus.at\\\/shop\\\/wp-content\\\/uploads\\\/2026\\\/02\\\/AP232.jpg\",\"contentUrl\":\"https:\\\/\\\/audi-klaus.at\\\/shop\\\/wp-content\\\/uploads\\\/2026\\\/02\\\/AP232.jpg\",\"width\":480,\"height\":480},{\"@type\":\"BreadcrumbList\",\"@id\":\"https:\\\/\\\/audi-klaus.at\\\/shop\\\/produkt\\\/vw-golf-jetta-cabrio-1-passat-santana-b1-b2-polo-scirocco-1-2-dichtung-ansauganlage-nos-036129717c\\\/#breadcrumb\",\"itemListElement\":[{\"@type\":\"ListItem\",\"position\":1,\"name\":\"Startseite\",\"item\":\"https:\\\/\\\/audi-klaus.at\\\/shop\\\/\"},{\"@type\":\"ListItem\",\"position\":2,\"name\":\"Shop\",\"item\":\"https:\\\/\\\/audi-klaus.at\\\/shop\\\/\"},{\"@type\":\"ListItem\",\"position\":3,\"name\":\"Vw Golf\\\/Jetta\\\/Cabrio\\\/1\\\/Passat\\\/Santana\\\/B1\\\/B2\\\/Polo\\\/Scirocco\\\/1\\\/2 Dichtung Ansauganlage NOS 036129717C\"}]},{\"@type\":\"WebSite\",\"@id\":\"https:\\\/\\\/audi-klaus.at\\\/shop\\\/#website\",\"url\":\"https:\\\/\\\/audi-klaus.at\\\/shop\\\/\",\"name\":\"Audi-Klaus\",\"description\":\"Ihr Gebrauchtteile Spezialist f\u00fcr die Marken Audi, VW (VAG)\",\"publisher\":{\"@id\":\"https:\\\/\\\/audi-klaus.at\\\/shop\\\/#organization\"},\"potentialAction\":[{\"@type\":\"SearchAction\",\"target\":{\"@type\":\"EntryPoint\",\"urlTemplate\":\"https:\\\/\\\/audi-klaus.at\\\/shop\\\/?s={search_term_string}\"},\"query-input\":{\"@type\":\"PropertyValueSpecification\",\"valueRequired\":true,\"valueName\":\"search_term_string\"}}],\"inLanguage\":\"de-AT\"},{\"@type\":\"Organization\",\"@id\":\"https:\\\/\\\/audi-klaus.at\\\/shop\\\/#organization\",\"name\":\"Audi-Klaus\",\"url\":\"https:\\\/\\\/audi-klaus.at\\\/shop\\\/\",\"logo\":{\"@type\":\"ImageObject\",\"inLanguage\":\"de-AT\",\"@id\":\"https:\\\/\\\/audi-klaus.at\\\/shop\\\/#\\\/schema\\\/logo\\\/image\\\/\",\"url\":\"https:\\\/\\\/audi-klaus.at\\\/shop\\\/wp-content\\\/uploads\\\/2024\\\/10\\\/Logo-Shop.webp\",\"contentUrl\":\"https:\\\/\\\/audi-klaus.at\\\/shop\\\/wp-content\\\/uploads\\\/2024\\\/10\\\/Logo-Shop.webp\",\"width\":470,\"height\":164,\"caption\":\"Audi-Klaus\"},\"image\":{\"@id\":\"https:\\\/\\\/audi-klaus.at\\\/shop\\\/#\\\/schema\\\/logo\\\/image\\\/\"},\"sameAs\":[\"https:\\\/\\\/www.facebook.com\\\/audi.klaus.1312\\\/\",\"https:\\\/\\\/www.instagram.com\\\/audi_klaus\\\/?igshid=1eca3qu2mdayg\"]}]}<\/script>\n<!-- \/ Yoast SEO plugin. -->","yoast_head_json":{"title":"Vw Golf\/Jetta\/Cabrio\/1\/Passat\/Santana\/B1\/B2\/Polo\/Scirocco\/1\/2 Dichtung Ansauganlage NOS 036129717C - Audi-Klaus","description":"Audi-Klaus Vw Golf\/Jetta\/Cabrio\/1\/Passat\/Santana\/B1\/B2\/Polo\/Scirocco\/1\/2 Dichtung Ansauganlage NOS 036129717C Vw Golf\/Jetta\/Cabrio\/1\/Passat\/Santana\/B1\/B2\/Polo\/Scirocco\/1\/2 Dichtung Ansauganlage NOS 036129717C","robots":{"index":"index","follow":"follow","max-snippet":"max-snippet:-1","max-image-preview":"max-image-preview:large","max-video-preview":"max-video-preview:-1"},"canonical":"https:\/\/audi-klaus.at\/shop\/produkt\/vw-golf-jetta-cabrio-1-passat-santana-b1-b2-polo-scirocco-1-2-dichtung-ansauganlage-nos-036129717c\/","og_locale":"de_DE","og_type":"article","og_title":"Vw Golf\/Jetta\/Cabrio\/1\/Passat\/Santana\/B1\/B2\/Polo\/Scirocco\/1\/2 Dichtung Ansauganlage NOS 036129717C - Audi-Klaus","og_description":"Audi-Klaus Vw Golf\/Jetta\/Cabrio\/1\/Passat\/Santana\/B1\/B2\/Polo\/Scirocco\/1\/2 Dichtung Ansauganlage NOS 036129717C Vw Golf\/Jetta\/Cabrio\/1\/Passat\/Santana\/B1\/B2\/Polo\/Scirocco\/1\/2 Dichtung Ansauganlage NOS 036129717C","og_url":"https:\/\/audi-klaus.at\/shop\/produkt\/vw-golf-jetta-cabrio-1-passat-santana-b1-b2-polo-scirocco-1-2-dichtung-ansauganlage-nos-036129717c\/","og_site_name":"Audi-Klaus","article_publisher":"https:\/\/www.facebook.com\/audi.klaus.1312\/","article_modified_time":"2026-02-10T15:54:05+00:00","og_image":[{"width":480,"height":480,"url":"https:\/\/audi-klaus.at\/shop\/wp-content\/uploads\/2026\/02\/AP232.jpg","type":"image\/jpeg"}],"twitter_card":"summary_large_image","twitter_misc":{"Gesch\u00e4tzte Lesezeit":"1 Minute"},"schema":{"@context":"https:\/\/schema.org","@graph":[{"@type":"WebPage","@id":"https:\/\/audi-klaus.at\/shop\/produkt\/vw-golf-jetta-cabrio-1-passat-santana-b1-b2-polo-scirocco-1-2-dichtung-ansauganlage-nos-036129717c\/","url":"https:\/\/audi-klaus.at\/shop\/produkt\/vw-golf-jetta-cabrio-1-passat-santana-b1-b2-polo-scirocco-1-2-dichtung-ansauganlage-nos-036129717c\/","name":"Vw Golf\/Jetta\/Cabrio\/1\/Passat\/Santana\/B1\/B2\/Polo\/Scirocco\/1\/2 Dichtung Ansauganlage NOS 036129717C - Audi-Klaus","isPartOf":{"@id":"https:\/\/audi-klaus.at\/shop\/#website"},"primaryImageOfPage":{"@id":"https:\/\/audi-klaus.at\/shop\/produkt\/vw-golf-jetta-cabrio-1-passat-santana-b1-b2-polo-scirocco-1-2-dichtung-ansauganlage-nos-036129717c\/#primaryimage"},"image":{"@id":"https:\/\/audi-klaus.at\/shop\/produkt\/vw-golf-jetta-cabrio-1-passat-santana-b1-b2-polo-scirocco-1-2-dichtung-ansauganlage-nos-036129717c\/#primaryimage"},"thumbnailUrl":"https:\/\/audi-klaus.at\/shop\/wp-content\/uploads\/2026\/02\/AP232.jpg","datePublished":"2026-02-10T15:54:03+00:00","dateModified":"2026-02-10T15:54:05+00:00","description":"Audi-Klaus Vw Golf\/Jetta\/Cabrio\/1\/Passat\/Santana\/B1\/B2\/Polo\/Scirocco\/1\/2 Dichtung Ansauganlage NOS 036129717C Vw Golf\/Jetta\/Cabrio\/1\/Passat\/Santana\/B1\/B2\/Polo\/Scirocco\/1\/2 Dichtung Ansauganlage NOS 036129717C","breadcrumb":{"@id":"https:\/\/audi-klaus.at\/shop\/produkt\/vw-golf-jetta-cabrio-1-passat-santana-b1-b2-polo-scirocco-1-2-dichtung-ansauganlage-nos-036129717c\/#breadcrumb"},"inLanguage":"de-AT","potentialAction":[{"@type":"ReadAction","target":["https:\/\/audi-klaus.at\/shop\/produkt\/vw-golf-jetta-cabrio-1-passat-santana-b1-b2-polo-scirocco-1-2-dichtung-ansauganlage-nos-036129717c\/"]}]},{"@type":"ImageObject","inLanguage":"de-AT","@id":"https:\/\/audi-klaus.at\/shop\/produkt\/vw-golf-jetta-cabrio-1-passat-santana-b1-b2-polo-scirocco-1-2-dichtung-ansauganlage-nos-036129717c\/#primaryimage","url":"https:\/\/audi-klaus.at\/shop\/wp-content\/uploads\/2026\/02\/AP232.jpg","contentUrl":"https:\/\/audi-klaus.at\/shop\/wp-content\/uploads\/2026\/02\/AP232.jpg","width":480,"height":480},{"@type":"BreadcrumbList","@id":"https:\/\/audi-klaus.at\/shop\/produkt\/vw-golf-jetta-cabrio-1-passat-santana-b1-b2-polo-scirocco-1-2-dichtung-ansauganlage-nos-036129717c\/#breadcrumb","itemListElement":[{"@type":"ListItem","position":1,"name":"Startseite","item":"https:\/\/audi-klaus.at\/shop\/"},{"@type":"ListItem","position":2,"name":"Shop","item":"https:\/\/audi-klaus.at\/shop\/"},{"@type":"ListItem","position":3,"name":"Vw Golf\/Jetta\/Cabrio\/1\/Passat\/Santana\/B1\/B2\/Polo\/Scirocco\/1\/2 Dichtung Ansauganlage NOS 036129717C"}]},{"@type":"WebSite","@id":"https:\/\/audi-klaus.at\/shop\/#website","url":"https:\/\/audi-klaus.at\/shop\/","name":"Audi-Klaus","description":"Ihr Gebrauchtteile Spezialist f\u00fcr die Marken Audi, VW (VAG)","publisher":{"@id":"https:\/\/audi-klaus.at\/shop\/#organization"},"potentialAction":[{"@type":"SearchAction","target":{"@type":"EntryPoint","urlTemplate":"https:\/\/audi-klaus.at\/shop\/?s={search_term_string}"},"query-input":{"@type":"PropertyValueSpecification","valueRequired":true,"valueName":"search_term_string"}}],"inLanguage":"de-AT"},{"@type":"Organization","@id":"https:\/\/audi-klaus.at\/shop\/#organization","name":"Audi-Klaus","url":"https:\/\/audi-klaus.at\/shop\/","logo":{"@type":"ImageObject","inLanguage":"de-AT","@id":"https:\/\/audi-klaus.at\/shop\/#\/schema\/logo\/image\/","url":"https:\/\/audi-klaus.at\/shop\/wp-content\/uploads\/2024\/10\/Logo-Shop.webp","contentUrl":"https:\/\/audi-klaus.at\/shop\/wp-content\/uploads\/2024\/10\/Logo-Shop.webp","width":470,"height":164,"caption":"Audi-Klaus"},"image":{"@id":"https:\/\/audi-klaus.at\/shop\/#\/schema\/logo\/image\/"},"sameAs":["https:\/\/www.facebook.com\/audi.klaus.1312\/","https:\/\/www.instagram.com\/audi_klaus\/?igshid=1eca3qu2mdayg"]}]}},"_links":{"self":[{"href":"https:\/\/audi-klaus.at\/shop\/wp-json\/wp\/v2\/product\/106012","targetHints":{"allow":["GET"]}}],"collection":[{"href":"https:\/\/audi-klaus.at\/shop\/wp-json\/wp\/v2\/product"}],"about":[{"href":"https:\/\/audi-klaus.at\/shop\/wp-json\/wp\/v2\/types\/product"}],"wp:featuredmedia":[{"embeddable":true,"href":"https:\/\/audi-klaus.at\/shop\/wp-json\/wp\/v2\/media\/105982"}],"wp:attachment":[{"href":"https:\/\/audi-klaus.at\/shop\/wp-json\/wp\/v2\/media?parent=106012"}],"wp:term":[{"taxonomy":"product_brand","embeddable":true,"href":"https:\/\/audi-klaus.at\/shop\/wp-json\/wp\/v2\/product_brand?post=106012"},{"taxonomy":"product_cat","embeddable":true,"href":"https:\/\/audi-klaus.at\/shop\/wp-json\/wp\/v2\/product_cat?post=106012"},{"taxonomy":"product_tag","embeddable":true,"href":"https:\/\/audi-klaus.at\/shop\/wp-json\/wp\/v2\/product_tag?post=106012"}],"curies":[{"name":"wp","href":"https:\/\/api.w.org\/{rel}","templated":true}]}}