{"id":35,"date":"2024-01-03T13:35:19","date_gmt":"2024-01-03T12:35:19","guid":{"rendered":"https:\/\/audi-klaus.at\/seite\/?page_id=35"},"modified":"2024-03-19T13:55:19","modified_gmt":"2024-03-19T12:55:19","slug":"kontakt","status":"publish","type":"page","link":"https:\/\/audi-klaus.at\/seite\/kontakt\/","title":{"rendered":"Kontakt"},"content":{"rendered":"\n<p><\/p>\n\n\n\n<h4 class=\"wp-block-heading has-text-align-center\"><strong>Ihr pers\u00f6nliches Anliegen liegt uns sehr am Herzen, darum z\u00f6gern Sie nicht uns zu kontaktieren<\/strong>.<\/h4>\n\n\n\n<p><\/p>\n\n\n\n<hr class=\"wp-block-separator has-alpha-channel-opacity is-style-wide\"\/>\n\n\n\n<div class=\"wp-block-columns are-vertically-aligned-center is-layout-flex wp-container-core-columns-is-layout-28f84493 wp-block-columns-is-layout-flex\">\n<div class=\"wp-block-column is-layout-flow wp-block-column-is-layout-flow\">\n<h4 class=\"wp-block-heading has-text-align-center\"><strong>Unsere Kontaktdaten:<\/strong><\/h4>\n\n\n\n<p class=\"has-text-align-center\">Audi-Klaus<br>KFZ Draxlbauer GmbH<\/p>\n\n\n\n<p class=\"has-text-align-center\"><strong>Lager:<\/strong><\/p>\n\n\n\n<p class=\"has-text-align-center\">Ein\u00f6dstra\u00dfe 35, A-8600 Bruck an der Mur<\/p>\n\n\n\n<p class=\"has-text-align-center\"><strong>Shop:<\/strong><\/p>\n\n\n\n<p class=\"has-text-align-center\">Niederdorf 55a,  A-8611 St. Katharein an der Laming<\/p>\n\n\n\n<p class=\"has-text-align-center\">Tel.: +43 676 \/ 79 42 409<br>E-Mail:&nbsp;<a href=\"mailto:office@audi-klaus.at?subject=Anfrage\">office@audi-klaus.at<\/a><\/p>\n\n\n\n<p><\/p>\n<\/div>\n\n\n\n<div class=\"wp-block-column is-layout-flow wp-block-column-is-layout-flow\">\n<h4 class=\"wp-block-heading has-text-align-center\"><strong>Unsere \u00d6ffnungszeiten:<\/strong><\/h4>\n\n\n\n<p class=\"has-text-align-center has-normal-font-size\">Montag: 9:00 &#8211; 18:00<\/p>\n\n\n\n<p class=\"has-text-align-center has-normal-font-size\">Dienstag: 9:00 &#8211; 18:00<\/p>\n\n\n\n<p class=\"has-text-align-center has-normal-font-size\">Mittwoch: 9:00 &#8211; 12:00<\/p>\n\n\n\n<p class=\"has-text-align-center has-normal-font-size\">Donnerstag: 9:00 &#8211; 18:00<\/p>\n\n\n\n<p class=\"has-text-align-center has-normal-font-size\">Freitag: 9:00 &#8211; 18:00<\/p>\n\n\n\n<p class=\"has-text-align-center has-normal-font-size\">Samstag: nach Vereinbarung<\/p>\n\n\n\n<p class=\"has-text-align-center has-normal-font-size\">Sonntag: geschlossen<\/p>\n<\/div>\n<\/div>\n\n\n<div class=\"wp-block-image\">\n<figure class=\"aligncenter size-full\"><img loading=\"lazy\" decoding=\"async\" width=\"700\" height=\"440\" src=\"https:\/\/audi-klaus.at\/seite\/wp-content\/uploads\/2024\/01\/Karte.png\" alt=\"\" class=\"wp-image-78\" srcset=\"https:\/\/audi-klaus.at\/seite\/wp-content\/uploads\/2024\/01\/Karte.png 700w, https:\/\/audi-klaus.at\/seite\/wp-content\/uploads\/2024\/01\/Karte-300x189.png 300w\" sizes=\"auto, (max-width: 700px) 100vw, 700px\" \/><\/figure>\n<\/div>","protected":false},"excerpt":{"rendered":"<p>Ihr pers\u00f6nliches Anliegen liegt uns sehr am Herzen, darum z\u00f6gern Sie nicht uns zu kontaktieren. Unsere Kontaktdaten: Audi-KlausKFZ Draxlbauer GmbH Lager: Ein\u00f6dstra\u00dfe 35, A-8600 Bruck an der Mur Shop: Niederdorf 55a, A-8611 St. Katharein an der Laming Tel.: +43 676 \/ 79 42 409E-Mail:&nbsp;office@audi-klaus.at Unsere \u00d6ffnungszeiten: Montag: 9:00 &#8211; 18:00 Dienstag: 9:00 &#8211; 18:00 Mittwoch: [&hellip;]<\/p>\n","protected":false},"author":1,"featured_media":0,"parent":0,"menu_order":6,"comment_status":"closed","ping_status":"closed","template":"","meta":{"footnotes":""},"class_list":["post-35","page","type-page","status-publish","hentry"],"yoast_head":"<!-- This site is optimized with the Yoast SEO plugin v27.5 - https:\/\/yoast.com\/product\/yoast-seo-wordpress\/ -->\n<title>Kontakt - Audi-Klaus<\/title>\n<meta name=\"description\" content=\"Audi-Klaus Kontakt - Audi-Klaus Kontakt\" \/>\n<meta name=\"robots\" content=\"index, follow, max-snippet:-1, max-image-preview:large, max-video-preview:-1\" \/>\n<link rel=\"canonical\" href=\"https:\/\/audi-klaus.at\/seite\/kontakt\/\" \/>\n<meta property=\"og:locale\" content=\"de_DE\" \/>\n<meta property=\"og:type\" content=\"article\" \/>\n<meta property=\"og:title\" content=\"Kontakt - Audi-Klaus\" \/>\n<meta property=\"og:description\" content=\"Audi-Klaus Kontakt - Audi-Klaus Kontakt\" \/>\n<meta property=\"og:url\" content=\"https:\/\/audi-klaus.at\/seite\/kontakt\/\" \/>\n<meta property=\"og:site_name\" content=\"Audi-Klaus\" \/>\n<meta property=\"article:modified_time\" content=\"2024-03-19T12:55:19+00:00\" \/>\n<meta property=\"og:image\" content=\"https:\/\/audi-klaus.at\/seite\/wp-content\/uploads\/2024\/01\/Karte.png\" \/>\n<meta name=\"twitter:card\" content=\"summary_large_image\" \/>\n<meta name=\"twitter:label1\" content=\"Gesch\u00e4tzte Lesezeit\" \/>\n\t<meta name=\"twitter:data1\" content=\"1\u00a0Minute\" \/>\n<script type=\"application\/ld+json\" class=\"yoast-schema-graph\">{\"@context\":\"https:\\\/\\\/schema.org\",\"@graph\":[{\"@type\":\"WebPage\",\"@id\":\"https:\\\/\\\/audi-klaus.at\\\/seite\\\/kontakt\\\/\",\"url\":\"https:\\\/\\\/audi-klaus.at\\\/seite\\\/kontakt\\\/\",\"name\":\"Kontakt - Audi-Klaus\",\"isPartOf\":{\"@id\":\"https:\\\/\\\/audi-klaus.at\\\/seite\\\/#website\"},\"primaryImageOfPage\":{\"@id\":\"https:\\\/\\\/audi-klaus.at\\\/seite\\\/kontakt\\\/#primaryimage\"},\"image\":{\"@id\":\"https:\\\/\\\/audi-klaus.at\\\/seite\\\/kontakt\\\/#primaryimage\"},\"thumbnailUrl\":\"https:\\\/\\\/audi-klaus.at\\\/seite\\\/wp-content\\\/uploads\\\/2024\\\/01\\\/Karte.png\",\"datePublished\":\"2024-01-03T12:35:19+00:00\",\"dateModified\":\"2024-03-19T12:55:19+00:00\",\"description\":\"Audi-Klaus Kontakt - Audi-Klaus Kontakt\",\"breadcrumb\":{\"@id\":\"https:\\\/\\\/audi-klaus.at\\\/seite\\\/kontakt\\\/#breadcrumb\"},\"inLanguage\":\"de\",\"potentialAction\":[{\"@type\":\"ReadAction\",\"target\":[\"https:\\\/\\\/audi-klaus.at\\\/seite\\\/kontakt\\\/\"]}]},{\"@type\":\"ImageObject\",\"inLanguage\":\"de\",\"@id\":\"https:\\\/\\\/audi-klaus.at\\\/seite\\\/kontakt\\\/#primaryimage\",\"url\":\"https:\\\/\\\/audi-klaus.at\\\/seite\\\/wp-content\\\/uploads\\\/2024\\\/01\\\/Karte.png\",\"contentUrl\":\"https:\\\/\\\/audi-klaus.at\\\/seite\\\/wp-content\\\/uploads\\\/2024\\\/01\\\/Karte.png\",\"width\":700,\"height\":440},{\"@type\":\"BreadcrumbList\",\"@id\":\"https:\\\/\\\/audi-klaus.at\\\/seite\\\/kontakt\\\/#breadcrumb\",\"itemListElement\":[{\"@type\":\"ListItem\",\"position\":1,\"name\":\"Startseite\",\"item\":\"https:\\\/\\\/audi-klaus.at\\\/seite\\\/\"},{\"@type\":\"ListItem\",\"position\":2,\"name\":\"Kontakt\"}]},{\"@type\":\"WebSite\",\"@id\":\"https:\\\/\\\/audi-klaus.at\\\/seite\\\/#website\",\"url\":\"https:\\\/\\\/audi-klaus.at\\\/seite\\\/\",\"name\":\"Audi-Klaus\",\"description\":\"Ihr Gebrauchtteile Spezialist f\u00fcr die Marken Audi \\\/ VW \\\/ Seat \\\/ Skoda (VAG)\",\"publisher\":{\"@id\":\"https:\\\/\\\/audi-klaus.at\\\/seite\\\/#organization\"},\"potentialAction\":[{\"@type\":\"SearchAction\",\"target\":{\"@type\":\"EntryPoint\",\"urlTemplate\":\"https:\\\/\\\/audi-klaus.at\\\/seite\\\/?s={search_term_string}\"},\"query-input\":{\"@type\":\"PropertyValueSpecification\",\"valueRequired\":true,\"valueName\":\"search_term_string\"}}],\"inLanguage\":\"de\"},{\"@type\":\"Organization\",\"@id\":\"https:\\\/\\\/audi-klaus.at\\\/seite\\\/#organization\",\"name\":\"Audi-Klaus\",\"url\":\"https:\\\/\\\/audi-klaus.at\\\/seite\\\/\",\"logo\":{\"@type\":\"ImageObject\",\"inLanguage\":\"de\",\"@id\":\"https:\\\/\\\/audi-klaus.at\\\/seite\\\/#\\\/schema\\\/logo\\\/image\\\/\",\"url\":\"https:\\\/\\\/audi-klaus.at\\\/seite\\\/wp-content\\\/uploads\\\/2024\\\/12\\\/cropped-Logo-Shop.webp\",\"contentUrl\":\"https:\\\/\\\/audi-klaus.at\\\/seite\\\/wp-content\\\/uploads\\\/2024\\\/12\\\/cropped-Logo-Shop.webp\",\"width\":470,\"height\":164,\"caption\":\"Audi-Klaus\"},\"image\":{\"@id\":\"https:\\\/\\\/audi-klaus.at\\\/seite\\\/#\\\/schema\\\/logo\\\/image\\\/\"}}]}<\/script>\n<!-- \/ Yoast SEO plugin. -->","yoast_head_json":{"title":"Kontakt - Audi-Klaus","description":"Audi-Klaus Kontakt - Audi-Klaus Kontakt","robots":{"index":"index","follow":"follow","max-snippet":"max-snippet:-1","max-image-preview":"max-image-preview:large","max-video-preview":"max-video-preview:-1"},"canonical":"https:\/\/audi-klaus.at\/seite\/kontakt\/","og_locale":"de_DE","og_type":"article","og_title":"Kontakt - Audi-Klaus","og_description":"Audi-Klaus Kontakt - Audi-Klaus Kontakt","og_url":"https:\/\/audi-klaus.at\/seite\/kontakt\/","og_site_name":"Audi-Klaus","article_modified_time":"2024-03-19T12:55:19+00:00","og_image":[{"url":"https:\/\/audi-klaus.at\/seite\/wp-content\/uploads\/2024\/01\/Karte.png","type":"","width":"","height":""}],"twitter_card":"summary_large_image","twitter_misc":{"Gesch\u00e4tzte Lesezeit":"1\u00a0Minute"},"schema":{"@context":"https:\/\/schema.org","@graph":[{"@type":"WebPage","@id":"https:\/\/audi-klaus.at\/seite\/kontakt\/","url":"https:\/\/audi-klaus.at\/seite\/kontakt\/","name":"Kontakt - Audi-Klaus","isPartOf":{"@id":"https:\/\/audi-klaus.at\/seite\/#website"},"primaryImageOfPage":{"@id":"https:\/\/audi-klaus.at\/seite\/kontakt\/#primaryimage"},"image":{"@id":"https:\/\/audi-klaus.at\/seite\/kontakt\/#primaryimage"},"thumbnailUrl":"https:\/\/audi-klaus.at\/seite\/wp-content\/uploads\/2024\/01\/Karte.png","datePublished":"2024-01-03T12:35:19+00:00","dateModified":"2024-03-19T12:55:19+00:00","description":"Audi-Klaus Kontakt - Audi-Klaus Kontakt","breadcrumb":{"@id":"https:\/\/audi-klaus.at\/seite\/kontakt\/#breadcrumb"},"inLanguage":"de","potentialAction":[{"@type":"ReadAction","target":["https:\/\/audi-klaus.at\/seite\/kontakt\/"]}]},{"@type":"ImageObject","inLanguage":"de","@id":"https:\/\/audi-klaus.at\/seite\/kontakt\/#primaryimage","url":"https:\/\/audi-klaus.at\/seite\/wp-content\/uploads\/2024\/01\/Karte.png","contentUrl":"https:\/\/audi-klaus.at\/seite\/wp-content\/uploads\/2024\/01\/Karte.png","width":700,"height":440},{"@type":"BreadcrumbList","@id":"https:\/\/audi-klaus.at\/seite\/kontakt\/#breadcrumb","itemListElement":[{"@type":"ListItem","position":1,"name":"Startseite","item":"https:\/\/audi-klaus.at\/seite\/"},{"@type":"ListItem","position":2,"name":"Kontakt"}]},{"@type":"WebSite","@id":"https:\/\/audi-klaus.at\/seite\/#website","url":"https:\/\/audi-klaus.at\/seite\/","name":"Audi-Klaus","description":"Ihr Gebrauchtteile Spezialist f\u00fcr die Marken Audi \/ VW \/ Seat \/ Skoda (VAG)","publisher":{"@id":"https:\/\/audi-klaus.at\/seite\/#organization"},"potentialAction":[{"@type":"SearchAction","target":{"@type":"EntryPoint","urlTemplate":"https:\/\/audi-klaus.at\/seite\/?s={search_term_string}"},"query-input":{"@type":"PropertyValueSpecification","valueRequired":true,"valueName":"search_term_string"}}],"inLanguage":"de"},{"@type":"Organization","@id":"https:\/\/audi-klaus.at\/seite\/#organization","name":"Audi-Klaus","url":"https:\/\/audi-klaus.at\/seite\/","logo":{"@type":"ImageObject","inLanguage":"de","@id":"https:\/\/audi-klaus.at\/seite\/#\/schema\/logo\/image\/","url":"https:\/\/audi-klaus.at\/seite\/wp-content\/uploads\/2024\/12\/cropped-Logo-Shop.webp","contentUrl":"https:\/\/audi-klaus.at\/seite\/wp-content\/uploads\/2024\/12\/cropped-Logo-Shop.webp","width":470,"height":164,"caption":"Audi-Klaus"},"image":{"@id":"https:\/\/audi-klaus.at\/seite\/#\/schema\/logo\/image\/"}}]}},"_links":{"self":[{"href":"https:\/\/audi-klaus.at\/seite\/wp-json\/wp\/v2\/pages\/35","targetHints":{"allow":["GET"]}}],"collection":[{"href":"https:\/\/audi-klaus.at\/seite\/wp-json\/wp\/v2\/pages"}],"about":[{"href":"https:\/\/audi-klaus.at\/seite\/wp-json\/wp\/v2\/types\/page"}],"author":[{"embeddable":true,"href":"https:\/\/audi-klaus.at\/seite\/wp-json\/wp\/v2\/users\/1"}],"replies":[{"embeddable":true,"href":"https:\/\/audi-klaus.at\/seite\/wp-json\/wp\/v2\/comments?post=35"}],"version-history":[{"count":0,"href":"https:\/\/audi-klaus.at\/seite\/wp-json\/wp\/v2\/pages\/35\/revisions"}],"wp:attachment":[{"href":"https:\/\/audi-klaus.at\/seite\/wp-json\/wp\/v2\/media?parent=35"}],"curies":[{"name":"wp","href":"https:\/\/api.w.org\/{rel}","templated":true}]}}

<p></p>



<h4 class="wp-block-heading has-text-align-center"><strong>Ihr persönliches Anliegen liegt uns sehr am Herzen, darum zögern Sie nicht uns zu kontaktieren</strong>.</h4>



<p></p>



<hr class="wp-block-separator has-alpha-channel-opacity is-style-wide"/>



<div class="wp-block-columns are-vertically-aligned-center is-layout-flex wp-container-core-columns-is-layout-28f84493 wp-block-columns-is-layout-flex">
<div class="wp-block-column is-layout-flow wp-block-column-is-layout-flow">
<h4 class="wp-block-heading has-text-align-center"><strong>Unsere Kontaktdaten:</strong></h4>



<p class="has-text-align-center">Audi-Klaus<br>KFZ Draxlbauer GmbH</p>



<p class="has-text-align-center"><strong>Lager:</strong></p>



<p class="has-text-align-center">Einödstraße 35, A-8600 Bruck an der Mur</p>



<p class="has-text-align-center"><strong>Shop:</strong></p>



<p class="has-text-align-center">Niederdorf 55a,  A-8611 St. Katharein an der Laming</p>



<p class="has-text-align-center">Tel.: +43 676 / 79 42 409<br>E-Mail:&nbsp;<a href="mailto:office@audi-klaus.at?subject=Anfrage">office@audi-klaus.at</a></p>



<p></p>
</div>



<div class="wp-block-column is-layout-flow wp-block-column-is-layout-flow">
<h4 class="wp-block-heading has-text-align-center"><strong>Unsere Öffnungszeiten:</strong></h4>



<p class="has-text-align-center has-normal-font-size">Montag: 9:00 &#8211; 18:00</p>



<p class="has-text-align-center has-normal-font-size">Dienstag: 9:00 &#8211; 18:00</p>



<p class="has-text-align-center has-normal-font-size">Mittwoch: 9:00 &#8211; 12:00</p>



<p class="has-text-align-center has-normal-font-size">Donnerstag: 9:00 &#8211; 18:00</p>



<p class="has-text-align-center has-normal-font-size">Freitag: 9:00 &#8211; 18:00</p>



<p class="has-text-align-center has-normal-font-size">Samstag: nach Vereinbarung</p>



<p class="has-text-align-center has-normal-font-size">Sonntag: geschlossen</p>
</div>
</div>


<div class="wp-block-image">
<figure class="aligncenter size-full"><img loading="lazy" decoding="async" width="700" height="440" src="https://audi-klaus.at/seite/wp-content/uploads/2024/01/Karte.png" alt="" class="wp-image-78" srcset="https://audi-klaus.at/seite/wp-content/uploads/2024/01/Karte.png 700w, https://audi-klaus.at/seite/wp-content/uploads/2024/01/Karte-300x189.png 300w" sizes="auto, (max-width: 700px) 100vw, 700px" /></figure>
</div>

<p>Ihr persönliches Anliegen liegt uns sehr am Herzen, darum zögern Sie nicht uns zu kontaktieren. Unsere Kontaktdaten: Audi-KlausKFZ Draxlbauer GmbH Lager: Einödstraße 35, A-8600 Bruck an der Mur Shop: Niederdorf 55a, A-8611 St. Katharein an der Laming Tel.: +43 676 / 79 42 409E-Mail:&nbsp;office@audi-klaus.at Unsere Öffnungszeiten: Montag: 9:00 &#8211; 18:00 Dienstag: 9:00 &#8211; 18:00 Mittwoch: [&hellip;]</p>

<!-- This site is optimized with the Yoast SEO plugin v27.5 - https://yoast.com/product/yoast-seo-wordpress/ -->
<title>Kontakt - Audi-Klaus</title>
<meta name="description" content="Audi-Klaus Kontakt - Audi-Klaus Kontakt" />
<meta name="robots" content="index, follow, max-snippet:-1, max-image-preview:large, max-video-preview:-1" />
<link rel="canonical" href="https://audi-klaus.at/seite/kontakt/" />
<meta property="og:locale" content="de_DE" />
<meta property="og:type" content="article" />
<meta property="og:title" content="Kontakt - Audi-Klaus" />
<meta property="og:description" content="Audi-Klaus Kontakt - Audi-Klaus Kontakt" />
<meta property="og:url" content="https://audi-klaus.at/seite/kontakt/" />
<meta property="og:site_name" content="Audi-Klaus" />
<meta property="article:modified_time" content="2024-03-19T12:55:19+00:00" />
<meta property="og:image" content="https://audi-klaus.at/seite/wp-content/uploads/2024/01/Karte.png" />
<meta name="twitter:card" content="summary_large_image" />
<meta name="twitter:label1" content="Geschätzte Lesezeit" />
	<meta name="twitter:data1" content="1 Minute" />
<script type="application/ld+json" class="yoast-schema-graph">{"@context":"https:\/\/schema.org","@graph":[{"@type":"WebPage","@id":"https:\/\/audi-klaus.at\/seite\/kontakt\/","url":"https:\/\/audi-klaus.at\/seite\/kontakt\/","name":"Kontakt - Audi-Klaus","isPartOf":{"@id":"https:\/\/audi-klaus.at\/seite\/#website"},"primaryImageOfPage":{"@id":"https:\/\/audi-klaus.at\/seite\/kontakt\/#primaryimage"},"image":{"@id":"https:\/\/audi-klaus.at\/seite\/kontakt\/#primaryimage"},"thumbnailUrl":"https:\/\/audi-klaus.at\/seite\/wp-content\/uploads\/2024\/01\/Karte.png","datePublished":"2024-01-03T12:35:19+00:00","dateModified":"2024-03-19T12:55:19+00:00","description":"Audi-Klaus Kontakt - Audi-Klaus Kontakt","breadcrumb":{"@id":"https:\/\/audi-klaus.at\/seite\/kontakt\/#breadcrumb"},"inLanguage":"de","potentialAction":[{"@type":"ReadAction","target":["https:\/\/audi-klaus.at\/seite\/kontakt\/"]}]},{"@type":"ImageObject","inLanguage":"de","@id":"https:\/\/audi-klaus.at\/seite\/kontakt\/#primaryimage","url":"https:\/\/audi-klaus.at\/seite\/wp-content\/uploads\/2024\/01\/Karte.png","contentUrl":"https:\/\/audi-klaus.at\/seite\/wp-content\/uploads\/2024\/01\/Karte.png","width":700,"height":440},{"@type":"BreadcrumbList","@id":"https:\/\/audi-klaus.at\/seite\/kontakt\/#breadcrumb","itemListElement":[{"@type":"ListItem","position":1,"name":"Startseite","item":"https:\/\/audi-klaus.at\/seite\/"},{"@type":"ListItem","position":2,"name":"Kontakt"}]},{"@type":"WebSite","@id":"https:\/\/audi-klaus.at\/seite\/#website","url":"https:\/\/audi-klaus.at\/seite\/","name":"Audi-Klaus","description":"Ihr Gebrauchtteile Spezialist für die Marken Audi \/ VW \/ Seat \/ Skoda (VAG)","publisher":{"@id":"https:\/\/audi-klaus.at\/seite\/#organization"},"potentialAction":[{"@type":"SearchAction","target":{"@type":"EntryPoint","urlTemplate":"https:\/\/audi-klaus.at\/seite\/?s={search_term_string}"},"query-input":{"@type":"PropertyValueSpecification","valueRequired":true,"valueName":"search_term_string"}}],"inLanguage":"de"},{"@type":"Organization","@id":"https:\/\/audi-klaus.at\/seite\/#organization","name":"Audi-Klaus","url":"https:\/\/audi-klaus.at\/seite\/","logo":{"@type":"ImageObject","inLanguage":"de","@id":"https:\/\/audi-klaus.at\/seite\/#\/schema\/logo\/image\/","url":"https:\/\/audi-klaus.at\/seite\/wp-content\/uploads\/2024\/12\/cropped-Logo-Shop.webp","contentUrl":"https:\/\/audi-klaus.at\/seite\/wp-content\/uploads\/2024\/12\/cropped-Logo-Shop.webp","width":470,"height":164,"caption":"Audi-Klaus"},"image":{"@id":"https:\/\/audi-klaus.at\/seite\/#\/schema\/logo\/image\/"}}]}</script>
<!-- / Yoast SEO plugin. -->

Ihr Gebrauchtteile Spezialist für die Marken Audi / VW / Seat / Skoda (VAG)
