{"id":315,"date":"2024-04-29T11:50:58","date_gmt":"2024-04-29T09:50:58","guid":{"rendered":"https:\/\/audi-klaus.at\/seite\/?page_id=315"},"modified":"2024-05-02T08:43:10","modified_gmt":"2024-05-02T06:43:10","slug":"flohmarkt-04-2024","status":"publish","type":"page","link":"https:\/\/audi-klaus.at\/seite\/flohmarkt-04-2024\/","title":{"rendered":"Flohmarkt 04\/2024"},"content":{"rendered":"\n<div style=\"height:30px\" aria-hidden=\"true\" class=\"wp-block-spacer\"><\/div>\n\n\n\n<h4 class=\"wp-block-heading has-text-align-center\"><strong>R\u00fcckblick 27.04.2024 CAR MEETING &amp; OLD AUDI TEILEFLOHMARKT<\/strong><\/h4>\n\n\n\n<div style=\"height:30px\" aria-hidden=\"true\" class=\"wp-block-spacer\"><\/div>\n\n\n\n<p>Vielen Dank an Michael Tieber von <a href=\"https:\/\/www.alltagsklassiker.at\" target=\"_blank\" rel=\"noreferrer noopener\">Alltagsklassiker.at<\/a> f\u00fcr den tollen Bericht \u00fcber unser CAR MEETING &amp; OLD AUDI TEILEFLOHMARKT. <\/p>\n\n\n\n<p>Hier der Link dazu: <a href=\"https:\/\/www.alltagsklassiker.at\/old-audi-teileflohmarkt-beim-audi-klaus\/\" target=\"_blank\" rel=\"noreferrer noopener\">https:\/\/www.alltagsklassiker.at\/old-audi-teileflohmarkt-beim-audi-klaus\/<\/a><\/p>\n\n\n\n<div style=\"height:30px\" aria-hidden=\"true\" class=\"wp-block-spacer\"><\/div>\n\n\n\n<figure class=\"wp-block-embed is-type-video is-provider-youtube wp-block-embed-youtube wp-embed-aspect-16-9 wp-has-aspect-ratio\"><div class=\"wp-block-embed__wrapper\">\n<iframe loading=\"lazy\" title=\"R\u00fcckblick  27.04.2024 CAR MEETING &amp; OLD AUDI TEILEFLOHMARKT\" width=\"980\" height=\"551\" src=\"https:\/\/www.youtube.com\/embed\/X8qJ_RZFn4s?feature=oembed\" frameborder=\"0\" allow=\"accelerometer; autoplay; clipboard-write; encrypted-media; gyroscope; picture-in-picture; web-share\" referrerpolicy=\"strict-origin-when-cross-origin\" allowfullscreen><\/iframe>\n<\/div><\/figure>\n\n\n\n<p><\/p>\n","protected":false},"excerpt":{"rendered":"<p>R\u00fcckblick 27.04.2024 CAR MEETING &amp; OLD AUDI TEILEFLOHMARKT Vielen Dank an Michael Tieber von Alltagsklassiker.at f\u00fcr den tollen Bericht \u00fcber unser CAR MEETING &amp; OLD AUDI TEILEFLOHMARKT. Hier der Link dazu: https:\/\/www.alltagsklassiker.at\/old-audi-teileflohmarkt-beim-audi-klaus\/<\/p>\n","protected":false},"author":1,"featured_media":0,"parent":0,"menu_order":0,"comment_status":"closed","ping_status":"closed","template":"","meta":{"footnotes":""},"class_list":["post-315","page","type-page","status-publish","hentry"],"yoast_head":"<!-- This site is optimized with the Yoast SEO plugin v27.4 - https:\/\/yoast.com\/product\/yoast-seo-wordpress\/ -->\n<title>Flohmarkt 04\/2024 - Audi-Klaus<\/title>\n<meta name=\"description\" content=\"Audi-Klaus Flohmarkt 04\/2024 flohmarkt-04-2024\" \/>\n<meta name=\"robots\" content=\"index, follow, max-snippet:-1, max-image-preview:large, max-video-preview:-1\" \/>\n<link rel=\"canonical\" href=\"https:\/\/audi-klaus.at\/seite\/flohmarkt-04-2024\/\" \/>\n<meta property=\"og:locale\" content=\"de_DE\" \/>\n<meta property=\"og:type\" content=\"article\" \/>\n<meta property=\"og:title\" content=\"Flohmarkt 04\/2024 - Audi-Klaus\" \/>\n<meta property=\"og:description\" content=\"Audi-Klaus Flohmarkt 04\/2024 flohmarkt-04-2024\" \/>\n<meta property=\"og:url\" content=\"https:\/\/audi-klaus.at\/seite\/flohmarkt-04-2024\/\" \/>\n<meta property=\"og:site_name\" content=\"Audi-Klaus\" \/>\n<meta property=\"article:modified_time\" content=\"2024-05-02T06:43:10+00:00\" \/>\n<meta name=\"twitter:card\" content=\"summary_large_image\" \/>\n<meta name=\"twitter:label1\" content=\"Gesch\u00e4tzte Lesezeit\" \/>\n\t<meta name=\"twitter:data1\" content=\"1\u00a0Minute\" \/>\n<script type=\"application\/ld+json\" class=\"yoast-schema-graph\">{\"@context\":\"https:\\\/\\\/schema.org\",\"@graph\":[{\"@type\":\"WebPage\",\"@id\":\"https:\\\/\\\/audi-klaus.at\\\/seite\\\/flohmarkt-04-2024\\\/\",\"url\":\"https:\\\/\\\/audi-klaus.at\\\/seite\\\/flohmarkt-04-2024\\\/\",\"name\":\"Flohmarkt 04\\\/2024 - Audi-Klaus\",\"isPartOf\":{\"@id\":\"https:\\\/\\\/audi-klaus.at\\\/seite\\\/#website\"},\"datePublished\":\"2024-04-29T09:50:58+00:00\",\"dateModified\":\"2024-05-02T06:43:10+00:00\",\"description\":\"Audi-Klaus Flohmarkt 04\\\/2024 flohmarkt-04-2024\",\"breadcrumb\":{\"@id\":\"https:\\\/\\\/audi-klaus.at\\\/seite\\\/flohmarkt-04-2024\\\/#breadcrumb\"},\"inLanguage\":\"de\",\"potentialAction\":[{\"@type\":\"ReadAction\",\"target\":[\"https:\\\/\\\/audi-klaus.at\\\/seite\\\/flohmarkt-04-2024\\\/\"]}]},{\"@type\":\"BreadcrumbList\",\"@id\":\"https:\\\/\\\/audi-klaus.at\\\/seite\\\/flohmarkt-04-2024\\\/#breadcrumb\",\"itemListElement\":[{\"@type\":\"ListItem\",\"position\":1,\"name\":\"Startseite\",\"item\":\"https:\\\/\\\/audi-klaus.at\\\/seite\\\/\"},{\"@type\":\"ListItem\",\"position\":2,\"name\":\"Flohmarkt 04\\\/2024\"}]},{\"@type\":\"WebSite\",\"@id\":\"https:\\\/\\\/audi-klaus.at\\\/seite\\\/#website\",\"url\":\"https:\\\/\\\/audi-klaus.at\\\/seite\\\/\",\"name\":\"Audi-Klaus\",\"description\":\"Ihr Gebrauchtteile Spezialist f\u00fcr die Marken Audi \\\/ VW \\\/ Seat \\\/ Skoda (VAG)\",\"publisher\":{\"@id\":\"https:\\\/\\\/audi-klaus.at\\\/seite\\\/#organization\"},\"potentialAction\":[{\"@type\":\"SearchAction\",\"target\":{\"@type\":\"EntryPoint\",\"urlTemplate\":\"https:\\\/\\\/audi-klaus.at\\\/seite\\\/?s={search_term_string}\"},\"query-input\":{\"@type\":\"PropertyValueSpecification\",\"valueRequired\":true,\"valueName\":\"search_term_string\"}}],\"inLanguage\":\"de\"},{\"@type\":\"Organization\",\"@id\":\"https:\\\/\\\/audi-klaus.at\\\/seite\\\/#organization\",\"name\":\"Audi-Klaus\",\"url\":\"https:\\\/\\\/audi-klaus.at\\\/seite\\\/\",\"logo\":{\"@type\":\"ImageObject\",\"inLanguage\":\"de\",\"@id\":\"https:\\\/\\\/audi-klaus.at\\\/seite\\\/#\\\/schema\\\/logo\\\/image\\\/\",\"url\":\"https:\\\/\\\/audi-klaus.at\\\/seite\\\/wp-content\\\/uploads\\\/2024\\\/12\\\/cropped-Logo-Shop.webp\",\"contentUrl\":\"https:\\\/\\\/audi-klaus.at\\\/seite\\\/wp-content\\\/uploads\\\/2024\\\/12\\\/cropped-Logo-Shop.webp\",\"width\":470,\"height\":164,\"caption\":\"Audi-Klaus\"},\"image\":{\"@id\":\"https:\\\/\\\/audi-klaus.at\\\/seite\\\/#\\\/schema\\\/logo\\\/image\\\/\"}}]}<\/script>\n<!-- \/ Yoast SEO plugin. -->","yoast_head_json":{"title":"Flohmarkt 04\/2024 - Audi-Klaus","description":"Audi-Klaus Flohmarkt 04\/2024 flohmarkt-04-2024","robots":{"index":"index","follow":"follow","max-snippet":"max-snippet:-1","max-image-preview":"max-image-preview:large","max-video-preview":"max-video-preview:-1"},"canonical":"https:\/\/audi-klaus.at\/seite\/flohmarkt-04-2024\/","og_locale":"de_DE","og_type":"article","og_title":"Flohmarkt 04\/2024 - Audi-Klaus","og_description":"Audi-Klaus Flohmarkt 04\/2024 flohmarkt-04-2024","og_url":"https:\/\/audi-klaus.at\/seite\/flohmarkt-04-2024\/","og_site_name":"Audi-Klaus","article_modified_time":"2024-05-02T06:43:10+00:00","twitter_card":"summary_large_image","twitter_misc":{"Gesch\u00e4tzte Lesezeit":"1\u00a0Minute"},"schema":{"@context":"https:\/\/schema.org","@graph":[{"@type":"WebPage","@id":"https:\/\/audi-klaus.at\/seite\/flohmarkt-04-2024\/","url":"https:\/\/audi-klaus.at\/seite\/flohmarkt-04-2024\/","name":"Flohmarkt 04\/2024 - Audi-Klaus","isPartOf":{"@id":"https:\/\/audi-klaus.at\/seite\/#website"},"datePublished":"2024-04-29T09:50:58+00:00","dateModified":"2024-05-02T06:43:10+00:00","description":"Audi-Klaus Flohmarkt 04\/2024 flohmarkt-04-2024","breadcrumb":{"@id":"https:\/\/audi-klaus.at\/seite\/flohmarkt-04-2024\/#breadcrumb"},"inLanguage":"de","potentialAction":[{"@type":"ReadAction","target":["https:\/\/audi-klaus.at\/seite\/flohmarkt-04-2024\/"]}]},{"@type":"BreadcrumbList","@id":"https:\/\/audi-klaus.at\/seite\/flohmarkt-04-2024\/#breadcrumb","itemListElement":[{"@type":"ListItem","position":1,"name":"Startseite","item":"https:\/\/audi-klaus.at\/seite\/"},{"@type":"ListItem","position":2,"name":"Flohmarkt 04\/2024"}]},{"@type":"WebSite","@id":"https:\/\/audi-klaus.at\/seite\/#website","url":"https:\/\/audi-klaus.at\/seite\/","name":"Audi-Klaus","description":"Ihr Gebrauchtteile Spezialist f\u00fcr die Marken Audi \/ VW \/ Seat \/ Skoda (VAG)","publisher":{"@id":"https:\/\/audi-klaus.at\/seite\/#organization"},"potentialAction":[{"@type":"SearchAction","target":{"@type":"EntryPoint","urlTemplate":"https:\/\/audi-klaus.at\/seite\/?s={search_term_string}"},"query-input":{"@type":"PropertyValueSpecification","valueRequired":true,"valueName":"search_term_string"}}],"inLanguage":"de"},{"@type":"Organization","@id":"https:\/\/audi-klaus.at\/seite\/#organization","name":"Audi-Klaus","url":"https:\/\/audi-klaus.at\/seite\/","logo":{"@type":"ImageObject","inLanguage":"de","@id":"https:\/\/audi-klaus.at\/seite\/#\/schema\/logo\/image\/","url":"https:\/\/audi-klaus.at\/seite\/wp-content\/uploads\/2024\/12\/cropped-Logo-Shop.webp","contentUrl":"https:\/\/audi-klaus.at\/seite\/wp-content\/uploads\/2024\/12\/cropped-Logo-Shop.webp","width":470,"height":164,"caption":"Audi-Klaus"},"image":{"@id":"https:\/\/audi-klaus.at\/seite\/#\/schema\/logo\/image\/"}}]}},"_links":{"self":[{"href":"https:\/\/audi-klaus.at\/seite\/wp-json\/wp\/v2\/pages\/315","targetHints":{"allow":["GET"]}}],"collection":[{"href":"https:\/\/audi-klaus.at\/seite\/wp-json\/wp\/v2\/pages"}],"about":[{"href":"https:\/\/audi-klaus.at\/seite\/wp-json\/wp\/v2\/types\/page"}],"author":[{"embeddable":true,"href":"https:\/\/audi-klaus.at\/seite\/wp-json\/wp\/v2\/users\/1"}],"replies":[{"embeddable":true,"href":"https:\/\/audi-klaus.at\/seite\/wp-json\/wp\/v2\/comments?post=315"}],"version-history":[{"count":0,"href":"https:\/\/audi-klaus.at\/seite\/wp-json\/wp\/v2\/pages\/315\/revisions"}],"wp:attachment":[{"href":"https:\/\/audi-klaus.at\/seite\/wp-json\/wp\/v2\/media?parent=315"}],"curies":[{"name":"wp","href":"https:\/\/api.w.org\/{rel}","templated":true}]}}

<div style="height:30px" aria-hidden="true" class="wp-block-spacer"></div>



<h4 class="wp-block-heading has-text-align-center"><strong>Rückblick 27.04.2024 CAR MEETING &amp; OLD AUDI TEILEFLOHMARKT</strong></h4>



<div style="height:30px" aria-hidden="true" class="wp-block-spacer"></div>



<p>Vielen Dank an Michael Tieber von <a href="https://www.alltagsklassiker.at" target="_blank" rel="noreferrer noopener">Alltagsklassiker.at</a> für den tollen Bericht über unser CAR MEETING &amp; OLD AUDI TEILEFLOHMARKT. </p>



<p>Hier der Link dazu: <a href="https://www.alltagsklassiker.at/old-audi-teileflohmarkt-beim-audi-klaus/" target="_blank" rel="noreferrer noopener">https://www.alltagsklassiker.at/old-audi-teileflohmarkt-beim-audi-klaus/</a></p>



<div style="height:30px" aria-hidden="true" class="wp-block-spacer"></div>



<figure class="wp-block-embed is-type-video is-provider-youtube wp-block-embed-youtube wp-embed-aspect-16-9 wp-has-aspect-ratio"><div class="wp-block-embed__wrapper">
<iframe loading="lazy" title="Rückblick  27.04.2024 CAR MEETING &amp; OLD AUDI TEILEFLOHMARKT" width="980" height="551" src="https://www.youtube.com/embed/X8qJ_RZFn4s?feature=oembed" frameborder="0" allow="accelerometer; autoplay; clipboard-write; encrypted-media; gyroscope; picture-in-picture; web-share" referrerpolicy="strict-origin-when-cross-origin" allowfullscreen></iframe>
</div></figure>



<p></p>

<p>Rückblick 27.04.2024 CAR MEETING &amp; OLD AUDI TEILEFLOHMARKT Vielen Dank an Michael Tieber von Alltagsklassiker.at für den tollen Bericht über unser CAR MEETING &amp; OLD AUDI TEILEFLOHMARKT. Hier der Link dazu: https://www.alltagsklassiker.at/old-audi-teileflohmarkt-beim-audi-klaus/</p>

<!-- This site is optimized with the Yoast SEO plugin v27.4 - https://yoast.com/product/yoast-seo-wordpress/ -->
<title>Flohmarkt 04/2024 - Audi-Klaus</title>
<meta name="description" content="Audi-Klaus Flohmarkt 04/2024 flohmarkt-04-2024" />
<meta name="robots" content="index, follow, max-snippet:-1, max-image-preview:large, max-video-preview:-1" />
<link rel="canonical" href="https://audi-klaus.at/seite/flohmarkt-04-2024/" />
<meta property="og:locale" content="de_DE" />
<meta property="og:type" content="article" />
<meta property="og:title" content="Flohmarkt 04/2024 - Audi-Klaus" />
<meta property="og:description" content="Audi-Klaus Flohmarkt 04/2024 flohmarkt-04-2024" />
<meta property="og:url" content="https://audi-klaus.at/seite/flohmarkt-04-2024/" />
<meta property="og:site_name" content="Audi-Klaus" />
<meta property="article:modified_time" content="2024-05-02T06:43:10+00:00" />
<meta name="twitter:card" content="summary_large_image" />
<meta name="twitter:label1" content="Geschätzte Lesezeit" />
	<meta name="twitter:data1" content="1 Minute" />
<script type="application/ld+json" class="yoast-schema-graph">{"@context":"https:\/\/schema.org","@graph":[{"@type":"WebPage","@id":"https:\/\/audi-klaus.at\/seite\/flohmarkt-04-2024\/","url":"https:\/\/audi-klaus.at\/seite\/flohmarkt-04-2024\/","name":"Flohmarkt 04\/2024 - Audi-Klaus","isPartOf":{"@id":"https:\/\/audi-klaus.at\/seite\/#website"},"datePublished":"2024-04-29T09:50:58+00:00","dateModified":"2024-05-02T06:43:10+00:00","description":"Audi-Klaus Flohmarkt 04\/2024 flohmarkt-04-2024","breadcrumb":{"@id":"https:\/\/audi-klaus.at\/seite\/flohmarkt-04-2024\/#breadcrumb"},"inLanguage":"de","potentialAction":[{"@type":"ReadAction","target":["https:\/\/audi-klaus.at\/seite\/flohmarkt-04-2024\/"]}]},{"@type":"BreadcrumbList","@id":"https:\/\/audi-klaus.at\/seite\/flohmarkt-04-2024\/#breadcrumb","itemListElement":[{"@type":"ListItem","position":1,"name":"Startseite","item":"https:\/\/audi-klaus.at\/seite\/"},{"@type":"ListItem","position":2,"name":"Flohmarkt 04\/2024"}]},{"@type":"WebSite","@id":"https:\/\/audi-klaus.at\/seite\/#website","url":"https:\/\/audi-klaus.at\/seite\/","name":"Audi-Klaus","description":"Ihr Gebrauchtteile Spezialist für die Marken Audi \/ VW \/ Seat \/ Skoda (VAG)","publisher":{"@id":"https:\/\/audi-klaus.at\/seite\/#organization"},"potentialAction":[{"@type":"SearchAction","target":{"@type":"EntryPoint","urlTemplate":"https:\/\/audi-klaus.at\/seite\/?s={search_term_string}"},"query-input":{"@type":"PropertyValueSpecification","valueRequired":true,"valueName":"search_term_string"}}],"inLanguage":"de"},{"@type":"Organization","@id":"https:\/\/audi-klaus.at\/seite\/#organization","name":"Audi-Klaus","url":"https:\/\/audi-klaus.at\/seite\/","logo":{"@type":"ImageObject","inLanguage":"de","@id":"https:\/\/audi-klaus.at\/seite\/#\/schema\/logo\/image\/","url":"https:\/\/audi-klaus.at\/seite\/wp-content\/uploads\/2024\/12\/cropped-Logo-Shop.webp","contentUrl":"https:\/\/audi-klaus.at\/seite\/wp-content\/uploads\/2024\/12\/cropped-Logo-Shop.webp","width":470,"height":164,"caption":"Audi-Klaus"},"image":{"@id":"https:\/\/audi-klaus.at\/seite\/#\/schema\/logo\/image\/"}}]}</script>
<!-- / Yoast SEO plugin. -->

Ihr Gebrauchtteile Spezialist für die Marken Audi / VW / Seat / Skoda (VAG)
