{"id":19,"date":"2024-01-03T13:28:23","date_gmt":"2024-01-03T12:28:23","guid":{"rendered":"https:\/\/audi-klaus.at\/seite\/?page_id=19"},"modified":"2026-04-16T14:01:44","modified_gmt":"2026-04-16T12:01:44","slug":"startseite","status":"publish","type":"page","link":"https:\/\/audi-klaus.at\/seite\/","title":{"rendered":"Startseite"},"content":{"rendered":"\n<p><\/p>\n\n\n<div class=\"n2-section-smartslider fitvidsignore  n2_clear\" data-ssid=\"2\"><div id=\"n2-ss-2-align\" class=\"n2-ss-align\"><div class=\"n2-padding\"><div id=\"n2-ss-2\" data-creator=\"Smart Slider 3\" data-responsive=\"auto\" class=\"n2-ss-slider n2-ow n2-has-hover n2notransition  \">\n        <div class=\"n2-ss-slider-1 n2_ss__touch_element n2-ow\">\n            <div class=\"n2-ss-slider-2 n2-ow\">\n                                                <div class=\"n2-ss-slider-3 n2-ow\">\n\n                    <div class=\"n2-ss-slide-backgrounds n2-ow-all\"><div class=\"n2-ss-slide-background\" data-public-id=\"1\" data-mode=\"fill\"><div class=\"n2-ss-slide-background-image\" data-blur=\"0\" data-opacity=\"100\" data-x=\"50\" data-y=\"50\" data-alt=\"\" data-title=\"\"><picture class=\"skip-lazy\" data-skip-lazy=\"1\"><img decoding=\"async\" src=\"\/\/audi-klaus.at\/seite\/wp-content\/uploads\/slider2\/Classics-80-25.jpeg\" alt=\"\" title=\"\" loading=\"lazy\" class=\"skip-lazy\" data-skip-lazy=\"1\"><\/picture><\/div><div data-color=\"RGBA(255,255,255,0)\" style=\"background-color: RGBA(255,255,255,0);\" class=\"n2-ss-slide-background-color\"><\/div><\/div><div class=\"n2-ss-slide-background\" data-public-id=\"2\" data-mode=\"fill\" aria-hidden=\"true\"><div class=\"n2-ss-slide-background-image\" data-blur=\"0\" data-opacity=\"100\" data-x=\"50\" data-y=\"50\" data-alt=\"\" data-title=\"\"><picture class=\"skip-lazy\" data-skip-lazy=\"1\"><img decoding=\"async\" src=\"\/\/audi-klaus.at\/seite\/wp-content\/uploads\/slider2\/Classics-80-025.jpeg\" alt=\"\" title=\"\" loading=\"lazy\" class=\"skip-lazy\" data-skip-lazy=\"1\"><\/picture><\/div><div data-color=\"RGBA(255,255,255,0)\" style=\"background-color: RGBA(255,255,255,0);\" class=\"n2-ss-slide-background-color\"><\/div><\/div><div class=\"n2-ss-slide-background\" data-public-id=\"3\" data-mode=\"fill\" aria-hidden=\"true\"><div class=\"n2-ss-slide-background-image\" data-blur=\"0\" data-opacity=\"100\" data-x=\"50\" data-y=\"50\" data-alt=\"\" data-title=\"\"><picture class=\"skip-lazy\" data-skip-lazy=\"1\"><img decoding=\"async\" src=\"\/\/audi-klaus.at\/seite\/wp-content\/uploads\/2024\/12\/Sarah-3.jpg\" alt=\"\" title=\"\" loading=\"lazy\" class=\"skip-lazy\" data-skip-lazy=\"1\"><\/picture><\/div><div data-color=\"RGBA(255,255,255,0)\" style=\"background-color: RGBA(255,255,255,0);\" class=\"n2-ss-slide-background-color\"><\/div><\/div><div class=\"n2-ss-slide-background\" data-public-id=\"4\" data-mode=\"fill\" aria-hidden=\"true\"><div class=\"n2-ss-slide-background-image\" data-blur=\"0\" data-opacity=\"100\" data-x=\"50\" data-y=\"50\" data-alt=\"\" data-title=\"\"><picture class=\"skip-lazy\" data-skip-lazy=\"1\"><img decoding=\"async\" src=\"\/\/audi-klaus.at\/seite\/wp-content\/uploads\/2024\/10\/AutoHalle.webp\" alt=\"\" title=\"\" loading=\"lazy\" class=\"skip-lazy\" data-skip-lazy=\"1\"><\/picture><\/div><div data-color=\"RGBA(255,255,255,0)\" style=\"background-color: RGBA(255,255,255,0);\" class=\"n2-ss-slide-background-color\"><\/div><\/div><div class=\"n2-ss-slide-background\" data-public-id=\"5\" data-mode=\"fill\" aria-hidden=\"true\"><div class=\"n2-ss-slide-background-image\" data-blur=\"0\" data-opacity=\"100\" data-x=\"50\" data-y=\"50\" data-alt=\"\" data-title=\"\"><picture class=\"skip-lazy\" data-skip-lazy=\"1\"><img decoding=\"async\" src=\"\/\/audi-klaus.at\/seite\/wp-content\/uploads\/2024\/01\/1.jpg\" alt=\"\" title=\"\" loading=\"lazy\" class=\"skip-lazy\" data-skip-lazy=\"1\"><\/picture><\/div><div data-color=\"RGBA(255,255,255,0)\" style=\"background-color: RGBA(255,255,255,0);\" class=\"n2-ss-slide-background-color\"><\/div><\/div><div class=\"n2-ss-slide-background\" data-public-id=\"6\" data-mode=\"fill\" aria-hidden=\"true\"><div class=\"n2-ss-slide-background-image\" data-blur=\"0\" data-opacity=\"100\" data-x=\"50\" data-y=\"50\" data-alt=\"\" data-title=\"\"><picture class=\"skip-lazy\" data-skip-lazy=\"1\"><img decoding=\"async\" src=\"\/\/audi-klaus.at\/seite\/wp-content\/uploads\/2024\/01\/4.png\" alt=\"\" title=\"\" loading=\"lazy\" class=\"skip-lazy\" data-skip-lazy=\"1\"><\/picture><\/div><div data-color=\"RGBA(255,255,255,0)\" style=\"background-color: RGBA(255,255,255,0);\" class=\"n2-ss-slide-background-color\"><\/div><\/div><\/div>                    <div class=\"n2-ss-slider-4 n2-ow\">\n                        <svg xmlns=\"http:\/\/www.w3.org\/2000\/svg\" viewBox=\"0 0 950 291\" data-related-device=\"desktopPortrait\" class=\"n2-ow n2-ss-preserve-size n2-ss-preserve-size--slider n2-ss-slide-limiter\"><\/svg><div data-first=\"1\" data-slide-duration=\"0\" data-id=\"23\" data-slide-public-id=\"1\" data-title=\"Classics-80-25\" class=\"n2-ss-slide n2-ow  n2-ss-slide-23\"><div role=\"note\" class=\"n2-ss-slide--focus\" tabindex=\"-1\">Classics-80-25<\/div><div class=\"n2-ss-layers-container n2-ss-slide-limiter n2-ow\"><div class=\"n2-ss-layer n2-ow n-uc-ag3QCcOMgtdG\" data-sstype=\"slide\" data-pm=\"default\"><\/div><\/div><\/div><div data-slide-duration=\"0\" data-id=\"24\" data-slide-public-id=\"2\" aria-hidden=\"true\" data-title=\"Classics-80-025\" class=\"n2-ss-slide n2-ow  n2-ss-slide-24\"><div role=\"note\" class=\"n2-ss-slide--focus\" tabindex=\"-1\">Classics-80-025<\/div><div class=\"n2-ss-layers-container n2-ss-slide-limiter n2-ow\"><div class=\"n2-ss-layer n2-ow n-uc-8LluUWfcTvDC\" data-sstype=\"slide\" data-pm=\"default\"><\/div><\/div><\/div><div data-slide-duration=\"0\" data-id=\"21\" data-slide-public-id=\"3\" aria-hidden=\"true\" data-title=\"default\" class=\"n2-ss-slide n2-ow  n2-ss-slide-21\"><div role=\"note\" class=\"n2-ss-slide--focus\" tabindex=\"-1\">default<\/div><div class=\"n2-ss-layers-container n2-ss-slide-limiter n2-ow\"><div class=\"n2-ss-layer n2-ow n-uc-Av0OplRvs8gv\" data-sstype=\"slide\" data-pm=\"default\"><\/div><\/div><\/div><div data-slide-duration=\"0\" data-id=\"15\" data-slide-public-id=\"4\" aria-hidden=\"true\" data-title=\"AutoHalle\" class=\"n2-ss-slide n2-ow  n2-ss-slide-15\"><div role=\"note\" class=\"n2-ss-slide--focus\" tabindex=\"-1\">AutoHalle<\/div><div class=\"n2-ss-layers-container n2-ss-slide-limiter n2-ow\"><div class=\"n2-ss-layer n2-ow n-uc-f00jF2oHRPCc\" data-sstype=\"slide\" data-pm=\"default\"><\/div><\/div><\/div><div data-slide-duration=\"0\" data-id=\"3\" data-slide-public-id=\"5\" aria-hidden=\"true\" data-title=\"1\" class=\"n2-ss-slide n2-ow  n2-ss-slide-3\"><div role=\"note\" class=\"n2-ss-slide--focus\" tabindex=\"-1\">1<\/div><div class=\"n2-ss-layers-container n2-ss-slide-limiter n2-ow\"><div class=\"n2-ss-layer n2-ow n-uc-LCd1jtVjsoGQ\" data-sstype=\"slide\" data-pm=\"default\"><\/div><\/div><\/div><div data-slide-duration=\"0\" data-id=\"6\" data-slide-public-id=\"6\" aria-hidden=\"true\" data-title=\"4\" class=\"n2-ss-slide n2-ow  n2-ss-slide-6\"><div role=\"note\" class=\"n2-ss-slide--focus\" tabindex=\"-1\">4<\/div><div class=\"n2-ss-layers-container n2-ss-slide-limiter n2-ow\"><div class=\"n2-ss-layer n2-ow n-uc-6PxbrgMUHttu\" data-sstype=\"slide\" data-pm=\"default\"><\/div><\/div><\/div>                    <\/div>\n\n                                    <\/div>\n            <\/div>\n        <\/div>\n        <\/div><ss3-loader><\/ss3-loader><\/div><\/div><div class=\"n2_clear\"><\/div><\/div>\n\n    <style>\n        .ak-info-banner {\n            overflow: hidden;\n            position: relative;\n            background: #f2f2f2;\n            border: 1px solid #e0e0e0;\n            padding: 12px 0 12px 8px;\n            margin-bottom: 24px;\n            font-size: 15px;\n            color: #333333;\n        }\n\n        .ak-info-banner::before {\n            content: '';\n            position: absolute;\n            left: 0;\n            top: 0;\n            width: 6px;\n            height: 100%;\n            background-color: #b30000;\n        }\n\n        .ak-info-banner-inner {\n            display: inline-block;\n            white-space: nowrap;\n            padding-left: 100%;\n            animation: ak-slide 30s linear infinite;\n        }\n\n        @keyframes ak-slide {\n            from { transform: translateX(0); }\n            to   { transform: translateX(-100%); }\n        }\n\n        .ak-info-banner strong {\n            font-weight: 600;\n            color: #2b2b2b;\n        }\n\n        \/* Mobile Optimierung *\/\n        @media (max-width: 768px) {\n            .ak-info-banner-inner {\n                animation: none;\n                padding-left: 0;\n                display: block;\n                white-space: normal;\n                text-align: center;\n                font-size: 13px;\n                line-height: 1.4;\n            }\n\n            .ak-line {\n                display: block;\n                margin-bottom: 4px;\n            }\n\n            .ak-line:last-child {\n                margin-bottom: 0;\n            }\n        }\n    <\/style>\n\n    <div class=\"ak-info-banner\">\n        <div class=\"ak-info-banner-inner\">\n            <span class=\"ak-line\">\n                <strong>Jetzt neu: Click & Collect f\u00fcr \u00d6sterreich!<\/strong>\n            <\/span>\n            <span class=\"ak-line\">\n                Keine Lieferzeit und keine Liefergeb\u00fchren. F\u00fcr angrenzende L\u00e4nder auf Anfrage.\n            <\/span>\n        <\/div>\n    <\/div>\n    \n\n\n<div class=\"wp-block-image\">\n<figure class=\"aligncenter size-full\"><a href=\"https:\/\/whatsapp.com\/channel\/0029VbDIWX14dTnLKXjjik0t\" target=\"_blank\" rel=\" noreferrer noopener\"><img loading=\"lazy\" decoding=\"async\" width=\"739\" height=\"66\" src=\"https:\/\/audi-klaus.at\/seite\/wp-content\/uploads\/2025\/12\/WhatsApp-Kanal-3.png\" alt=\"\" class=\"wp-image-549\" srcset=\"https:\/\/audi-klaus.at\/seite\/wp-content\/uploads\/2025\/12\/WhatsApp-Kanal-3.png 739w, https:\/\/audi-klaus.at\/seite\/wp-content\/uploads\/2025\/12\/WhatsApp-Kanal-3-300x27.png 300w\" sizes=\"auto, (max-width: 739px) 100vw, 739px\" \/><\/a><\/figure>\n<\/div>\n\n\n<div class=\"wp-block-columns is-layout-flex wp-container-core-columns-is-layout-28f84493 wp-block-columns-is-layout-flex\">\n<div class=\"wp-block-column is-vertically-aligned-center is-layout-flow wp-block-column-is-layout-flow\"><\/div>\n<\/div>\n\n\n\n<p>Wer einen etwas \u00e4lteren Audi oder VW f\u00e4hrt, der sollte das Zitat &#8222;<strong>Entfallen ohne Ersatz<\/strong>&#8220; schon mal wo geh\u00f6rt haben.<br>Aus diesem Grund haben wir es uns zur Aufgabe gemacht, gebrauchte Fahrzeuge zu verwerten und die gut&nbsp;erhaltenen Ersatzteile zu sammeln.<\/p>\n\n\n\n<div class=\"wp-block-group\"><div class=\"wp-block-group__inner-container is-layout-constrained wp-block-group-is-layout-constrained\">\n<p>Mittlerweile sind wir zu einem sagenhaft gro\u00dfen Bestand an haupts\u00e4chlich Audi (aber aufgrund der Branchen zusammengeh\u00f6rigkeit auch Seat, Skoda und VW) Teilen gekommen.<\/p>\n<\/div><\/div>\n\n\n\n<p>Bei uns finden Sie Autoteile von <strong>A(uspuff)<\/strong> bis <strong>Z(\u00fcndschloss)<\/strong> in Originalteil-Qualit\u00e4t zu einem erschwinglichen Preis.<\/p>\n\n\n\n<p>Weiters kaufen wir Lageraufl\u00f6sungen und Fahrzeuge an!<\/p>\n\n\n\n<p>Besuchen Sie unseren Onlineshop oder melden Sie sich direkt telefonisch unter&nbsp;<strong>+43 676 \/ 79 42 409<\/strong>, und wir helfen<br>Ihnen gerne weiter!<\/p>\n","protected":false},"excerpt":{"rendered":"<p>Wer einen etwas \u00e4lteren Audi oder VW f\u00e4hrt, der sollte das Zitat &#8222;Entfallen ohne Ersatz&#8220; schon mal wo geh\u00f6rt haben.Aus diesem Grund haben wir es uns zur Aufgabe gemacht, gebrauchte Fahrzeuge zu verwerten und die gut&nbsp;erhaltenen Ersatzteile zu sammeln. Mittlerweile sind wir zu einem sagenhaft gro\u00dfen Bestand an haupts\u00e4chlich Audi (aber aufgrund der Branchen zusammengeh\u00f6rigkeit [&hellip;]<\/p>\n","protected":false},"author":1,"featured_media":0,"parent":0,"menu_order":0,"comment_status":"closed","ping_status":"closed","template":"","meta":{"footnotes":""},"class_list":["post-19","page","type-page","status-publish","hentry"],"yoast_head":"<!-- This site is optimized with the Yoast SEO plugin v27.5 - https:\/\/yoast.com\/product\/yoast-seo-wordpress\/ -->\n<title>Startseite - Audi-Klaus<\/title>\n<meta name=\"description\" content=\"- Audi-Klaus Ihr Gebrauchtteile Spezialist f\u00fcr die Marken Audi \/ VW \/ Seat \/ Skoda (VAG) Startseite\" \/>\n<meta name=\"robots\" content=\"index, follow, max-snippet:-1, max-image-preview:large, max-video-preview:-1\" \/>\n<link rel=\"canonical\" href=\"https:\/\/audi-klaus.at\/seite\/\" \/>\n<meta property=\"og:locale\" content=\"de_DE\" \/>\n<meta property=\"og:type\" content=\"article\" \/>\n<meta property=\"og:title\" content=\"Startseite - Audi-Klaus\" \/>\n<meta property=\"og:description\" content=\"- Audi-Klaus Ihr Gebrauchtteile Spezialist f\u00fcr die Marken Audi \/ VW \/ Seat \/ Skoda (VAG) Startseite\" \/>\n<meta property=\"og:url\" content=\"https:\/\/audi-klaus.at\/seite\/\" \/>\n<meta property=\"og:site_name\" content=\"Audi-Klaus\" \/>\n<meta property=\"article:modified_time\" content=\"2026-04-16T12:01:44+00:00\" \/>\n<meta property=\"og:image\" content=\"https:\/\/audi-klaus.at\/seite\/wp-content\/uploads\/2025\/12\/WhatsApp-Kanal-3.png\" \/>\n<meta name=\"twitter:card\" content=\"summary_large_image\" \/>\n<meta name=\"twitter:label1\" content=\"Gesch\u00e4tzte Lesezeit\" \/>\n\t<meta name=\"twitter:data1\" content=\"1\u00a0Minute\" \/>\n<script type=\"application\/ld+json\" class=\"yoast-schema-graph\">{\"@context\":\"https:\\\/\\\/schema.org\",\"@graph\":[{\"@type\":\"WebPage\",\"@id\":\"https:\\\/\\\/audi-klaus.at\\\/seite\\\/\",\"url\":\"https:\\\/\\\/audi-klaus.at\\\/seite\\\/\",\"name\":\"Startseite - Audi-Klaus\",\"isPartOf\":{\"@id\":\"https:\\\/\\\/audi-klaus.at\\\/seite\\\/#website\"},\"primaryImageOfPage\":{\"@id\":\"https:\\\/\\\/audi-klaus.at\\\/seite\\\/#primaryimage\"},\"image\":{\"@id\":\"https:\\\/\\\/audi-klaus.at\\\/seite\\\/#primaryimage\"},\"thumbnailUrl\":\"https:\\\/\\\/audi-klaus.at\\\/seite\\\/wp-content\\\/uploads\\\/2025\\\/12\\\/WhatsApp-Kanal-3.png\",\"datePublished\":\"2024-01-03T12:28:23+00:00\",\"dateModified\":\"2026-04-16T12:01:44+00:00\",\"description\":\"- Audi-Klaus Ihr Gebrauchtteile Spezialist f\u00fcr die Marken Audi \\\/ VW \\\/ Seat \\\/ Skoda (VAG) Startseite\",\"breadcrumb\":{\"@id\":\"https:\\\/\\\/audi-klaus.at\\\/seite\\\/#breadcrumb\"},\"inLanguage\":\"de\",\"potentialAction\":[{\"@type\":\"ReadAction\",\"target\":[\"https:\\\/\\\/audi-klaus.at\\\/seite\\\/\"]}]},{\"@type\":\"ImageObject\",\"inLanguage\":\"de\",\"@id\":\"https:\\\/\\\/audi-klaus.at\\\/seite\\\/#primaryimage\",\"url\":\"https:\\\/\\\/audi-klaus.at\\\/seite\\\/wp-content\\\/uploads\\\/2025\\\/12\\\/WhatsApp-Kanal-3.png\",\"contentUrl\":\"https:\\\/\\\/audi-klaus.at\\\/seite\\\/wp-content\\\/uploads\\\/2025\\\/12\\\/WhatsApp-Kanal-3.png\",\"width\":739,\"height\":66},{\"@type\":\"BreadcrumbList\",\"@id\":\"https:\\\/\\\/audi-klaus.at\\\/seite\\\/#breadcrumb\",\"itemListElement\":[{\"@type\":\"ListItem\",\"position\":1,\"name\":\"Startseite\",\"item\":\"https:\\\/\\\/audi-klaus.at\\\/seite\\\/\"},{\"@type\":\"ListItem\",\"position\":2,\"name\":\"Startseite\"}]},{\"@type\":\"WebSite\",\"@id\":\"https:\\\/\\\/audi-klaus.at\\\/seite\\\/#website\",\"url\":\"https:\\\/\\\/audi-klaus.at\\\/seite\\\/\",\"name\":\"Audi-Klaus\",\"description\":\"Ihr Gebrauchtteile Spezialist f\u00fcr die Marken Audi \\\/ VW \\\/ Seat \\\/ Skoda (VAG)\",\"publisher\":{\"@id\":\"https:\\\/\\\/audi-klaus.at\\\/seite\\\/#organization\"},\"potentialAction\":[{\"@type\":\"SearchAction\",\"target\":{\"@type\":\"EntryPoint\",\"urlTemplate\":\"https:\\\/\\\/audi-klaus.at\\\/seite\\\/?s={search_term_string}\"},\"query-input\":{\"@type\":\"PropertyValueSpecification\",\"valueRequired\":true,\"valueName\":\"search_term_string\"}}],\"inLanguage\":\"de\"},{\"@type\":\"Organization\",\"@id\":\"https:\\\/\\\/audi-klaus.at\\\/seite\\\/#organization\",\"name\":\"Audi-Klaus\",\"url\":\"https:\\\/\\\/audi-klaus.at\\\/seite\\\/\",\"logo\":{\"@type\":\"ImageObject\",\"inLanguage\":\"de\",\"@id\":\"https:\\\/\\\/audi-klaus.at\\\/seite\\\/#\\\/schema\\\/logo\\\/image\\\/\",\"url\":\"https:\\\/\\\/audi-klaus.at\\\/seite\\\/wp-content\\\/uploads\\\/2024\\\/12\\\/cropped-Logo-Shop.webp\",\"contentUrl\":\"https:\\\/\\\/audi-klaus.at\\\/seite\\\/wp-content\\\/uploads\\\/2024\\\/12\\\/cropped-Logo-Shop.webp\",\"width\":470,\"height\":164,\"caption\":\"Audi-Klaus\"},\"image\":{\"@id\":\"https:\\\/\\\/audi-klaus.at\\\/seite\\\/#\\\/schema\\\/logo\\\/image\\\/\"}}]}<\/script>\n<!-- \/ Yoast SEO plugin. -->","yoast_head_json":{"title":"Startseite - Audi-Klaus","description":"- Audi-Klaus Ihr Gebrauchtteile Spezialist f\u00fcr die Marken Audi \/ VW \/ Seat \/ Skoda (VAG) Startseite","robots":{"index":"index","follow":"follow","max-snippet":"max-snippet:-1","max-image-preview":"max-image-preview:large","max-video-preview":"max-video-preview:-1"},"canonical":"https:\/\/audi-klaus.at\/seite\/","og_locale":"de_DE","og_type":"article","og_title":"Startseite - Audi-Klaus","og_description":"- Audi-Klaus Ihr Gebrauchtteile Spezialist f\u00fcr die Marken Audi \/ VW \/ Seat \/ Skoda (VAG) Startseite","og_url":"https:\/\/audi-klaus.at\/seite\/","og_site_name":"Audi-Klaus","article_modified_time":"2026-04-16T12:01:44+00:00","og_image":[{"url":"https:\/\/audi-klaus.at\/seite\/wp-content\/uploads\/2025\/12\/WhatsApp-Kanal-3.png","type":"","width":"","height":""}],"twitter_card":"summary_large_image","twitter_misc":{"Gesch\u00e4tzte Lesezeit":"1\u00a0Minute"},"schema":{"@context":"https:\/\/schema.org","@graph":[{"@type":"WebPage","@id":"https:\/\/audi-klaus.at\/seite\/","url":"https:\/\/audi-klaus.at\/seite\/","name":"Startseite - Audi-Klaus","isPartOf":{"@id":"https:\/\/audi-klaus.at\/seite\/#website"},"primaryImageOfPage":{"@id":"https:\/\/audi-klaus.at\/seite\/#primaryimage"},"image":{"@id":"https:\/\/audi-klaus.at\/seite\/#primaryimage"},"thumbnailUrl":"https:\/\/audi-klaus.at\/seite\/wp-content\/uploads\/2025\/12\/WhatsApp-Kanal-3.png","datePublished":"2024-01-03T12:28:23+00:00","dateModified":"2026-04-16T12:01:44+00:00","description":"- Audi-Klaus Ihr Gebrauchtteile Spezialist f\u00fcr die Marken Audi \/ VW \/ Seat \/ Skoda (VAG) Startseite","breadcrumb":{"@id":"https:\/\/audi-klaus.at\/seite\/#breadcrumb"},"inLanguage":"de","potentialAction":[{"@type":"ReadAction","target":["https:\/\/audi-klaus.at\/seite\/"]}]},{"@type":"ImageObject","inLanguage":"de","@id":"https:\/\/audi-klaus.at\/seite\/#primaryimage","url":"https:\/\/audi-klaus.at\/seite\/wp-content\/uploads\/2025\/12\/WhatsApp-Kanal-3.png","contentUrl":"https:\/\/audi-klaus.at\/seite\/wp-content\/uploads\/2025\/12\/WhatsApp-Kanal-3.png","width":739,"height":66},{"@type":"BreadcrumbList","@id":"https:\/\/audi-klaus.at\/seite\/#breadcrumb","itemListElement":[{"@type":"ListItem","position":1,"name":"Startseite","item":"https:\/\/audi-klaus.at\/seite\/"},{"@type":"ListItem","position":2,"name":"Startseite"}]},{"@type":"WebSite","@id":"https:\/\/audi-klaus.at\/seite\/#website","url":"https:\/\/audi-klaus.at\/seite\/","name":"Audi-Klaus","description":"Ihr Gebrauchtteile Spezialist f\u00fcr die Marken Audi \/ VW \/ Seat \/ Skoda (VAG)","publisher":{"@id":"https:\/\/audi-klaus.at\/seite\/#organization"},"potentialAction":[{"@type":"SearchAction","target":{"@type":"EntryPoint","urlTemplate":"https:\/\/audi-klaus.at\/seite\/?s={search_term_string}"},"query-input":{"@type":"PropertyValueSpecification","valueRequired":true,"valueName":"search_term_string"}}],"inLanguage":"de"},{"@type":"Organization","@id":"https:\/\/audi-klaus.at\/seite\/#organization","name":"Audi-Klaus","url":"https:\/\/audi-klaus.at\/seite\/","logo":{"@type":"ImageObject","inLanguage":"de","@id":"https:\/\/audi-klaus.at\/seite\/#\/schema\/logo\/image\/","url":"https:\/\/audi-klaus.at\/seite\/wp-content\/uploads\/2024\/12\/cropped-Logo-Shop.webp","contentUrl":"https:\/\/audi-klaus.at\/seite\/wp-content\/uploads\/2024\/12\/cropped-Logo-Shop.webp","width":470,"height":164,"caption":"Audi-Klaus"},"image":{"@id":"https:\/\/audi-klaus.at\/seite\/#\/schema\/logo\/image\/"}}]}},"_links":{"self":[{"href":"https:\/\/audi-klaus.at\/seite\/wp-json\/wp\/v2\/pages\/19","targetHints":{"allow":["GET"]}}],"collection":[{"href":"https:\/\/audi-klaus.at\/seite\/wp-json\/wp\/v2\/pages"}],"about":[{"href":"https:\/\/audi-klaus.at\/seite\/wp-json\/wp\/v2\/types\/page"}],"author":[{"embeddable":true,"href":"https:\/\/audi-klaus.at\/seite\/wp-json\/wp\/v2\/users\/1"}],"replies":[{"embeddable":true,"href":"https:\/\/audi-klaus.at\/seite\/wp-json\/wp\/v2\/comments?post=19"}],"version-history":[{"count":2,"href":"https:\/\/audi-klaus.at\/seite\/wp-json\/wp\/v2\/pages\/19\/revisions"}],"predecessor-version":[{"id":623,"href":"https:\/\/audi-klaus.at\/seite\/wp-json\/wp\/v2\/pages\/19\/revisions\/623"}],"wp:attachment":[{"href":"https:\/\/audi-klaus.at\/seite\/wp-json\/wp\/v2\/media?parent=19"}],"curies":[{"name":"wp","href":"https:\/\/api.w.org\/{rel}","templated":true}]}}